
{"id":34324,"date":"2025-11-10T15:45:21","date_gmt":"2025-11-10T13:45:21","guid":{"rendered":"https:\/\/ticsalutsocial.atoom.space\/event\/jornada-transformant-latencio-al-pacient-critic-a-catalunya-model-lleida-alt-pirineu-i-aran\/"},"modified":"2025-11-10T15:50:56","modified_gmt":"2025-11-10T13:50:56","slug":"jornada-transformant-latencio-al-pacient-critic-a-catalunya-model-lleida-alt-pirineu-i-aran","status":"publish","type":"event","link":"https:\/\/ticsalutsocial.atoom.space\/es\/event\/jornada-transformant-latencio-al-pacient-critic-a-catalunya-model-lleida-alt-pirineu-i-aran\/","title":{"rendered":"Jornada transformando la atenci\u00f3n al paciente cr\u00edtico en Catalu\u00f1a. Modelo Lleida &#8211; Alt Pirineu y Aran"},"content":{"rendered":"\n<p>El pr\u00f3ximo <strong>jueves 27 de noviembre<\/strong> tendr\u00e1 lugar en el <strong>Hospital Universitario Arnau de Vilanova<\/strong> la <strong>Jornada \u201cTransformando la atenci\u00f3n al paciente cr\u00edtico en Catalu\u00f1a. Modelo Lleida &#8211; Alt Pirineu y Aran\u201d<\/strong>.<br>Durante la sesi\u00f3n se presentar\u00e1 el modelo de atenci\u00f3n al paciente cr\u00edtico en el Sistema de Salud, que se materializa a trav\u00e9s del proyecto <strong>Critic.CAT<\/strong>, coordinado desde la <strong>Fundaci\u00f3 TIC Salut i Social<\/strong>.<br>El proyecto tiene como objetivo mejorar la prestaci\u00f3n del servicio de cuidados intensivos en todo el territorio catal\u00e1n mediante un modelo asistencial basado en herramientas digitales.<br>Durante la jornada tambi\u00e9n se presentar\u00e1 su despliegue territorial en las regiones sanitarias de <strong>Lleida<\/strong> y <strong>Alt Pirineu i Aran<\/strong>.<\/p>\n\n\n\n<p>Encontrar\u00e9is aqu\u00ed el <strong><a href=\"https:\/\/assistentsactes.salut.gencat.cat\/documents\/actes\/document_acte_287_1762516836_690ddf645f073.pdf\" target=\"_blank\" rel=\"noreferrer noopener\">programa de la jornada<\/a><\/strong>.<\/p>\n\n\n\n<p><strong>Inscripciones<\/strong> abiertas hasta el <strong>25 de noviembre<\/strong> a trav\u00e9s de <strong><a href=\"https:\/\/assistentsactes.salut.gencat.cat\/actes\/287\/formulari\" target=\"_blank\" rel=\"noreferrer noopener\">este formulario<\/a><\/strong>.<\/p>\n","protected":false},"featured_media":0,"menu_order":0,"template":"","meta":{"_acf_changed":false,"inline_featured_image":false},"tipus":[725],"topic":[117],"class_list":["post-34324","event","type-event","status-publish","hentry","tipus-proyectos","topic-jornadas"],"acf":{"imatge":34322,"informacio":{"ubicacio":"Sala d'actes de l'Hospital Universitari Arnau de Vilanova","data":"27\/11\/2025","hora":"9:15h a 14:00h","preu":"","inscripcions":"https:\/\/assistentsactes.salut.gencat.cat\/actes\/287\/formulari"},"programa":{"titol":"","items":false},"documents":false},"yoast_head":"<!-- This site is optimized with the Yoast SEO plugin v27.1.1 - https:\/\/yoast.com\/product\/yoast-seo-wordpress\/ -->\n<title>Jornada transformando la atenci\u00f3n al paciente cr\u00edtico en Catalu\u00f1a. Modelo Lleida - Alt Pirineu y Aran - Fundaci\u00f3 TIC Salut i Social<\/title>\n<meta name=\"robots\" content=\"index, follow, max-snippet:-1, max-image-preview:large, max-video-preview:-1\" \/>\n<link rel=\"canonical\" href=\"https:\/\/ticsalutsocial.atoom.space\/es\/event\/jornada-transformant-latencio-al-pacient-critic-a-catalunya-model-lleida-alt-pirineu-i-aran\/\" \/>\n<meta property=\"og:locale\" content=\"es_ES\" \/>\n<meta property=\"og:type\" content=\"article\" \/>\n<meta property=\"og:title\" content=\"Jornada transformando la atenci\u00f3n al paciente cr\u00edtico en Catalu\u00f1a. Modelo Lleida - Alt Pirineu y Aran - Fundaci\u00f3 TIC Salut i Social\" \/>\n<meta property=\"og:description\" content=\"El pr\u00f3ximo jueves 27 de noviembre tendr\u00e1 lugar en el Hospital Universitario Arnau de Vilanova la Jornada \u201cTransformando la atenci\u00f3n al paciente cr\u00edtico en Catalu\u00f1a. Modelo Lleida &#8211; Alt Pirineu y Aran\u201d.Durante la sesi\u00f3n se presentar\u00e1 el modelo de atenci\u00f3n al paciente cr\u00edtico en el Sistema de Salud, que se materializa a trav\u00e9s del proyecto [&hellip;]\" \/>\n<meta property=\"og:url\" content=\"https:\/\/ticsalutsocial.atoom.space\/es\/event\/jornada-transformant-latencio-al-pacient-critic-a-catalunya-model-lleida-alt-pirineu-i-aran\/\" \/>\n<meta property=\"og:site_name\" content=\"Fundaci\u00f3 TIC Salut i Social\" \/>\n<meta property=\"article:modified_time\" content=\"2025-11-10T13:50:56+00:00\" \/>\n<meta name=\"twitter:card\" content=\"summary_large_image\" \/>\n<meta name=\"twitter:label1\" content=\"Tiempo de lectura\" \/>\n\t<meta name=\"twitter:data1\" content=\"1 minuto\" \/>\n<script type=\"application\/ld+json\" class=\"yoast-schema-graph\">{\"@context\":\"https:\/\/schema.org\",\"@graph\":[{\"@type\":\"WebPage\",\"@id\":\"https:\/\/ticsalutsocial.atoom.space\/es\/event\/jornada-transformant-latencio-al-pacient-critic-a-catalunya-model-lleida-alt-pirineu-i-aran\/\",\"url\":\"https:\/\/ticsalutsocial.atoom.space\/es\/event\/jornada-transformant-latencio-al-pacient-critic-a-catalunya-model-lleida-alt-pirineu-i-aran\/\",\"name\":\"Jornada transformando la atenci\u00f3n al paciente cr\u00edtico en Catalu\u00f1a. Modelo Lleida - Alt Pirineu y Aran - Fundaci\u00f3 TIC Salut i Social\",\"isPartOf\":{\"@id\":\"https:\/\/ticsalutsocial.atoom.space\/es\/#website\"},\"datePublished\":\"2025-11-10T13:45:21+00:00\",\"dateModified\":\"2025-11-10T13:50:56+00:00\",\"breadcrumb\":{\"@id\":\"https:\/\/ticsalutsocial.atoom.space\/es\/event\/jornada-transformant-latencio-al-pacient-critic-a-catalunya-model-lleida-alt-pirineu-i-aran\/#breadcrumb\"},\"inLanguage\":\"es\",\"potentialAction\":[{\"@type\":\"ReadAction\",\"target\":[\"https:\/\/ticsalutsocial.atoom.space\/es\/event\/jornada-transformant-latencio-al-pacient-critic-a-catalunya-model-lleida-alt-pirineu-i-aran\/\"]}]},{\"@type\":\"BreadcrumbList\",\"@id\":\"https:\/\/ticsalutsocial.atoom.space\/es\/event\/jornada-transformant-latencio-al-pacient-critic-a-catalunya-model-lleida-alt-pirineu-i-aran\/#breadcrumb\",\"itemListElement\":[{\"@type\":\"ListItem\",\"position\":1,\"name\":\"Inici\",\"item\":\"https:\/\/ticsalutsocial.atoom.space\/es\/\"},{\"@type\":\"ListItem\",\"position\":2,\"name\":\"Jornada transformando la atenci\u00f3n al paciente cr\u00edtico en Catalu\u00f1a. Modelo Lleida &#8211; Alt Pirineu y Aran\"}]},{\"@type\":\"WebSite\",\"@id\":\"https:\/\/ticsalutsocial.atoom.space\/es\/#website\",\"url\":\"https:\/\/ticsalutsocial.atoom.space\/es\/\",\"name\":\"Fundaci\u00f3 TIC Salut i Social\",\"description\":\"\",\"potentialAction\":[{\"@type\":\"SearchAction\",\"target\":{\"@type\":\"EntryPoint\",\"urlTemplate\":\"https:\/\/ticsalutsocial.atoom.space\/es\/?s={search_term_string}\"},\"query-input\":{\"@type\":\"PropertyValueSpecification\",\"valueRequired\":true,\"valueName\":\"search_term_string\"}}],\"inLanguage\":\"es\"}]}<\/script>\n<!-- \/ Yoast SEO plugin. -->","yoast_head_json":{"title":"Jornada transformando la atenci\u00f3n al paciente cr\u00edtico en Catalu\u00f1a. Modelo Lleida - Alt Pirineu y Aran - Fundaci\u00f3 TIC Salut i Social","robots":{"index":"index","follow":"follow","max-snippet":"max-snippet:-1","max-image-preview":"max-image-preview:large","max-video-preview":"max-video-preview:-1"},"canonical":"https:\/\/ticsalutsocial.atoom.space\/es\/event\/jornada-transformant-latencio-al-pacient-critic-a-catalunya-model-lleida-alt-pirineu-i-aran\/","og_locale":"es_ES","og_type":"article","og_title":"Jornada transformando la atenci\u00f3n al paciente cr\u00edtico en Catalu\u00f1a. Modelo Lleida - Alt Pirineu y Aran - Fundaci\u00f3 TIC Salut i Social","og_description":"El pr\u00f3ximo jueves 27 de noviembre tendr\u00e1 lugar en el Hospital Universitario Arnau de Vilanova la Jornada \u201cTransformando la atenci\u00f3n al paciente cr\u00edtico en Catalu\u00f1a. Modelo Lleida &#8211; Alt Pirineu y Aran\u201d.Durante la sesi\u00f3n se presentar\u00e1 el modelo de atenci\u00f3n al paciente cr\u00edtico en el Sistema de Salud, que se materializa a trav\u00e9s del proyecto [&hellip;]","og_url":"https:\/\/ticsalutsocial.atoom.space\/es\/event\/jornada-transformant-latencio-al-pacient-critic-a-catalunya-model-lleida-alt-pirineu-i-aran\/","og_site_name":"Fundaci\u00f3 TIC Salut i Social","article_modified_time":"2025-11-10T13:50:56+00:00","twitter_card":"summary_large_image","twitter_misc":{"Tiempo de lectura":"1 minuto"},"schema":{"@context":"https:\/\/schema.org","@graph":[{"@type":"WebPage","@id":"https:\/\/ticsalutsocial.atoom.space\/es\/event\/jornada-transformant-latencio-al-pacient-critic-a-catalunya-model-lleida-alt-pirineu-i-aran\/","url":"https:\/\/ticsalutsocial.atoom.space\/es\/event\/jornada-transformant-latencio-al-pacient-critic-a-catalunya-model-lleida-alt-pirineu-i-aran\/","name":"Jornada transformando la atenci\u00f3n al paciente cr\u00edtico en Catalu\u00f1a. Modelo Lleida - Alt Pirineu y Aran - Fundaci\u00f3 TIC Salut i Social","isPartOf":{"@id":"https:\/\/ticsalutsocial.atoom.space\/es\/#website"},"datePublished":"2025-11-10T13:45:21+00:00","dateModified":"2025-11-10T13:50:56+00:00","breadcrumb":{"@id":"https:\/\/ticsalutsocial.atoom.space\/es\/event\/jornada-transformant-latencio-al-pacient-critic-a-catalunya-model-lleida-alt-pirineu-i-aran\/#breadcrumb"},"inLanguage":"es","potentialAction":[{"@type":"ReadAction","target":["https:\/\/ticsalutsocial.atoom.space\/es\/event\/jornada-transformant-latencio-al-pacient-critic-a-catalunya-model-lleida-alt-pirineu-i-aran\/"]}]},{"@type":"BreadcrumbList","@id":"https:\/\/ticsalutsocial.atoom.space\/es\/event\/jornada-transformant-latencio-al-pacient-critic-a-catalunya-model-lleida-alt-pirineu-i-aran\/#breadcrumb","itemListElement":[{"@type":"ListItem","position":1,"name":"Inici","item":"https:\/\/ticsalutsocial.atoom.space\/es\/"},{"@type":"ListItem","position":2,"name":"Jornada transformando la atenci\u00f3n al paciente cr\u00edtico en Catalu\u00f1a. Modelo Lleida &#8211; Alt Pirineu y Aran"}]},{"@type":"WebSite","@id":"https:\/\/ticsalutsocial.atoom.space\/es\/#website","url":"https:\/\/ticsalutsocial.atoom.space\/es\/","name":"Fundaci\u00f3 TIC Salut i Social","description":"","potentialAction":[{"@type":"SearchAction","target":{"@type":"EntryPoint","urlTemplate":"https:\/\/ticsalutsocial.atoom.space\/es\/?s={search_term_string}"},"query-input":{"@type":"PropertyValueSpecification","valueRequired":true,"valueName":"search_term_string"}}],"inLanguage":"es"}]}},"_links":{"self":[{"href":"https:\/\/ticsalutsocial.atoom.space\/es\/wp-json\/wp\/v2\/event\/34324","targetHints":{"allow":["GET"]}}],"collection":[{"href":"https:\/\/ticsalutsocial.atoom.space\/es\/wp-json\/wp\/v2\/event"}],"about":[{"href":"https:\/\/ticsalutsocial.atoom.space\/es\/wp-json\/wp\/v2\/types\/event"}],"wp:attachment":[{"href":"https:\/\/ticsalutsocial.atoom.space\/es\/wp-json\/wp\/v2\/media?parent=34324"}],"wp:term":[{"taxonomy":"tipus","embeddable":true,"href":"https:\/\/ticsalutsocial.atoom.space\/es\/wp-json\/wp\/v2\/tipus?post=34324"},{"taxonomy":"topic","embeddable":true,"href":"https:\/\/ticsalutsocial.atoom.space\/es\/wp-json\/wp\/v2\/topic?post=34324"}],"curies":[{"name":"wp","href":"https:\/\/api.w.org\/{rel}","templated":true}]}}

Jornada transformando la atención al paciente crítico en Cataluña. Modelo Lleida &#8211; Alt Pirineu y Aran

<p>El próximo <strong>jueves 27 de noviembre</strong> tendrá lugar en el <strong>Hospital Universitario Arnau de Vilanova</strong> la <strong>Jornada “Transformando la atención al paciente crítico en Cataluña. Modelo Lleida &#8211; Alt Pirineu y Aran”</strong>.<br>Durante la sesión se presentará el modelo de atención al paciente crítico en el Sistema de Salud, que se materializa a través del proyecto <strong>Critic.CAT</strong>, coordinado desde la <strong>Fundació TIC Salut i Social</strong>.<br>El proyecto tiene como objetivo mejorar la prestación del servicio de cuidados intensivos en todo el territorio catalán mediante un modelo asistencial basado en herramientas digitales.<br>Durante la jornada también se presentará su despliegue territorial en las regiones sanitarias de <strong>Lleida</strong> y <strong>Alt Pirineu i Aran</strong>.</p>



<p>Encontraréis aquí el <strong><a href="https://assistentsactes.salut.gencat.cat/documents/actes/document_acte_287_1762516836_690ddf645f073.pdf" target="_blank" rel="noreferrer noopener">programa de la jornada</a></strong>.</p>



<p><strong>Inscripciones</strong> abiertas hasta el <strong>25 de noviembre</strong> a través de <strong><a href="https://assistentsactes.salut.gencat.cat/actes/287/formulari" target="_blank" rel="noreferrer noopener">este formulario</a></strong>.</p>

<!-- This site is optimized with the Yoast SEO plugin v27.1.1 - https://yoast.com/product/yoast-seo-wordpress/ -->
<title>Jornada transformando la atención al paciente crítico en Cataluña. Modelo Lleida - Alt Pirineu y Aran - Fundació TIC Salut i Social</title>
<meta name="robots" content="index, follow, max-snippet:-1, max-image-preview:large, max-video-preview:-1" />
<link rel="canonical" href="https://ticsalutsocial.atoom.space/es/event/jornada-transformant-latencio-al-pacient-critic-a-catalunya-model-lleida-alt-pirineu-i-aran/" />
<meta property="og:locale" content="es_ES" />
<meta property="og:type" content="article" />
<meta property="og:title" content="Jornada transformando la atención al paciente crítico en Cataluña. Modelo Lleida - Alt Pirineu y Aran - Fundació TIC Salut i Social" />
<meta property="og:description" content="El próximo jueves 27 de noviembre tendrá lugar en el Hospital Universitario Arnau de Vilanova la Jornada “Transformando la atención al paciente crítico en Cataluña. Modelo Lleida &#8211; Alt Pirineu y Aran”.Durante la sesión se presentará el modelo de atención al paciente crítico en el Sistema de Salud, que se materializa a través del proyecto [&hellip;]" />
<meta property="og:url" content="https://ticsalutsocial.atoom.space/es/event/jornada-transformant-latencio-al-pacient-critic-a-catalunya-model-lleida-alt-pirineu-i-aran/" />
<meta property="og:site_name" content="Fundació TIC Salut i Social" />
<meta property="article:modified_time" content="2025-11-10T13:50:56+00:00" />
<meta name="twitter:card" content="summary_large_image" />
<meta name="twitter:label1" content="Tiempo de lectura" />
	<meta name="twitter:data1" content="1 minuto" />
<script type="application/ld+json" class="yoast-schema-graph">{"@context":"https://schema.org","@graph":[{"@type":"WebPage","@id":"https://ticsalutsocial.atoom.space/es/event/jornada-transformant-latencio-al-pacient-critic-a-catalunya-model-lleida-alt-pirineu-i-aran/","url":"https://ticsalutsocial.atoom.space/es/event/jornada-transformant-latencio-al-pacient-critic-a-catalunya-model-lleida-alt-pirineu-i-aran/","name":"Jornada transformando la atención al paciente crítico en Cataluña. Modelo Lleida - Alt Pirineu y Aran - Fundació TIC Salut i Social","isPartOf":{"@id":"https://ticsalutsocial.atoom.space/es/#website"},"datePublished":"2025-11-10T13:45:21+00:00","dateModified":"2025-11-10T13:50:56+00:00","breadcrumb":{"@id":"https://ticsalutsocial.atoom.space/es/event/jornada-transformant-latencio-al-pacient-critic-a-catalunya-model-lleida-alt-pirineu-i-aran/#breadcrumb"},"inLanguage":"es","potentialAction":[{"@type":"ReadAction","target":["https://ticsalutsocial.atoom.space/es/event/jornada-transformant-latencio-al-pacient-critic-a-catalunya-model-lleida-alt-pirineu-i-aran/"]}]},{"@type":"BreadcrumbList","@id":"https://ticsalutsocial.atoom.space/es/event/jornada-transformant-latencio-al-pacient-critic-a-catalunya-model-lleida-alt-pirineu-i-aran/#breadcrumb","itemListElement":[{"@type":"ListItem","position":1,"name":"Inici","item":"https://ticsalutsocial.atoom.space/es/"},{"@type":"ListItem","position":2,"name":"Jornada transformando la atención al paciente crítico en Cataluña. Modelo Lleida &#8211; Alt Pirineu y Aran"}]},{"@type":"WebSite","@id":"https://ticsalutsocial.atoom.space/es/#website","url":"https://ticsalutsocial.atoom.space/es/","name":"Fundació TIC Salut i Social","description":"","potentialAction":[{"@type":"SearchAction","target":{"@type":"EntryPoint","urlTemplate":"https://ticsalutsocial.atoom.space/es/?s={search_term_string}"},"query-input":{"@type":"PropertyValueSpecification","valueRequired":true,"valueName":"search_term_string"}}],"inLanguage":"es"}]}</script>
<!-- / Yoast SEO plugin. -->

Jornada transformando la atención al paciente crítico en Cataluña. Modelo Lleida - Alt Pirineu y Aran - Fundació TIC Salut i Social

El próximo jueves 27 de noviembre tendrá lugar en el Hospital Universitario Arnau de Vilanova la Jornada “Transformando la atención al paciente crítico en Cataluña. Modelo Lleida &#8211; Alt Pirineu y Aran”.Durante la sesión se presentará el modelo de atención al paciente crítico en el Sistema de Salud, que se materializa a través del proyecto [&hellip;]

Fundació TIC Salut i Social
