
{"id":34596,"date":"2025-11-18T11:34:04","date_gmt":"2025-11-18T09:34:04","guid":{"rendered":"https:\/\/ticsalutsocial.atoom.space\/event\/ccf-webinar-exploring-training-and-development-opportunities-for-healthcare-providers-and-caregivers\/"},"modified":"2025-11-18T11:48:52","modified_gmt":"2025-11-18T09:48:52","slug":"ccf-webinar-exploring-training-and-development-opportunities-for-healthcare-providers-and-caregivers","status":"publish","type":"event","link":"https:\/\/ticsalutsocial.atoom.space\/es\/event\/ccf-webinar-exploring-training-and-development-opportunities-for-healthcare-providers-and-caregivers\/","title":{"rendered":"CCF webinar: \u2018Exploring training and development opportunities for healthcare providers and caregivers\u2019"},"content":{"rendered":"\n<p>El COMFORTAGE Community Forum organiza el seminario en l\u00ednea <em>\u201cExploring training and development opportunities for healthcare providers and caregivers\u201d<\/em>, que tendr\u00e1 lugar el 27 de noviembre de 11 a 12 h.<br>En el seminario se explorar\u00e1n oportunidades de formaci\u00f3n y desarrollo para que profesionales de la salud y personas cuidadoras puedan ampliar sus competencias y conocimientos.<\/p>\n\n\n\n<p><a href=\"https:\/\/comfortage.eu\/\" target=\"_blank\" rel=\"noreferrer noopener\">M\u00e1s informaci\u00f3n sobre el proyecto<\/a><\/p>\n\n\n\n<p><\/p>\n","protected":false},"featured_media":0,"menu_order":0,"template":"","meta":{"_acf_changed":false,"inline_featured_image":false},"tipus":[725],"topic":[113],"class_list":["post-34596","event","type-event","status-publish","hentry","tipus-proyectos","topic-transformacion-digital"],"acf":{"imatge":34594,"informacio":{"ubicacio":"Webinar","data":"27\/11\/2025","hora":"11:00h","preu":"","inscripcions":"https:\/\/events.teams.microsoft.com\/event\/e6dbd99a-faa7-4bfc-b9ca-32d3ade44f3b@db8ec9ef-45bb-4c35-a570-ea99f38b2fd9"},"programa":{"titol":"","items":false},"documents":false},"yoast_head":"<!-- This site is optimized with the Yoast SEO plugin v27.1.1 - https:\/\/yoast.com\/product\/yoast-seo-wordpress\/ -->\n<title>CCF webinar: \u2018Exploring training and development opportunities for healthcare providers and caregivers\u2019 - Fundaci\u00f3 TIC Salut i Social<\/title>\n<meta name=\"description\" content=\"CCF webinar: \u2018Exploring training and development opportunities for healthcare providers and caregivers\u2019\" \/>\n<meta name=\"robots\" content=\"index, follow, max-snippet:-1, max-image-preview:large, max-video-preview:-1\" \/>\n<link rel=\"canonical\" href=\"https:\/\/ticsalutsocial.atoom.space\/es\/event\/ccf-webinar-exploring-training-and-development-opportunities-for-healthcare-providers-and-caregivers\/\" \/>\n<meta property=\"og:locale\" content=\"es_ES\" \/>\n<meta property=\"og:type\" content=\"article\" \/>\n<meta property=\"og:title\" content=\"CCF webinar: \u2018Exploring training and development opportunities for healthcare providers and caregivers\u2019 - Fundaci\u00f3 TIC Salut i Social\" \/>\n<meta property=\"og:description\" content=\"CCF webinar: \u2018Exploring training and development opportunities for healthcare providers and caregivers\u2019\" \/>\n<meta property=\"og:url\" content=\"https:\/\/ticsalutsocial.atoom.space\/es\/event\/ccf-webinar-exploring-training-and-development-opportunities-for-healthcare-providers-and-caregivers\/\" \/>\n<meta property=\"og:site_name\" content=\"Fundaci\u00f3 TIC Salut i Social\" \/>\n<meta property=\"article:modified_time\" content=\"2025-11-18T09:48:52+00:00\" \/>\n<meta name=\"twitter:card\" content=\"summary_large_image\" \/>\n<meta name=\"twitter:label1\" content=\"Tiempo de lectura\" \/>\n\t<meta name=\"twitter:data1\" content=\"1 minuto\" \/>\n<script type=\"application\/ld+json\" class=\"yoast-schema-graph\">{\"@context\":\"https:\/\/schema.org\",\"@graph\":[{\"@type\":\"WebPage\",\"@id\":\"https:\/\/ticsalutsocial.atoom.space\/es\/event\/ccf-webinar-exploring-training-and-development-opportunities-for-healthcare-providers-and-caregivers\/\",\"url\":\"https:\/\/ticsalutsocial.atoom.space\/es\/event\/ccf-webinar-exploring-training-and-development-opportunities-for-healthcare-providers-and-caregivers\/\",\"name\":\"CCF webinar: \u2018Exploring training and development opportunities for healthcare providers and caregivers\u2019 - Fundaci\u00f3 TIC Salut i Social\",\"isPartOf\":{\"@id\":\"https:\/\/ticsalutsocial.atoom.space\/es\/#website\"},\"datePublished\":\"2025-11-18T09:34:04+00:00\",\"dateModified\":\"2025-11-18T09:48:52+00:00\",\"description\":\"CCF webinar: \u2018Exploring training and development opportunities for healthcare providers and caregivers\u2019\",\"breadcrumb\":{\"@id\":\"https:\/\/ticsalutsocial.atoom.space\/es\/event\/ccf-webinar-exploring-training-and-development-opportunities-for-healthcare-providers-and-caregivers\/#breadcrumb\"},\"inLanguage\":\"es\",\"potentialAction\":[{\"@type\":\"ReadAction\",\"target\":[\"https:\/\/ticsalutsocial.atoom.space\/es\/event\/ccf-webinar-exploring-training-and-development-opportunities-for-healthcare-providers-and-caregivers\/\"]}]},{\"@type\":\"BreadcrumbList\",\"@id\":\"https:\/\/ticsalutsocial.atoom.space\/es\/event\/ccf-webinar-exploring-training-and-development-opportunities-for-healthcare-providers-and-caregivers\/#breadcrumb\",\"itemListElement\":[{\"@type\":\"ListItem\",\"position\":1,\"name\":\"Inici\",\"item\":\"https:\/\/ticsalutsocial.atoom.space\/es\/\"},{\"@type\":\"ListItem\",\"position\":2,\"name\":\"CCF webinar: \u2018Exploring training and development opportunities for healthcare providers and caregivers\u2019\"}]},{\"@type\":\"WebSite\",\"@id\":\"https:\/\/ticsalutsocial.atoom.space\/es\/#website\",\"url\":\"https:\/\/ticsalutsocial.atoom.space\/es\/\",\"name\":\"Fundaci\u00f3 TIC Salut i Social\",\"description\":\"\",\"potentialAction\":[{\"@type\":\"SearchAction\",\"target\":{\"@type\":\"EntryPoint\",\"urlTemplate\":\"https:\/\/ticsalutsocial.atoom.space\/es\/?s={search_term_string}\"},\"query-input\":{\"@type\":\"PropertyValueSpecification\",\"valueRequired\":true,\"valueName\":\"search_term_string\"}}],\"inLanguage\":\"es\"}]}<\/script>\n<!-- \/ Yoast SEO plugin. -->","yoast_head_json":{"title":"CCF webinar: \u2018Exploring training and development opportunities for healthcare providers and caregivers\u2019 - Fundaci\u00f3 TIC Salut i Social","description":"CCF webinar: \u2018Exploring training and development opportunities for healthcare providers and caregivers\u2019","robots":{"index":"index","follow":"follow","max-snippet":"max-snippet:-1","max-image-preview":"max-image-preview:large","max-video-preview":"max-video-preview:-1"},"canonical":"https:\/\/ticsalutsocial.atoom.space\/es\/event\/ccf-webinar-exploring-training-and-development-opportunities-for-healthcare-providers-and-caregivers\/","og_locale":"es_ES","og_type":"article","og_title":"CCF webinar: \u2018Exploring training and development opportunities for healthcare providers and caregivers\u2019 - Fundaci\u00f3 TIC Salut i Social","og_description":"CCF webinar: \u2018Exploring training and development opportunities for healthcare providers and caregivers\u2019","og_url":"https:\/\/ticsalutsocial.atoom.space\/es\/event\/ccf-webinar-exploring-training-and-development-opportunities-for-healthcare-providers-and-caregivers\/","og_site_name":"Fundaci\u00f3 TIC Salut i Social","article_modified_time":"2025-11-18T09:48:52+00:00","twitter_card":"summary_large_image","twitter_misc":{"Tiempo de lectura":"1 minuto"},"schema":{"@context":"https:\/\/schema.org","@graph":[{"@type":"WebPage","@id":"https:\/\/ticsalutsocial.atoom.space\/es\/event\/ccf-webinar-exploring-training-and-development-opportunities-for-healthcare-providers-and-caregivers\/","url":"https:\/\/ticsalutsocial.atoom.space\/es\/event\/ccf-webinar-exploring-training-and-development-opportunities-for-healthcare-providers-and-caregivers\/","name":"CCF webinar: \u2018Exploring training and development opportunities for healthcare providers and caregivers\u2019 - Fundaci\u00f3 TIC Salut i Social","isPartOf":{"@id":"https:\/\/ticsalutsocial.atoom.space\/es\/#website"},"datePublished":"2025-11-18T09:34:04+00:00","dateModified":"2025-11-18T09:48:52+00:00","description":"CCF webinar: \u2018Exploring training and development opportunities for healthcare providers and caregivers\u2019","breadcrumb":{"@id":"https:\/\/ticsalutsocial.atoom.space\/es\/event\/ccf-webinar-exploring-training-and-development-opportunities-for-healthcare-providers-and-caregivers\/#breadcrumb"},"inLanguage":"es","potentialAction":[{"@type":"ReadAction","target":["https:\/\/ticsalutsocial.atoom.space\/es\/event\/ccf-webinar-exploring-training-and-development-opportunities-for-healthcare-providers-and-caregivers\/"]}]},{"@type":"BreadcrumbList","@id":"https:\/\/ticsalutsocial.atoom.space\/es\/event\/ccf-webinar-exploring-training-and-development-opportunities-for-healthcare-providers-and-caregivers\/#breadcrumb","itemListElement":[{"@type":"ListItem","position":1,"name":"Inici","item":"https:\/\/ticsalutsocial.atoom.space\/es\/"},{"@type":"ListItem","position":2,"name":"CCF webinar: \u2018Exploring training and development opportunities for healthcare providers and caregivers\u2019"}]},{"@type":"WebSite","@id":"https:\/\/ticsalutsocial.atoom.space\/es\/#website","url":"https:\/\/ticsalutsocial.atoom.space\/es\/","name":"Fundaci\u00f3 TIC Salut i Social","description":"","potentialAction":[{"@type":"SearchAction","target":{"@type":"EntryPoint","urlTemplate":"https:\/\/ticsalutsocial.atoom.space\/es\/?s={search_term_string}"},"query-input":{"@type":"PropertyValueSpecification","valueRequired":true,"valueName":"search_term_string"}}],"inLanguage":"es"}]}},"_links":{"self":[{"href":"https:\/\/ticsalutsocial.atoom.space\/es\/wp-json\/wp\/v2\/event\/34596","targetHints":{"allow":["GET"]}}],"collection":[{"href":"https:\/\/ticsalutsocial.atoom.space\/es\/wp-json\/wp\/v2\/event"}],"about":[{"href":"https:\/\/ticsalutsocial.atoom.space\/es\/wp-json\/wp\/v2\/types\/event"}],"wp:attachment":[{"href":"https:\/\/ticsalutsocial.atoom.space\/es\/wp-json\/wp\/v2\/media?parent=34596"}],"wp:term":[{"taxonomy":"tipus","embeddable":true,"href":"https:\/\/ticsalutsocial.atoom.space\/es\/wp-json\/wp\/v2\/tipus?post=34596"},{"taxonomy":"topic","embeddable":true,"href":"https:\/\/ticsalutsocial.atoom.space\/es\/wp-json\/wp\/v2\/topic?post=34596"}],"curies":[{"name":"wp","href":"https:\/\/api.w.org\/{rel}","templated":true}]}}

<p>El COMFORTAGE Community Forum organiza el seminario en línea <em>“Exploring training and development opportunities for healthcare providers and caregivers”</em>, que tendrá lugar el 27 de noviembre de 11 a 12 h.<br>En el seminario se explorarán oportunidades de formación y desarrollo para que profesionales de la salud y personas cuidadoras puedan ampliar sus competencias y conocimientos.</p>



<p><a href="https://comfortage.eu/" target="_blank" rel="noreferrer noopener">Más información sobre el proyecto</a></p>



<p></p>

<!-- This site is optimized with the Yoast SEO plugin v27.1.1 - https://yoast.com/product/yoast-seo-wordpress/ -->
<title>CCF webinar: ‘Exploring training and development opportunities for healthcare providers and caregivers’ - Fundació TIC Salut i Social</title>
<meta name="description" content="CCF webinar: ‘Exploring training and development opportunities for healthcare providers and caregivers’" />
<meta name="robots" content="index, follow, max-snippet:-1, max-image-preview:large, max-video-preview:-1" />
<link rel="canonical" href="https://ticsalutsocial.atoom.space/es/event/ccf-webinar-exploring-training-and-development-opportunities-for-healthcare-providers-and-caregivers/" />
<meta property="og:locale" content="es_ES" />
<meta property="og:type" content="article" />
<meta property="og:title" content="CCF webinar: ‘Exploring training and development opportunities for healthcare providers and caregivers’ - Fundació TIC Salut i Social" />
<meta property="og:description" content="CCF webinar: ‘Exploring training and development opportunities for healthcare providers and caregivers’" />
<meta property="og:url" content="https://ticsalutsocial.atoom.space/es/event/ccf-webinar-exploring-training-and-development-opportunities-for-healthcare-providers-and-caregivers/" />
<meta property="og:site_name" content="Fundació TIC Salut i Social" />
<meta property="article:modified_time" content="2025-11-18T09:48:52+00:00" />
<meta name="twitter:card" content="summary_large_image" />
<meta name="twitter:label1" content="Tiempo de lectura" />
	<meta name="twitter:data1" content="1 minuto" />
<script type="application/ld+json" class="yoast-schema-graph">{"@context":"https://schema.org","@graph":[{"@type":"WebPage","@id":"https://ticsalutsocial.atoom.space/es/event/ccf-webinar-exploring-training-and-development-opportunities-for-healthcare-providers-and-caregivers/","url":"https://ticsalutsocial.atoom.space/es/event/ccf-webinar-exploring-training-and-development-opportunities-for-healthcare-providers-and-caregivers/","name":"CCF webinar: ‘Exploring training and development opportunities for healthcare providers and caregivers’ - Fundació TIC Salut i Social","isPartOf":{"@id":"https://ticsalutsocial.atoom.space/es/#website"},"datePublished":"2025-11-18T09:34:04+00:00","dateModified":"2025-11-18T09:48:52+00:00","description":"CCF webinar: ‘Exploring training and development opportunities for healthcare providers and caregivers’","breadcrumb":{"@id":"https://ticsalutsocial.atoom.space/es/event/ccf-webinar-exploring-training-and-development-opportunities-for-healthcare-providers-and-caregivers/#breadcrumb"},"inLanguage":"es","potentialAction":[{"@type":"ReadAction","target":["https://ticsalutsocial.atoom.space/es/event/ccf-webinar-exploring-training-and-development-opportunities-for-healthcare-providers-and-caregivers/"]}]},{"@type":"BreadcrumbList","@id":"https://ticsalutsocial.atoom.space/es/event/ccf-webinar-exploring-training-and-development-opportunities-for-healthcare-providers-and-caregivers/#breadcrumb","itemListElement":[{"@type":"ListItem","position":1,"name":"Inici","item":"https://ticsalutsocial.atoom.space/es/"},{"@type":"ListItem","position":2,"name":"CCF webinar: ‘Exploring training and development opportunities for healthcare providers and caregivers’"}]},{"@type":"WebSite","@id":"https://ticsalutsocial.atoom.space/es/#website","url":"https://ticsalutsocial.atoom.space/es/","name":"Fundació TIC Salut i Social","description":"","potentialAction":[{"@type":"SearchAction","target":{"@type":"EntryPoint","urlTemplate":"https://ticsalutsocial.atoom.space/es/?s={search_term_string}"},"query-input":{"@type":"PropertyValueSpecification","valueRequired":true,"valueName":"search_term_string"}}],"inLanguage":"es"}]}</script>
<!-- / Yoast SEO plugin. -->

CCF webinar: ‘Exploring training and development opportunities for healthcare providers and caregivers’ - Fundació TIC Salut i Social

Fundació TIC Salut i Social
