
{"id":34645,"date":"2025-11-21T12:55:04","date_gmt":"2025-11-21T10:55:04","guid":{"rendered":"https:\/\/ticsalutsocial.atoom.space\/event\/nous-reptes-del-delegat-de-proteccio-de-dades-ia-ciberseguretat-i-drets-digitals-2\/"},"modified":"2025-11-21T14:03:03","modified_gmt":"2025-11-21T12:03:03","slug":"nous-reptes-del-delegat-de-proteccio-de-dades-ia-ciberseguretat-i-drets-digitals-2","status":"publish","type":"event","link":"https:\/\/ticsalutsocial.atoom.space\/es\/event\/nous-reptes-del-delegat-de-proteccio-de-dades-ia-ciberseguretat-i-drets-digitals-2\/","title":{"rendered":"Nuevos retos del Delegado de Protecci\u00f3n de Datos. IA, Ciberseguridad, y Derechos Digitales"},"content":{"rendered":"<div class=\"detail-body\">\n<p>una jornada de ma\u00f1ana en la que Delegados de Protecci\u00f3n de Datos de diversas empresas, organizaciones y administraciones conversar\u00e1n sobre los retos presentes y futuros de la protecci\u00f3n de datos y la privacidad.<\/p>\n<p><strong>10h. Inauguraci\u00f3n<\/strong><\/p>\n<ul>\n<li>Alexander Salvador Cerqueda, Diputado de la Junta de Gobierno del ICAB<\/li>\n<\/ul>\n<p><strong>MESA REDONDA 1: El papel del DPD: Entre la instituci\u00f3n y la ciudadan\u00eda<\/strong><\/p>\n<p><strong>Presenta:<\/strong><\/p>\n<ul>\n<li>Xavier Urios, Jefe Asesor\u00eda Jur\u00eddica de la APDCAT.<\/li>\n<\/ul>\n<p><strong>Ponentes:<\/strong><\/p>\n<ul>\n<li>Ester Santiago, DPD del Ayuntamiento de Barcelona.<\/li>\n<li>Marc Vives, DPD de la UPF.<\/li>\n<li>Mar\u00eda Jos\u00e9 Campo Salas, Directora de la Oficina del Delegat de Protecci\u00f3 de Dades de Salut.<\/li>\n<\/ul>\n<p><strong>Modera:<\/strong><\/p>\n<ul>\n<li>Maria Loza Corera, Abogada.<\/li>\n<\/ul>\n<p><strong>MESA REDONDA 2: Conversaciones entre DPD de grandes compa\u00f1\u00edas<\/strong><\/p>\n<p><strong>Ponentes:<\/strong><\/p>\n<ul>\n<li>Montse Carrera, DPD de Naturgy.<\/li>\n<li>Nuria S\u00e1nchez de Juan, DPD de Editorial Planeta.<\/li>\n<li>Patricia Lozano, DPD de la UOC.<\/li>\n<\/ul>\n<p><strong>Modera:<\/strong><\/p>\n<ul>\n<li>J\u00falia Bacaria Gea, Abogada y Presidenta de la Secci\u00f3n TIC del ICAB.<\/li>\n<\/ul>\n<\/div>\n","protected":false},"featured_media":0,"menu_order":0,"template":"","meta":{"_acf_changed":false,"inline_featured_image":false},"tipus":[106],"topic":[121],"class_list":["post-34645","event","type-event","status-publish","hentry","tipus-dpd-salud","topic-dpd-es"],"acf":{"informacio":{"ubicacio":"8a planta de l'ICAB (c\/ Mallorca, 283)","data":"25\/11\/2025","hora":"10:00","preu":"Gratuito previa inscripci\u00f3n","inscripcions":"https:\/\/www.icab.es\/ca\/access\/index.html?redirect=\/ca\/formacio\/cursos\/Jornada-Nous-reptes-del-Delegat-de-Proteccio-de-Dades.-IA-Ciberseguretat-i-Drets-Digitals\/?register=true&login=true"},"programa":{"titol":"","items":false},"documents":false},"yoast_head":"<!-- This site is optimized with the Yoast SEO plugin v27.1.1 - https:\/\/yoast.com\/product\/yoast-seo-wordpress\/ -->\n<title>Nuevos retos del Delegado de Protecci\u00f3n de Datos. IA, Ciberseguridad, y Derechos Digitales - Fundaci\u00f3 TIC Salut i Social<\/title>\n<meta name=\"robots\" content=\"index, follow, max-snippet:-1, max-image-preview:large, max-video-preview:-1\" \/>\n<link rel=\"canonical\" href=\"https:\/\/ticsalutsocial.atoom.space\/es\/event\/nous-reptes-del-delegat-de-proteccio-de-dades-ia-ciberseguretat-i-drets-digitals-2\/\" \/>\n<meta property=\"og:locale\" content=\"es_ES\" \/>\n<meta property=\"og:type\" content=\"article\" \/>\n<meta property=\"og:title\" content=\"Nuevos retos del Delegado de Protecci\u00f3n de Datos. IA, Ciberseguridad, y Derechos Digitales - Fundaci\u00f3 TIC Salut i Social\" \/>\n<meta property=\"og:description\" content=\"una jornada de ma\u00f1ana en la que Delegados de Protecci\u00f3n de Datos de diversas empresas, organizaciones y administraciones conversar\u00e1n sobre los retos presentes y futuros de la protecci\u00f3n de datos y la privacidad. 10h. Inauguraci\u00f3n Alexander Salvador Cerqueda, Diputado de la Junta de Gobierno del ICAB MESA REDONDA 1: El papel del DPD: Entre la [&hellip;]\" \/>\n<meta property=\"og:url\" content=\"https:\/\/ticsalutsocial.atoom.space\/es\/event\/nous-reptes-del-delegat-de-proteccio-de-dades-ia-ciberseguretat-i-drets-digitals-2\/\" \/>\n<meta property=\"og:site_name\" content=\"Fundaci\u00f3 TIC Salut i Social\" \/>\n<meta property=\"article:modified_time\" content=\"2025-11-21T12:03:03+00:00\" \/>\n<meta name=\"twitter:card\" content=\"summary_large_image\" \/>\n<meta name=\"twitter:label1\" content=\"Tiempo de lectura\" \/>\n\t<meta name=\"twitter:data1\" content=\"1 minuto\" \/>\n<script type=\"application\/ld+json\" class=\"yoast-schema-graph\">{\"@context\":\"https:\/\/schema.org\",\"@graph\":[{\"@type\":\"WebPage\",\"@id\":\"https:\/\/ticsalutsocial.atoom.space\/es\/event\/nous-reptes-del-delegat-de-proteccio-de-dades-ia-ciberseguretat-i-drets-digitals-2\/\",\"url\":\"https:\/\/ticsalutsocial.atoom.space\/es\/event\/nous-reptes-del-delegat-de-proteccio-de-dades-ia-ciberseguretat-i-drets-digitals-2\/\",\"name\":\"Nuevos retos del Delegado de Protecci\u00f3n de Datos. IA, Ciberseguridad, y Derechos Digitales - Fundaci\u00f3 TIC Salut i Social\",\"isPartOf\":{\"@id\":\"https:\/\/ticsalutsocial.atoom.space\/es\/#website\"},\"datePublished\":\"2025-11-21T10:55:04+00:00\",\"dateModified\":\"2025-11-21T12:03:03+00:00\",\"breadcrumb\":{\"@id\":\"https:\/\/ticsalutsocial.atoom.space\/es\/event\/nous-reptes-del-delegat-de-proteccio-de-dades-ia-ciberseguretat-i-drets-digitals-2\/#breadcrumb\"},\"inLanguage\":\"es\",\"potentialAction\":[{\"@type\":\"ReadAction\",\"target\":[\"https:\/\/ticsalutsocial.atoom.space\/es\/event\/nous-reptes-del-delegat-de-proteccio-de-dades-ia-ciberseguretat-i-drets-digitals-2\/\"]}]},{\"@type\":\"BreadcrumbList\",\"@id\":\"https:\/\/ticsalutsocial.atoom.space\/es\/event\/nous-reptes-del-delegat-de-proteccio-de-dades-ia-ciberseguretat-i-drets-digitals-2\/#breadcrumb\",\"itemListElement\":[{\"@type\":\"ListItem\",\"position\":1,\"name\":\"Inici\",\"item\":\"https:\/\/ticsalutsocial.atoom.space\/es\/\"},{\"@type\":\"ListItem\",\"position\":2,\"name\":\"Nuevos retos del Delegado de Protecci\u00f3n de Datos. IA, Ciberseguridad, y Derechos Digitales\"}]},{\"@type\":\"WebSite\",\"@id\":\"https:\/\/ticsalutsocial.atoom.space\/es\/#website\",\"url\":\"https:\/\/ticsalutsocial.atoom.space\/es\/\",\"name\":\"Fundaci\u00f3 TIC Salut i Social\",\"description\":\"\",\"potentialAction\":[{\"@type\":\"SearchAction\",\"target\":{\"@type\":\"EntryPoint\",\"urlTemplate\":\"https:\/\/ticsalutsocial.atoom.space\/es\/?s={search_term_string}\"},\"query-input\":{\"@type\":\"PropertyValueSpecification\",\"valueRequired\":true,\"valueName\":\"search_term_string\"}}],\"inLanguage\":\"es\"}]}<\/script>\n<!-- \/ Yoast SEO plugin. -->","yoast_head_json":{"title":"Nuevos retos del Delegado de Protecci\u00f3n de Datos. IA, Ciberseguridad, y Derechos Digitales - Fundaci\u00f3 TIC Salut i Social","robots":{"index":"index","follow":"follow","max-snippet":"max-snippet:-1","max-image-preview":"max-image-preview:large","max-video-preview":"max-video-preview:-1"},"canonical":"https:\/\/ticsalutsocial.atoom.space\/es\/event\/nous-reptes-del-delegat-de-proteccio-de-dades-ia-ciberseguretat-i-drets-digitals-2\/","og_locale":"es_ES","og_type":"article","og_title":"Nuevos retos del Delegado de Protecci\u00f3n de Datos. IA, Ciberseguridad, y Derechos Digitales - Fundaci\u00f3 TIC Salut i Social","og_description":"una jornada de ma\u00f1ana en la que Delegados de Protecci\u00f3n de Datos de diversas empresas, organizaciones y administraciones conversar\u00e1n sobre los retos presentes y futuros de la protecci\u00f3n de datos y la privacidad. 10h. Inauguraci\u00f3n Alexander Salvador Cerqueda, Diputado de la Junta de Gobierno del ICAB MESA REDONDA 1: El papel del DPD: Entre la [&hellip;]","og_url":"https:\/\/ticsalutsocial.atoom.space\/es\/event\/nous-reptes-del-delegat-de-proteccio-de-dades-ia-ciberseguretat-i-drets-digitals-2\/","og_site_name":"Fundaci\u00f3 TIC Salut i Social","article_modified_time":"2025-11-21T12:03:03+00:00","twitter_card":"summary_large_image","twitter_misc":{"Tiempo de lectura":"1 minuto"},"schema":{"@context":"https:\/\/schema.org","@graph":[{"@type":"WebPage","@id":"https:\/\/ticsalutsocial.atoom.space\/es\/event\/nous-reptes-del-delegat-de-proteccio-de-dades-ia-ciberseguretat-i-drets-digitals-2\/","url":"https:\/\/ticsalutsocial.atoom.space\/es\/event\/nous-reptes-del-delegat-de-proteccio-de-dades-ia-ciberseguretat-i-drets-digitals-2\/","name":"Nuevos retos del Delegado de Protecci\u00f3n de Datos. IA, Ciberseguridad, y Derechos Digitales - Fundaci\u00f3 TIC Salut i Social","isPartOf":{"@id":"https:\/\/ticsalutsocial.atoom.space\/es\/#website"},"datePublished":"2025-11-21T10:55:04+00:00","dateModified":"2025-11-21T12:03:03+00:00","breadcrumb":{"@id":"https:\/\/ticsalutsocial.atoom.space\/es\/event\/nous-reptes-del-delegat-de-proteccio-de-dades-ia-ciberseguretat-i-drets-digitals-2\/#breadcrumb"},"inLanguage":"es","potentialAction":[{"@type":"ReadAction","target":["https:\/\/ticsalutsocial.atoom.space\/es\/event\/nous-reptes-del-delegat-de-proteccio-de-dades-ia-ciberseguretat-i-drets-digitals-2\/"]}]},{"@type":"BreadcrumbList","@id":"https:\/\/ticsalutsocial.atoom.space\/es\/event\/nous-reptes-del-delegat-de-proteccio-de-dades-ia-ciberseguretat-i-drets-digitals-2\/#breadcrumb","itemListElement":[{"@type":"ListItem","position":1,"name":"Inici","item":"https:\/\/ticsalutsocial.atoom.space\/es\/"},{"@type":"ListItem","position":2,"name":"Nuevos retos del Delegado de Protecci\u00f3n de Datos. IA, Ciberseguridad, y Derechos Digitales"}]},{"@type":"WebSite","@id":"https:\/\/ticsalutsocial.atoom.space\/es\/#website","url":"https:\/\/ticsalutsocial.atoom.space\/es\/","name":"Fundaci\u00f3 TIC Salut i Social","description":"","potentialAction":[{"@type":"SearchAction","target":{"@type":"EntryPoint","urlTemplate":"https:\/\/ticsalutsocial.atoom.space\/es\/?s={search_term_string}"},"query-input":{"@type":"PropertyValueSpecification","valueRequired":true,"valueName":"search_term_string"}}],"inLanguage":"es"}]}},"_links":{"self":[{"href":"https:\/\/ticsalutsocial.atoom.space\/es\/wp-json\/wp\/v2\/event\/34645","targetHints":{"allow":["GET"]}}],"collection":[{"href":"https:\/\/ticsalutsocial.atoom.space\/es\/wp-json\/wp\/v2\/event"}],"about":[{"href":"https:\/\/ticsalutsocial.atoom.space\/es\/wp-json\/wp\/v2\/types\/event"}],"wp:attachment":[{"href":"https:\/\/ticsalutsocial.atoom.space\/es\/wp-json\/wp\/v2\/media?parent=34645"}],"wp:term":[{"taxonomy":"tipus","embeddable":true,"href":"https:\/\/ticsalutsocial.atoom.space\/es\/wp-json\/wp\/v2\/tipus?post=34645"},{"taxonomy":"topic","embeddable":true,"href":"https:\/\/ticsalutsocial.atoom.space\/es\/wp-json\/wp\/v2\/topic?post=34645"}],"curies":[{"name":"wp","href":"https:\/\/api.w.org\/{rel}","templated":true}]}}

Nuevos retos del Delegado de Protección de Datos. IA, Ciberseguridad, y Derechos Digitales

<div class="detail-body">
<p>una jornada de mañana en la que Delegados de Protección de Datos de diversas empresas, organizaciones y administraciones conversarán sobre los retos presentes y futuros de la protección de datos y la privacidad.</p>
<p><strong>10h. Inauguración</strong></p>
<ul>
<li>Alexander Salvador Cerqueda, Diputado de la Junta de Gobierno del ICAB</li>
</ul>
<p><strong>MESA REDONDA 1: El papel del DPD: Entre la institución y la ciudadanía</strong></p>
<p><strong>Presenta:</strong></p>
<ul>
<li>Xavier Urios, Jefe Asesoría Jurídica de la APDCAT.</li>
</ul>
<p><strong>Ponentes:</strong></p>
<ul>
<li>Ester Santiago, DPD del Ayuntamiento de Barcelona.</li>
<li>Marc Vives, DPD de la UPF.</li>
<li>María José Campo Salas, Directora de la Oficina del Delegat de Protecció de Dades de Salut.</li>
</ul>
<p><strong>Modera:</strong></p>
<ul>
<li>Maria Loza Corera, Abogada.</li>
</ul>
<p><strong>MESA REDONDA 2: Conversaciones entre DPD de grandes compañías</strong></p>
<p><strong>Ponentes:</strong></p>
<ul>
<li>Montse Carrera, DPD de Naturgy.</li>
<li>Nuria Sánchez de Juan, DPD de Editorial Planeta.</li>
<li>Patricia Lozano, DPD de la UOC.</li>
</ul>
<p><strong>Modera:</strong></p>
<ul>
<li>Júlia Bacaria Gea, Abogada y Presidenta de la Sección TIC del ICAB.</li>
</ul>
</div>

Gratuito previa inscripción

<!-- This site is optimized with the Yoast SEO plugin v27.1.1 - https://yoast.com/product/yoast-seo-wordpress/ -->
<title>Nuevos retos del Delegado de Protección de Datos. IA, Ciberseguridad, y Derechos Digitales - Fundació TIC Salut i Social</title>
<meta name="robots" content="index, follow, max-snippet:-1, max-image-preview:large, max-video-preview:-1" />
<link rel="canonical" href="https://ticsalutsocial.atoom.space/es/event/nous-reptes-del-delegat-de-proteccio-de-dades-ia-ciberseguretat-i-drets-digitals-2/" />
<meta property="og:locale" content="es_ES" />
<meta property="og:type" content="article" />
<meta property="og:title" content="Nuevos retos del Delegado de Protección de Datos. IA, Ciberseguridad, y Derechos Digitales - Fundació TIC Salut i Social" />
<meta property="og:description" content="una jornada de mañana en la que Delegados de Protección de Datos de diversas empresas, organizaciones y administraciones conversarán sobre los retos presentes y futuros de la protección de datos y la privacidad. 10h. Inauguración Alexander Salvador Cerqueda, Diputado de la Junta de Gobierno del ICAB MESA REDONDA 1: El papel del DPD: Entre la [&hellip;]" />
<meta property="og:url" content="https://ticsalutsocial.atoom.space/es/event/nous-reptes-del-delegat-de-proteccio-de-dades-ia-ciberseguretat-i-drets-digitals-2/" />
<meta property="og:site_name" content="Fundació TIC Salut i Social" />
<meta property="article:modified_time" content="2025-11-21T12:03:03+00:00" />
<meta name="twitter:card" content="summary_large_image" />
<meta name="twitter:label1" content="Tiempo de lectura" />
	<meta name="twitter:data1" content="1 minuto" />
<script type="application/ld+json" class="yoast-schema-graph">{"@context":"https://schema.org","@graph":[{"@type":"WebPage","@id":"https://ticsalutsocial.atoom.space/es/event/nous-reptes-del-delegat-de-proteccio-de-dades-ia-ciberseguretat-i-drets-digitals-2/","url":"https://ticsalutsocial.atoom.space/es/event/nous-reptes-del-delegat-de-proteccio-de-dades-ia-ciberseguretat-i-drets-digitals-2/","name":"Nuevos retos del Delegado de Protección de Datos. IA, Ciberseguridad, y Derechos Digitales - Fundació TIC Salut i Social","isPartOf":{"@id":"https://ticsalutsocial.atoom.space/es/#website"},"datePublished":"2025-11-21T10:55:04+00:00","dateModified":"2025-11-21T12:03:03+00:00","breadcrumb":{"@id":"https://ticsalutsocial.atoom.space/es/event/nous-reptes-del-delegat-de-proteccio-de-dades-ia-ciberseguretat-i-drets-digitals-2/#breadcrumb"},"inLanguage":"es","potentialAction":[{"@type":"ReadAction","target":["https://ticsalutsocial.atoom.space/es/event/nous-reptes-del-delegat-de-proteccio-de-dades-ia-ciberseguretat-i-drets-digitals-2/"]}]},{"@type":"BreadcrumbList","@id":"https://ticsalutsocial.atoom.space/es/event/nous-reptes-del-delegat-de-proteccio-de-dades-ia-ciberseguretat-i-drets-digitals-2/#breadcrumb","itemListElement":[{"@type":"ListItem","position":1,"name":"Inici","item":"https://ticsalutsocial.atoom.space/es/"},{"@type":"ListItem","position":2,"name":"Nuevos retos del Delegado de Protección de Datos. IA, Ciberseguridad, y Derechos Digitales"}]},{"@type":"WebSite","@id":"https://ticsalutsocial.atoom.space/es/#website","url":"https://ticsalutsocial.atoom.space/es/","name":"Fundació TIC Salut i Social","description":"","potentialAction":[{"@type":"SearchAction","target":{"@type":"EntryPoint","urlTemplate":"https://ticsalutsocial.atoom.space/es/?s={search_term_string}"},"query-input":{"@type":"PropertyValueSpecification","valueRequired":true,"valueName":"search_term_string"}}],"inLanguage":"es"}]}</script>
<!-- / Yoast SEO plugin. -->

Nuevos retos del Delegado de Protección de Datos. IA, Ciberseguridad, y Derechos Digitales - Fundació TIC Salut i Social

una jornada de mañana en la que Delegados de Protección de Datos de diversas empresas, organizaciones y administraciones conversarán sobre los retos presentes y futuros de la protección de datos y la privacidad. 10h. Inauguración Alexander Salvador Cerqueda, Diputado de la Junta de Gobierno del ICAB MESA REDONDA 1: El papel del DPD: Entre la [&hellip;]

Fundació TIC Salut i Social
