
{"id":34910,"date":"2025-12-01T17:15:27","date_gmt":"2025-12-01T15:15:27","guid":{"rendered":"https:\/\/ticsalutsocial.atoom.space\/?post_type=event&#038;p=34910"},"modified":"2026-01-16T16:55:17","modified_gmt":"2026-01-16T14:55:17","slug":"radical-health-festival-helsinki-2026","status":"publish","type":"event","link":"https:\/\/ticsalutsocial.atoom.space\/es\/event\/radical-health-festival-helsinki-2026\/","title":{"rendered":"Radical Health Festival Helsinki 2026"},"content":{"rendered":"\r\n<p>19 &#8211; 21 Enero<\/p>\r\n","protected":false},"featured_media":0,"menu_order":0,"template":"","meta":{"_acf_changed":false,"inline_featured_image":false},"tipus":[1186],"topic":[117],"class_list":["post-34910","event","type-event","status-publish","hentry","tipus-ehealth-es-2","topic-jornadas"],"acf":{"informacio":{"ubicacio":"Helsinki","data":"21\/01\/2026","hora":"15:00h","preu":"","inscripcions":"https:\/\/www.tickettailor.com\/events\/ehtel\/1933082"},"programa":{"titol":"Conectar. Colaborar. Cocrear el futuro de la salud digital en Europa. Reuni\u00f3n de Matchmaking y Cena de Networking para Miembros de EHTEL","items":[{"titol":"21 enero de 2026 | 15.00h","contingut":"Participamos activamente en el Radical Health Festival Helsinki 2026, evento de referencia en Europa que re\u00fane profesionales de la salud, empresas tecnol\u00f3gicas y pacientes con el objetivo de transformar el futuro de la atenci\u00f3n m\u00e9dica.<br \/>\r\n<br \/>\r\nEl festival impulsa la innovaci\u00f3n y la colaboraci\u00f3n en el sector salud, con un foco especial en la salud de precisi\u00f3n y la prevenci\u00f3n, y aborda temas clave como la inteligencia artificial, la privacidad de los datos y la innovaci\u00f3n en la atenci\u00f3n sanitaria.<br \/>\r\n<br \/>\r\nSimposium EHDS de alto impacto | 21 de enero:<br \/>\r\n<br \/>\r\n\ud83d\udd50 13:30 \u2013 14:30 | Sesi\u00f3n 3 \u00b7 Comunicaci\u00f3n de algoritmos EHR.<br \/>\r\nEsta sesi\u00f3n analiza la necesidad de disponer de datos de alta calidad, estructurados de manera significativa y f\u00e1cilmente compartibles para alimentar herramientas algor\u00edtmicas. Lograr un impacto real requiere estrategias integrales y multinivel \u2014desde los flujos de trabajo hospitalarios locales hasta los marcos sem\u00e1nticos europeos\u2014 con personas e inteligencia artificial trabajando conjuntamente para refinar los ecosistemas de datos.<br \/>\r\nEntre las ponentes destaca Anna Benavent Navarro, directora d\u2019Estrat\u00e8gia de Salut Digital i Internacional del Consorci Corporaci\u00f3 Sanit\u00e0ria Parc Taul\u00ed.<br \/>\r\n<br \/>\r\n\ud83d\udd50 15:00 \u2013 16:00 | Sesi\u00f3n 4 \u00b7 The Yellow Button: innovando en la vida cotidiana con el acceso de los pacientes.<br \/>\r\nEl acceso de los pacientes a sus datos de salud va mucho m\u00e1s all\u00e1 del inter\u00e9s individual por conocer el propio estado de salud. Este derecho es clave para activar un ecosistema de soluciones innovadoras que no serian posibles si los datos continuaran confinados dentro de hospitales o laboratorios.<br \/>\r\nEntre los ponentes destacan Carla \u00c1lvarez y Carme Pratdep\u00e0dua, de la Fundaci\u00f3 TIC Salut i Social.<br \/>\r\n<br \/>\r\n"}]},"documents":false,"imatge":35050},"yoast_head":"<!-- This site is optimized with the Yoast SEO plugin v27.1.1 - https:\/\/yoast.com\/product\/yoast-seo-wordpress\/ -->\n<title>Radical Health Festival Helsinki 2026 - Fundaci\u00f3 TIC Salut i Social<\/title>\n<meta name=\"robots\" content=\"index, follow, max-snippet:-1, max-image-preview:large, max-video-preview:-1\" \/>\n<link rel=\"canonical\" href=\"https:\/\/ticsalutsocial.atoom.space\/es\/event\/radical-health-festival-helsinki-2026\/\" \/>\n<meta property=\"og:locale\" content=\"es_ES\" \/>\n<meta property=\"og:type\" content=\"article\" \/>\n<meta property=\"og:title\" content=\"Radical Health Festival Helsinki 2026 - Fundaci\u00f3 TIC Salut i Social\" \/>\n<meta property=\"og:description\" content=\"19 &#8211; 21 Enero\" \/>\n<meta property=\"og:url\" content=\"https:\/\/ticsalutsocial.atoom.space\/es\/event\/radical-health-festival-helsinki-2026\/\" \/>\n<meta property=\"og:site_name\" content=\"Fundaci\u00f3 TIC Salut i Social\" \/>\n<meta property=\"article:modified_time\" content=\"2026-01-16T14:55:17+00:00\" \/>\n<meta property=\"og:image\" content=\"https:\/\/ticsalutsocial.atoom.space\/wp-content\/uploads\/2025\/12\/Radical-Festival-Helsinki-2026.png\" \/>\n\t<meta property=\"og:image:width\" content=\"488\" \/>\n\t<meta property=\"og:image:height\" content=\"365\" \/>\n\t<meta property=\"og:image:type\" content=\"image\/png\" \/>\n<meta name=\"twitter:card\" content=\"summary_large_image\" \/>\n<meta name=\"twitter:label1\" content=\"Tiempo de lectura\" \/>\n\t<meta name=\"twitter:data1\" content=\"1 minuto\" \/>\n<script type=\"application\/ld+json\" class=\"yoast-schema-graph\">{\"@context\":\"https:\/\/schema.org\",\"@graph\":[{\"@type\":\"WebPage\",\"@id\":\"https:\/\/ticsalutsocial.atoom.space\/es\/event\/radical-health-festival-helsinki-2026\/\",\"url\":\"https:\/\/ticsalutsocial.atoom.space\/es\/event\/radical-health-festival-helsinki-2026\/\",\"name\":\"Radical Health Festival Helsinki 2026 - Fundaci\u00f3 TIC Salut i Social\",\"isPartOf\":{\"@id\":\"https:\/\/ticsalutsocial.atoom.space\/es\/#website\"},\"datePublished\":\"2025-12-01T15:15:27+00:00\",\"dateModified\":\"2026-01-16T14:55:17+00:00\",\"breadcrumb\":{\"@id\":\"https:\/\/ticsalutsocial.atoom.space\/es\/event\/radical-health-festival-helsinki-2026\/#breadcrumb\"},\"inLanguage\":\"es\",\"potentialAction\":[{\"@type\":\"ReadAction\",\"target\":[\"https:\/\/ticsalutsocial.atoom.space\/es\/event\/radical-health-festival-helsinki-2026\/\"]}]},{\"@type\":\"BreadcrumbList\",\"@id\":\"https:\/\/ticsalutsocial.atoom.space\/es\/event\/radical-health-festival-helsinki-2026\/#breadcrumb\",\"itemListElement\":[{\"@type\":\"ListItem\",\"position\":1,\"name\":\"Inici\",\"item\":\"https:\/\/ticsalutsocial.atoom.space\/es\/\"},{\"@type\":\"ListItem\",\"position\":2,\"name\":\"Radical Health Festival Helsinki 2026\"}]},{\"@type\":\"WebSite\",\"@id\":\"https:\/\/ticsalutsocial.atoom.space\/es\/#website\",\"url\":\"https:\/\/ticsalutsocial.atoom.space\/es\/\",\"name\":\"Fundaci\u00f3 TIC Salut i Social\",\"description\":\"\",\"potentialAction\":[{\"@type\":\"SearchAction\",\"target\":{\"@type\":\"EntryPoint\",\"urlTemplate\":\"https:\/\/ticsalutsocial.atoom.space\/es\/?s={search_term_string}\"},\"query-input\":{\"@type\":\"PropertyValueSpecification\",\"valueRequired\":true,\"valueName\":\"search_term_string\"}}],\"inLanguage\":\"es\"}]}<\/script>\n<!-- \/ Yoast SEO plugin. -->","yoast_head_json":{"title":"Radical Health Festival Helsinki 2026 - Fundaci\u00f3 TIC Salut i Social","robots":{"index":"index","follow":"follow","max-snippet":"max-snippet:-1","max-image-preview":"max-image-preview:large","max-video-preview":"max-video-preview:-1"},"canonical":"https:\/\/ticsalutsocial.atoom.space\/es\/event\/radical-health-festival-helsinki-2026\/","og_locale":"es_ES","og_type":"article","og_title":"Radical Health Festival Helsinki 2026 - Fundaci\u00f3 TIC Salut i Social","og_description":"19 &#8211; 21 Enero","og_url":"https:\/\/ticsalutsocial.atoom.space\/es\/event\/radical-health-festival-helsinki-2026\/","og_site_name":"Fundaci\u00f3 TIC Salut i Social","article_modified_time":"2026-01-16T14:55:17+00:00","og_image":[{"width":488,"height":365,"url":"https:\/\/ticsalutsocial.atoom.space\/wp-content\/uploads\/2025\/12\/Radical-Festival-Helsinki-2026.png","type":"image\/png"}],"twitter_card":"summary_large_image","twitter_misc":{"Tiempo de lectura":"1 minuto"},"schema":{"@context":"https:\/\/schema.org","@graph":[{"@type":"WebPage","@id":"https:\/\/ticsalutsocial.atoom.space\/es\/event\/radical-health-festival-helsinki-2026\/","url":"https:\/\/ticsalutsocial.atoom.space\/es\/event\/radical-health-festival-helsinki-2026\/","name":"Radical Health Festival Helsinki 2026 - Fundaci\u00f3 TIC Salut i Social","isPartOf":{"@id":"https:\/\/ticsalutsocial.atoom.space\/es\/#website"},"datePublished":"2025-12-01T15:15:27+00:00","dateModified":"2026-01-16T14:55:17+00:00","breadcrumb":{"@id":"https:\/\/ticsalutsocial.atoom.space\/es\/event\/radical-health-festival-helsinki-2026\/#breadcrumb"},"inLanguage":"es","potentialAction":[{"@type":"ReadAction","target":["https:\/\/ticsalutsocial.atoom.space\/es\/event\/radical-health-festival-helsinki-2026\/"]}]},{"@type":"BreadcrumbList","@id":"https:\/\/ticsalutsocial.atoom.space\/es\/event\/radical-health-festival-helsinki-2026\/#breadcrumb","itemListElement":[{"@type":"ListItem","position":1,"name":"Inici","item":"https:\/\/ticsalutsocial.atoom.space\/es\/"},{"@type":"ListItem","position":2,"name":"Radical Health Festival Helsinki 2026"}]},{"@type":"WebSite","@id":"https:\/\/ticsalutsocial.atoom.space\/es\/#website","url":"https:\/\/ticsalutsocial.atoom.space\/es\/","name":"Fundaci\u00f3 TIC Salut i Social","description":"","potentialAction":[{"@type":"SearchAction","target":{"@type":"EntryPoint","urlTemplate":"https:\/\/ticsalutsocial.atoom.space\/es\/?s={search_term_string}"},"query-input":{"@type":"PropertyValueSpecification","valueRequired":true,"valueName":"search_term_string"}}],"inLanguage":"es"}]}},"_links":{"self":[{"href":"https:\/\/ticsalutsocial.atoom.space\/es\/wp-json\/wp\/v2\/event\/34910","targetHints":{"allow":["GET"]}}],"collection":[{"href":"https:\/\/ticsalutsocial.atoom.space\/es\/wp-json\/wp\/v2\/event"}],"about":[{"href":"https:\/\/ticsalutsocial.atoom.space\/es\/wp-json\/wp\/v2\/types\/event"}],"wp:attachment":[{"href":"https:\/\/ticsalutsocial.atoom.space\/es\/wp-json\/wp\/v2\/media?parent=34910"}],"wp:term":[{"taxonomy":"tipus","embeddable":true,"href":"https:\/\/ticsalutsocial.atoom.space\/es\/wp-json\/wp\/v2\/tipus?post=34910"},{"taxonomy":"topic","embeddable":true,"href":"https:\/\/ticsalutsocial.atoom.space\/es\/wp-json\/wp\/v2\/topic?post=34910"}],"curies":[{"name":"wp","href":"https:\/\/api.w.org\/{rel}","templated":true}]}}

Conectar. Colaborar. Cocrear el futuro de la salud digital en Europa. Reunión de Matchmaking y Cena de Networking para Miembros de EHTEL

Participamos activamente en el Radical Health Festival Helsinki 2026, evento de referencia en Europa que reúne profesionales de la salud, empresas tecnológicas y pacientes con el objetivo de transformar el futuro de la atención médica.<br />
<br />
El festival impulsa la innovación y la colaboración en el sector salud, con un foco especial en la salud de precisión y la prevención, y aborda temas clave como la inteligencia artificial, la privacidad de los datos y la innovación en la atención sanitaria.<br />
<br />
Simposium EHDS de alto impacto | 21 de enero:<br />
<br />
🕐 13:30 – 14:30 | Sesión 3 · Comunicación de algoritmos EHR.<br />
Esta sesión analiza la necesidad de disponer de datos de alta calidad, estructurados de manera significativa y fácilmente compartibles para alimentar herramientas algorítmicas. Lograr un impacto real requiere estrategias integrales y multinivel —desde los flujos de trabajo hospitalarios locales hasta los marcos semánticos europeos— con personas e inteligencia artificial trabajando conjuntamente para refinar los ecosistemas de datos.<br />
Entre las ponentes destaca Anna Benavent Navarro, directora d’Estratègia de Salut Digital i Internacional del Consorci Corporació Sanitària Parc Taulí.<br />
<br />
🕐 15:00 – 16:00 | Sesión 4 · The Yellow Button: innovando en la vida cotidiana con el acceso de los pacientes.<br />
El acceso de los pacientes a sus datos de salud va mucho más allá del interés individual por conocer el propio estado de salud. Este derecho es clave para activar un ecosistema de soluciones innovadoras que no serian posibles si los datos continuaran confinados dentro de hospitales o laboratorios.<br />
Entre los ponentes destacan Carla Álvarez y Carme Pratdepàdua, de la Fundació TIC Salut i Social.<br />
<br />

<!-- This site is optimized with the Yoast SEO plugin v27.1.1 - https://yoast.com/product/yoast-seo-wordpress/ -->
<title>Radical Health Festival Helsinki 2026 - Fundació TIC Salut i Social</title>
<meta name="robots" content="index, follow, max-snippet:-1, max-image-preview:large, max-video-preview:-1" />
<link rel="canonical" href="https://ticsalutsocial.atoom.space/es/event/radical-health-festival-helsinki-2026/" />
<meta property="og:locale" content="es_ES" />
<meta property="og:type" content="article" />
<meta property="og:title" content="Radical Health Festival Helsinki 2026 - Fundació TIC Salut i Social" />
<meta property="og:description" content="19 &#8211; 21 Enero" />
<meta property="og:url" content="https://ticsalutsocial.atoom.space/es/event/radical-health-festival-helsinki-2026/" />
<meta property="og:site_name" content="Fundació TIC Salut i Social" />
<meta property="article:modified_time" content="2026-01-16T14:55:17+00:00" />
<meta property="og:image" content="https://ticsalutsocial.atoom.space/wp-content/uploads/2025/12/Radical-Festival-Helsinki-2026.png" />
	<meta property="og:image:width" content="488" />
	<meta property="og:image:height" content="365" />
	<meta property="og:image:type" content="image/png" />
<meta name="twitter:card" content="summary_large_image" />
<meta name="twitter:label1" content="Tiempo de lectura" />
	<meta name="twitter:data1" content="1 minuto" />
<script type="application/ld+json" class="yoast-schema-graph">{"@context":"https://schema.org","@graph":[{"@type":"WebPage","@id":"https://ticsalutsocial.atoom.space/es/event/radical-health-festival-helsinki-2026/","url":"https://ticsalutsocial.atoom.space/es/event/radical-health-festival-helsinki-2026/","name":"Radical Health Festival Helsinki 2026 - Fundació TIC Salut i Social","isPartOf":{"@id":"https://ticsalutsocial.atoom.space/es/#website"},"datePublished":"2025-12-01T15:15:27+00:00","dateModified":"2026-01-16T14:55:17+00:00","breadcrumb":{"@id":"https://ticsalutsocial.atoom.space/es/event/radical-health-festival-helsinki-2026/#breadcrumb"},"inLanguage":"es","potentialAction":[{"@type":"ReadAction","target":["https://ticsalutsocial.atoom.space/es/event/radical-health-festival-helsinki-2026/"]}]},{"@type":"BreadcrumbList","@id":"https://ticsalutsocial.atoom.space/es/event/radical-health-festival-helsinki-2026/#breadcrumb","itemListElement":[{"@type":"ListItem","position":1,"name":"Inici","item":"https://ticsalutsocial.atoom.space/es/"},{"@type":"ListItem","position":2,"name":"Radical Health Festival Helsinki 2026"}]},{"@type":"WebSite","@id":"https://ticsalutsocial.atoom.space/es/#website","url":"https://ticsalutsocial.atoom.space/es/","name":"Fundació TIC Salut i Social","description":"","potentialAction":[{"@type":"SearchAction","target":{"@type":"EntryPoint","urlTemplate":"https://ticsalutsocial.atoom.space/es/?s={search_term_string}"},"query-input":{"@type":"PropertyValueSpecification","valueRequired":true,"valueName":"search_term_string"}}],"inLanguage":"es"}]}</script>
<!-- / Yoast SEO plugin. -->

Radical Health Festival Helsinki 2026 - Fundació TIC Salut i Social

Fundació TIC Salut i Social
