
{"id":35243,"date":"2026-01-09T13:24:27","date_gmt":"2026-01-09T11:24:27","guid":{"rendered":"https:\/\/ticsalutsocial.atoom.space\/?post_type=event&#038;p=35243"},"modified":"2026-01-09T13:42:35","modified_gmt":"2026-01-09T11:42:35","slug":"como-se-gestiona-un-servicio-de-salud-en-situacion-de-emergencia-o-conflicto-belico","status":"publish","type":"event","link":"https:\/\/ticsalutsocial.atoom.space\/es\/event\/como-se-gestiona-un-servicio-de-salud-en-situacion-de-emergencia-o-conflicto-belico\/","title":{"rendered":"\u00bfComo se gestiona un servicio de salud en situaci\u00f3n de emergencia o conflicto b\u00e9lico?"},"content":{"rendered":"","protected":false},"featured_media":0,"menu_order":0,"template":"","meta":{"_acf_changed":false,"inline_featured_image":false},"tipus":[],"topic":[123],"class_list":["post-35243","event","type-event","status-publish","hentry","topic-actualidad"],"acf":{"informacio":{"ubicacio":"Acad\u00e8mia de Ci\u00e8ncies M\u00e8diques i de la Salut de Catalunya i Balears (C\/ Major de Can Caralleu, 7. Barcelona)","data":"21\/01\/2026","hora":"17:00h","preu":"","inscripcions":"https:\/\/docs.google.com\/forms\/d\/e\/1FAIpQLSemX0xpXl1zhAye6Fh9UL12iDY8nDE0LObejyrNtI3vvcvXPQ\/viewform"},"programa":{"titol":"","items":false},"imatge":35246,"documents":false},"yoast_head":"<!-- This site is optimized with the Yoast SEO plugin v27.1.1 - https:\/\/yoast.com\/product\/yoast-seo-wordpress\/ -->\n<title>\u00bfComo se gestiona un servicio de salud en situaci\u00f3n de emergencia o conflicto b\u00e9lico? - Fundaci\u00f3 TIC Salut i Social<\/title>\n<meta name=\"robots\" content=\"index, follow, max-snippet:-1, max-image-preview:large, max-video-preview:-1\" \/>\n<link rel=\"canonical\" href=\"https:\/\/ticsalutsocial.atoom.space\/es\/event\/como-se-gestiona-un-servicio-de-salud-en-situacion-de-emergencia-o-conflicto-belico\/\" \/>\n<meta property=\"og:locale\" content=\"es_ES\" \/>\n<meta property=\"og:type\" content=\"article\" \/>\n<meta property=\"og:title\" content=\"\u00bfComo se gestiona un servicio de salud en situaci\u00f3n de emergencia o conflicto b\u00e9lico? - Fundaci\u00f3 TIC Salut i Social\" \/>\n<meta property=\"og:url\" content=\"https:\/\/ticsalutsocial.atoom.space\/es\/event\/como-se-gestiona-un-servicio-de-salud-en-situacion-de-emergencia-o-conflicto-belico\/\" \/>\n<meta property=\"og:site_name\" content=\"Fundaci\u00f3 TIC Salut i Social\" \/>\n<meta property=\"article:modified_time\" content=\"2026-01-09T11:42:35+00:00\" \/>\n<meta name=\"twitter:card\" content=\"summary_large_image\" \/>\n<script type=\"application\/ld+json\" class=\"yoast-schema-graph\">{\"@context\":\"https:\/\/schema.org\",\"@graph\":[{\"@type\":\"WebPage\",\"@id\":\"https:\/\/ticsalutsocial.atoom.space\/es\/event\/como-se-gestiona-un-servicio-de-salud-en-situacion-de-emergencia-o-conflicto-belico\/\",\"url\":\"https:\/\/ticsalutsocial.atoom.space\/es\/event\/como-se-gestiona-un-servicio-de-salud-en-situacion-de-emergencia-o-conflicto-belico\/\",\"name\":\"\u00bfComo se gestiona un servicio de salud en situaci\u00f3n de emergencia o conflicto b\u00e9lico? - Fundaci\u00f3 TIC Salut i Social\",\"isPartOf\":{\"@id\":\"https:\/\/ticsalutsocial.atoom.space\/es\/#website\"},\"datePublished\":\"2026-01-09T11:24:27+00:00\",\"dateModified\":\"2026-01-09T11:42:35+00:00\",\"breadcrumb\":{\"@id\":\"https:\/\/ticsalutsocial.atoom.space\/es\/event\/como-se-gestiona-un-servicio-de-salud-en-situacion-de-emergencia-o-conflicto-belico\/#breadcrumb\"},\"inLanguage\":\"es\",\"potentialAction\":[{\"@type\":\"ReadAction\",\"target\":[\"https:\/\/ticsalutsocial.atoom.space\/es\/event\/como-se-gestiona-un-servicio-de-salud-en-situacion-de-emergencia-o-conflicto-belico\/\"]}]},{\"@type\":\"BreadcrumbList\",\"@id\":\"https:\/\/ticsalutsocial.atoom.space\/es\/event\/como-se-gestiona-un-servicio-de-salud-en-situacion-de-emergencia-o-conflicto-belico\/#breadcrumb\",\"itemListElement\":[{\"@type\":\"ListItem\",\"position\":1,\"name\":\"Inici\",\"item\":\"https:\/\/ticsalutsocial.atoom.space\/es\/\"},{\"@type\":\"ListItem\",\"position\":2,\"name\":\"\u00bfComo se gestiona un servicio de salud en situaci\u00f3n de emergencia o conflicto b\u00e9lico?\"}]},{\"@type\":\"WebSite\",\"@id\":\"https:\/\/ticsalutsocial.atoom.space\/es\/#website\",\"url\":\"https:\/\/ticsalutsocial.atoom.space\/es\/\",\"name\":\"Fundaci\u00f3 TIC Salut i Social\",\"description\":\"\",\"potentialAction\":[{\"@type\":\"SearchAction\",\"target\":{\"@type\":\"EntryPoint\",\"urlTemplate\":\"https:\/\/ticsalutsocial.atoom.space\/es\/?s={search_term_string}\"},\"query-input\":{\"@type\":\"PropertyValueSpecification\",\"valueRequired\":true,\"valueName\":\"search_term_string\"}}],\"inLanguage\":\"es\"}]}<\/script>\n<!-- \/ Yoast SEO plugin. -->","yoast_head_json":{"title":"\u00bfComo se gestiona un servicio de salud en situaci\u00f3n de emergencia o conflicto b\u00e9lico? - Fundaci\u00f3 TIC Salut i Social","robots":{"index":"index","follow":"follow","max-snippet":"max-snippet:-1","max-image-preview":"max-image-preview:large","max-video-preview":"max-video-preview:-1"},"canonical":"https:\/\/ticsalutsocial.atoom.space\/es\/event\/como-se-gestiona-un-servicio-de-salud-en-situacion-de-emergencia-o-conflicto-belico\/","og_locale":"es_ES","og_type":"article","og_title":"\u00bfComo se gestiona un servicio de salud en situaci\u00f3n de emergencia o conflicto b\u00e9lico? - Fundaci\u00f3 TIC Salut i Social","og_url":"https:\/\/ticsalutsocial.atoom.space\/es\/event\/como-se-gestiona-un-servicio-de-salud-en-situacion-de-emergencia-o-conflicto-belico\/","og_site_name":"Fundaci\u00f3 TIC Salut i Social","article_modified_time":"2026-01-09T11:42:35+00:00","twitter_card":"summary_large_image","schema":{"@context":"https:\/\/schema.org","@graph":[{"@type":"WebPage","@id":"https:\/\/ticsalutsocial.atoom.space\/es\/event\/como-se-gestiona-un-servicio-de-salud-en-situacion-de-emergencia-o-conflicto-belico\/","url":"https:\/\/ticsalutsocial.atoom.space\/es\/event\/como-se-gestiona-un-servicio-de-salud-en-situacion-de-emergencia-o-conflicto-belico\/","name":"\u00bfComo se gestiona un servicio de salud en situaci\u00f3n de emergencia o conflicto b\u00e9lico? - Fundaci\u00f3 TIC Salut i Social","isPartOf":{"@id":"https:\/\/ticsalutsocial.atoom.space\/es\/#website"},"datePublished":"2026-01-09T11:24:27+00:00","dateModified":"2026-01-09T11:42:35+00:00","breadcrumb":{"@id":"https:\/\/ticsalutsocial.atoom.space\/es\/event\/como-se-gestiona-un-servicio-de-salud-en-situacion-de-emergencia-o-conflicto-belico\/#breadcrumb"},"inLanguage":"es","potentialAction":[{"@type":"ReadAction","target":["https:\/\/ticsalutsocial.atoom.space\/es\/event\/como-se-gestiona-un-servicio-de-salud-en-situacion-de-emergencia-o-conflicto-belico\/"]}]},{"@type":"BreadcrumbList","@id":"https:\/\/ticsalutsocial.atoom.space\/es\/event\/como-se-gestiona-un-servicio-de-salud-en-situacion-de-emergencia-o-conflicto-belico\/#breadcrumb","itemListElement":[{"@type":"ListItem","position":1,"name":"Inici","item":"https:\/\/ticsalutsocial.atoom.space\/es\/"},{"@type":"ListItem","position":2,"name":"\u00bfComo se gestiona un servicio de salud en situaci\u00f3n de emergencia o conflicto b\u00e9lico?"}]},{"@type":"WebSite","@id":"https:\/\/ticsalutsocial.atoom.space\/es\/#website","url":"https:\/\/ticsalutsocial.atoom.space\/es\/","name":"Fundaci\u00f3 TIC Salut i Social","description":"","potentialAction":[{"@type":"SearchAction","target":{"@type":"EntryPoint","urlTemplate":"https:\/\/ticsalutsocial.atoom.space\/es\/?s={search_term_string}"},"query-input":{"@type":"PropertyValueSpecification","valueRequired":true,"valueName":"search_term_string"}}],"inLanguage":"es"}]}},"_links":{"self":[{"href":"https:\/\/ticsalutsocial.atoom.space\/es\/wp-json\/wp\/v2\/event\/35243","targetHints":{"allow":["GET"]}}],"collection":[{"href":"https:\/\/ticsalutsocial.atoom.space\/es\/wp-json\/wp\/v2\/event"}],"about":[{"href":"https:\/\/ticsalutsocial.atoom.space\/es\/wp-json\/wp\/v2\/types\/event"}],"wp:attachment":[{"href":"https:\/\/ticsalutsocial.atoom.space\/es\/wp-json\/wp\/v2\/media?parent=35243"}],"wp:term":[{"taxonomy":"tipus","embeddable":true,"href":"https:\/\/ticsalutsocial.atoom.space\/es\/wp-json\/wp\/v2\/tipus?post=35243"},{"taxonomy":"topic","embeddable":true,"href":"https:\/\/ticsalutsocial.atoom.space\/es\/wp-json\/wp\/v2\/topic?post=35243"}],"curies":[{"name":"wp","href":"https:\/\/api.w.org\/{rel}","templated":true}]}}

¿Como se gestiona un servicio de salud en situación de emergencia o conflicto bélico?

Acadèmia de Ciències Mèdiques i de la Salut de Catalunya i Balears (C/ Major de Can Caralleu, 7. Barcelona)

<!-- This site is optimized with the Yoast SEO plugin v27.1.1 - https://yoast.com/product/yoast-seo-wordpress/ -->
<title>¿Como se gestiona un servicio de salud en situación de emergencia o conflicto bélico? - Fundació TIC Salut i Social</title>
<meta name="robots" content="index, follow, max-snippet:-1, max-image-preview:large, max-video-preview:-1" />
<link rel="canonical" href="https://ticsalutsocial.atoom.space/es/event/como-se-gestiona-un-servicio-de-salud-en-situacion-de-emergencia-o-conflicto-belico/" />
<meta property="og:locale" content="es_ES" />
<meta property="og:type" content="article" />
<meta property="og:title" content="¿Como se gestiona un servicio de salud en situación de emergencia o conflicto bélico? - Fundació TIC Salut i Social" />
<meta property="og:url" content="https://ticsalutsocial.atoom.space/es/event/como-se-gestiona-un-servicio-de-salud-en-situacion-de-emergencia-o-conflicto-belico/" />
<meta property="og:site_name" content="Fundació TIC Salut i Social" />
<meta property="article:modified_time" content="2026-01-09T11:42:35+00:00" />
<meta name="twitter:card" content="summary_large_image" />
<script type="application/ld+json" class="yoast-schema-graph">{"@context":"https://schema.org","@graph":[{"@type":"WebPage","@id":"https://ticsalutsocial.atoom.space/es/event/como-se-gestiona-un-servicio-de-salud-en-situacion-de-emergencia-o-conflicto-belico/","url":"https://ticsalutsocial.atoom.space/es/event/como-se-gestiona-un-servicio-de-salud-en-situacion-de-emergencia-o-conflicto-belico/","name":"¿Como se gestiona un servicio de salud en situación de emergencia o conflicto bélico? - Fundació TIC Salut i Social","isPartOf":{"@id":"https://ticsalutsocial.atoom.space/es/#website"},"datePublished":"2026-01-09T11:24:27+00:00","dateModified":"2026-01-09T11:42:35+00:00","breadcrumb":{"@id":"https://ticsalutsocial.atoom.space/es/event/como-se-gestiona-un-servicio-de-salud-en-situacion-de-emergencia-o-conflicto-belico/#breadcrumb"},"inLanguage":"es","potentialAction":[{"@type":"ReadAction","target":["https://ticsalutsocial.atoom.space/es/event/como-se-gestiona-un-servicio-de-salud-en-situacion-de-emergencia-o-conflicto-belico/"]}]},{"@type":"BreadcrumbList","@id":"https://ticsalutsocial.atoom.space/es/event/como-se-gestiona-un-servicio-de-salud-en-situacion-de-emergencia-o-conflicto-belico/#breadcrumb","itemListElement":[{"@type":"ListItem","position":1,"name":"Inici","item":"https://ticsalutsocial.atoom.space/es/"},{"@type":"ListItem","position":2,"name":"¿Como se gestiona un servicio de salud en situación de emergencia o conflicto bélico?"}]},{"@type":"WebSite","@id":"https://ticsalutsocial.atoom.space/es/#website","url":"https://ticsalutsocial.atoom.space/es/","name":"Fundació TIC Salut i Social","description":"","potentialAction":[{"@type":"SearchAction","target":{"@type":"EntryPoint","urlTemplate":"https://ticsalutsocial.atoom.space/es/?s={search_term_string}"},"query-input":{"@type":"PropertyValueSpecification","valueRequired":true,"valueName":"search_term_string"}}],"inLanguage":"es"}]}</script>
<!-- / Yoast SEO plugin. -->

¿Como se gestiona un servicio de salud en situación de emergencia o conflicto bélico? - Fundació TIC Salut i Social

Fundació TIC Salut i Social
