
{"id":35449,"date":"2026-01-23T14:31:25","date_gmt":"2026-01-23T12:31:25","guid":{"rendered":"https:\/\/ticsalutsocial.atoom.space\/?post_type=event&#038;p=35449"},"modified":"2026-01-23T14:38:36","modified_gmt":"2026-01-23T12:38:36","slug":"20e-seminario-internacional-de-la-catedra-unesco-de-bioetica-de-la-universidad-de-barcelona-20-anos-de-la-declaracion-universal-sobre-bioetica-y-derechos-humanos-de-la-unesco-nuevas-tecnolo","status":"publish","type":"event","link":"https:\/\/ticsalutsocial.atoom.space\/es\/event\/20e-seminario-internacional-de-la-catedra-unesco-de-bioetica-de-la-universidad-de-barcelona-20-anos-de-la-declaracion-universal-sobre-bioetica-y-derechos-humanos-de-la-unesco-nuevas-tecnolo\/","title":{"rendered":"20\u00e8 Seminario Internacional de la C\u00e1tedra UNESCO de Bio\u00e9tica de la Universidad de Barcelona: \u201c20 a\u00f1os de la Declaraci\u00f3n Universal sobre Bio\u00e9tica y Derechos Humanos de la UNESCO: Nuevas tecnolog\u00edas gen\u00e9ticas"},"content":{"rendered":"<p><strong>Formato h\u00edbrido<\/strong>:<\/p>\n<ul>\n<li><strong>Presencial:<\/strong> Aula Magna de la Facultad de Medicina y Ciencias de la Salud, Campus Cl\u00ednic de la Universitat de Barcelona <em>(C\/ Casanova 143, 08036 Barcelona).<\/em><\/li>\n<li><strong>Online<\/strong> (es necesario registrarse previamente): retransmisi\u00f3n en directo a trav\u00e9s de YouTube.<\/li>\n<\/ul>\n<p>&nbsp;<\/p>\n","protected":false},"featured_media":0,"menu_order":0,"template":"","meta":{"_acf_changed":false,"inline_featured_image":false},"tipus":[],"topic":[121],"class_list":["post-35449","event","type-event","status-publish","hentry","topic-dpd-es"],"acf":{"informacio":{"ubicacio":"Aula Magna de la Facultad de Medicina y Ciencias de la Salud, Campus Cl\u00ednic de la Universidad de Barcelona (Calle Casanova 143, 08036 Barcelona)","data":"04\/02\/2026","hora":"16:00h","preu":"","inscripcions":"https:\/\/www.bioeticayderecho.ub.edu\/es\/20-seminario-unesco-bioetica"},"programa":{"titol":"","items":false},"imatge":35452,"documents":false},"yoast_head":"<!-- This site is optimized with the Yoast SEO plugin v27.1.1 - https:\/\/yoast.com\/product\/yoast-seo-wordpress\/ -->\n<title>20\u00e8 Seminario Internacional de la C\u00e1tedra UNESCO de Bio\u00e9tica de la Universidad de Barcelona: \u201c20 a\u00f1os de la Declaraci\u00f3n Universal sobre Bio\u00e9tica y Derechos Humanos de la UNESCO: Nuevas tecnolog\u00edas gen\u00e9ticas - Fundaci\u00f3 TIC Salut i Social<\/title>\n<meta name=\"robots\" content=\"index, follow, max-snippet:-1, max-image-preview:large, max-video-preview:-1\" \/>\n<link rel=\"canonical\" href=\"https:\/\/ticsalutsocial.atoom.space\/es\/event\/20e-seminario-internacional-de-la-catedra-unesco-de-bioetica-de-la-universidad-de-barcelona-20-anos-de-la-declaracion-universal-sobre-bioetica-y-derechos-humanos-de-la-unesco-nuevas-tecnolo\/\" \/>\n<meta property=\"og:locale\" content=\"es_ES\" \/>\n<meta property=\"og:type\" content=\"article\" \/>\n<meta property=\"og:title\" content=\"20\u00e8 Seminario Internacional de la C\u00e1tedra UNESCO de Bio\u00e9tica de la Universidad de Barcelona: \u201c20 a\u00f1os de la Declaraci\u00f3n Universal sobre Bio\u00e9tica y Derechos Humanos de la UNESCO: Nuevas tecnolog\u00edas gen\u00e9ticas - Fundaci\u00f3 TIC Salut i Social\" \/>\n<meta property=\"og:description\" content=\"Formato h\u00edbrido: Presencial: Aula Magna de la Facultad de Medicina y Ciencias de la Salud, Campus Cl\u00ednic de la Universitat de Barcelona (C\/ Casanova 143, 08036 Barcelona). Online (es necesario registrarse previamente): retransmisi\u00f3n en directo a trav\u00e9s de YouTube. &nbsp;\" \/>\n<meta property=\"og:url\" content=\"https:\/\/ticsalutsocial.atoom.space\/es\/event\/20e-seminario-internacional-de-la-catedra-unesco-de-bioetica-de-la-universidad-de-barcelona-20-anos-de-la-declaracion-universal-sobre-bioetica-y-derechos-humanos-de-la-unesco-nuevas-tecnolo\/\" \/>\n<meta property=\"og:site_name\" content=\"Fundaci\u00f3 TIC Salut i Social\" \/>\n<meta property=\"article:modified_time\" content=\"2026-01-23T12:38:36+00:00\" \/>\n<meta name=\"twitter:card\" content=\"summary_large_image\" \/>\n<script type=\"application\/ld+json\" class=\"yoast-schema-graph\">{\"@context\":\"https:\/\/schema.org\",\"@graph\":[{\"@type\":\"WebPage\",\"@id\":\"https:\/\/ticsalutsocial.atoom.space\/es\/event\/20e-seminario-internacional-de-la-catedra-unesco-de-bioetica-de-la-universidad-de-barcelona-20-anos-de-la-declaracion-universal-sobre-bioetica-y-derechos-humanos-de-la-unesco-nuevas-tecnolo\/\",\"url\":\"https:\/\/ticsalutsocial.atoom.space\/es\/event\/20e-seminario-internacional-de-la-catedra-unesco-de-bioetica-de-la-universidad-de-barcelona-20-anos-de-la-declaracion-universal-sobre-bioetica-y-derechos-humanos-de-la-unesco-nuevas-tecnolo\/\",\"name\":\"20\u00e8 Seminario Internacional de la C\u00e1tedra UNESCO de Bio\u00e9tica de la Universidad de Barcelona: \u201c20 a\u00f1os de la Declaraci\u00f3n Universal sobre Bio\u00e9tica y Derechos Humanos de la UNESCO: Nuevas tecnolog\u00edas gen\u00e9ticas - Fundaci\u00f3 TIC Salut i Social\",\"isPartOf\":{\"@id\":\"https:\/\/ticsalutsocial.atoom.space\/es\/#website\"},\"datePublished\":\"2026-01-23T12:31:25+00:00\",\"dateModified\":\"2026-01-23T12:38:36+00:00\",\"breadcrumb\":{\"@id\":\"https:\/\/ticsalutsocial.atoom.space\/es\/event\/20e-seminario-internacional-de-la-catedra-unesco-de-bioetica-de-la-universidad-de-barcelona-20-anos-de-la-declaracion-universal-sobre-bioetica-y-derechos-humanos-de-la-unesco-nuevas-tecnolo\/#breadcrumb\"},\"inLanguage\":\"es\",\"potentialAction\":[{\"@type\":\"ReadAction\",\"target\":[\"https:\/\/ticsalutsocial.atoom.space\/es\/event\/20e-seminario-internacional-de-la-catedra-unesco-de-bioetica-de-la-universidad-de-barcelona-20-anos-de-la-declaracion-universal-sobre-bioetica-y-derechos-humanos-de-la-unesco-nuevas-tecnolo\/\"]}]},{\"@type\":\"BreadcrumbList\",\"@id\":\"https:\/\/ticsalutsocial.atoom.space\/es\/event\/20e-seminario-internacional-de-la-catedra-unesco-de-bioetica-de-la-universidad-de-barcelona-20-anos-de-la-declaracion-universal-sobre-bioetica-y-derechos-humanos-de-la-unesco-nuevas-tecnolo\/#breadcrumb\",\"itemListElement\":[{\"@type\":\"ListItem\",\"position\":1,\"name\":\"Inici\",\"item\":\"https:\/\/ticsalutsocial.atoom.space\/es\/\"},{\"@type\":\"ListItem\",\"position\":2,\"name\":\"20\u00e8 Seminario Internacional de la C\u00e1tedra UNESCO de Bio\u00e9tica de la Universidad de Barcelona: \u201c20 a\u00f1os de la Declaraci\u00f3n Universal sobre Bio\u00e9tica y Derechos Humanos de la UNESCO: Nuevas tecnolog\u00edas gen\u00e9ticas\"}]},{\"@type\":\"WebSite\",\"@id\":\"https:\/\/ticsalutsocial.atoom.space\/es\/#website\",\"url\":\"https:\/\/ticsalutsocial.atoom.space\/es\/\",\"name\":\"Fundaci\u00f3 TIC Salut i Social\",\"description\":\"\",\"potentialAction\":[{\"@type\":\"SearchAction\",\"target\":{\"@type\":\"EntryPoint\",\"urlTemplate\":\"https:\/\/ticsalutsocial.atoom.space\/es\/?s={search_term_string}\"},\"query-input\":{\"@type\":\"PropertyValueSpecification\",\"valueRequired\":true,\"valueName\":\"search_term_string\"}}],\"inLanguage\":\"es\"}]}<\/script>\n<!-- \/ Yoast SEO plugin. -->","yoast_head_json":{"title":"20\u00e8 Seminario Internacional de la C\u00e1tedra UNESCO de Bio\u00e9tica de la Universidad de Barcelona: \u201c20 a\u00f1os de la Declaraci\u00f3n Universal sobre Bio\u00e9tica y Derechos Humanos de la UNESCO: Nuevas tecnolog\u00edas gen\u00e9ticas - Fundaci\u00f3 TIC Salut i Social","robots":{"index":"index","follow":"follow","max-snippet":"max-snippet:-1","max-image-preview":"max-image-preview:large","max-video-preview":"max-video-preview:-1"},"canonical":"https:\/\/ticsalutsocial.atoom.space\/es\/event\/20e-seminario-internacional-de-la-catedra-unesco-de-bioetica-de-la-universidad-de-barcelona-20-anos-de-la-declaracion-universal-sobre-bioetica-y-derechos-humanos-de-la-unesco-nuevas-tecnolo\/","og_locale":"es_ES","og_type":"article","og_title":"20\u00e8 Seminario Internacional de la C\u00e1tedra UNESCO de Bio\u00e9tica de la Universidad de Barcelona: \u201c20 a\u00f1os de la Declaraci\u00f3n Universal sobre Bio\u00e9tica y Derechos Humanos de la UNESCO: Nuevas tecnolog\u00edas gen\u00e9ticas - Fundaci\u00f3 TIC Salut i Social","og_description":"Formato h\u00edbrido: Presencial: Aula Magna de la Facultad de Medicina y Ciencias de la Salud, Campus Cl\u00ednic de la Universitat de Barcelona (C\/ Casanova 143, 08036 Barcelona). Online (es necesario registrarse previamente): retransmisi\u00f3n en directo a trav\u00e9s de YouTube. &nbsp;","og_url":"https:\/\/ticsalutsocial.atoom.space\/es\/event\/20e-seminario-internacional-de-la-catedra-unesco-de-bioetica-de-la-universidad-de-barcelona-20-anos-de-la-declaracion-universal-sobre-bioetica-y-derechos-humanos-de-la-unesco-nuevas-tecnolo\/","og_site_name":"Fundaci\u00f3 TIC Salut i Social","article_modified_time":"2026-01-23T12:38:36+00:00","twitter_card":"summary_large_image","schema":{"@context":"https:\/\/schema.org","@graph":[{"@type":"WebPage","@id":"https:\/\/ticsalutsocial.atoom.space\/es\/event\/20e-seminario-internacional-de-la-catedra-unesco-de-bioetica-de-la-universidad-de-barcelona-20-anos-de-la-declaracion-universal-sobre-bioetica-y-derechos-humanos-de-la-unesco-nuevas-tecnolo\/","url":"https:\/\/ticsalutsocial.atoom.space\/es\/event\/20e-seminario-internacional-de-la-catedra-unesco-de-bioetica-de-la-universidad-de-barcelona-20-anos-de-la-declaracion-universal-sobre-bioetica-y-derechos-humanos-de-la-unesco-nuevas-tecnolo\/","name":"20\u00e8 Seminario Internacional de la C\u00e1tedra UNESCO de Bio\u00e9tica de la Universidad de Barcelona: \u201c20 a\u00f1os de la Declaraci\u00f3n Universal sobre Bio\u00e9tica y Derechos Humanos de la UNESCO: Nuevas tecnolog\u00edas gen\u00e9ticas - Fundaci\u00f3 TIC Salut i Social","isPartOf":{"@id":"https:\/\/ticsalutsocial.atoom.space\/es\/#website"},"datePublished":"2026-01-23T12:31:25+00:00","dateModified":"2026-01-23T12:38:36+00:00","breadcrumb":{"@id":"https:\/\/ticsalutsocial.atoom.space\/es\/event\/20e-seminario-internacional-de-la-catedra-unesco-de-bioetica-de-la-universidad-de-barcelona-20-anos-de-la-declaracion-universal-sobre-bioetica-y-derechos-humanos-de-la-unesco-nuevas-tecnolo\/#breadcrumb"},"inLanguage":"es","potentialAction":[{"@type":"ReadAction","target":["https:\/\/ticsalutsocial.atoom.space\/es\/event\/20e-seminario-internacional-de-la-catedra-unesco-de-bioetica-de-la-universidad-de-barcelona-20-anos-de-la-declaracion-universal-sobre-bioetica-y-derechos-humanos-de-la-unesco-nuevas-tecnolo\/"]}]},{"@type":"BreadcrumbList","@id":"https:\/\/ticsalutsocial.atoom.space\/es\/event\/20e-seminario-internacional-de-la-catedra-unesco-de-bioetica-de-la-universidad-de-barcelona-20-anos-de-la-declaracion-universal-sobre-bioetica-y-derechos-humanos-de-la-unesco-nuevas-tecnolo\/#breadcrumb","itemListElement":[{"@type":"ListItem","position":1,"name":"Inici","item":"https:\/\/ticsalutsocial.atoom.space\/es\/"},{"@type":"ListItem","position":2,"name":"20\u00e8 Seminario Internacional de la C\u00e1tedra UNESCO de Bio\u00e9tica de la Universidad de Barcelona: \u201c20 a\u00f1os de la Declaraci\u00f3n Universal sobre Bio\u00e9tica y Derechos Humanos de la UNESCO: Nuevas tecnolog\u00edas gen\u00e9ticas"}]},{"@type":"WebSite","@id":"https:\/\/ticsalutsocial.atoom.space\/es\/#website","url":"https:\/\/ticsalutsocial.atoom.space\/es\/","name":"Fundaci\u00f3 TIC Salut i Social","description":"","potentialAction":[{"@type":"SearchAction","target":{"@type":"EntryPoint","urlTemplate":"https:\/\/ticsalutsocial.atoom.space\/es\/?s={search_term_string}"},"query-input":{"@type":"PropertyValueSpecification","valueRequired":true,"valueName":"search_term_string"}}],"inLanguage":"es"}]}},"_links":{"self":[{"href":"https:\/\/ticsalutsocial.atoom.space\/es\/wp-json\/wp\/v2\/event\/35449","targetHints":{"allow":["GET"]}}],"collection":[{"href":"https:\/\/ticsalutsocial.atoom.space\/es\/wp-json\/wp\/v2\/event"}],"about":[{"href":"https:\/\/ticsalutsocial.atoom.space\/es\/wp-json\/wp\/v2\/types\/event"}],"wp:attachment":[{"href":"https:\/\/ticsalutsocial.atoom.space\/es\/wp-json\/wp\/v2\/media?parent=35449"}],"wp:term":[{"taxonomy":"tipus","embeddable":true,"href":"https:\/\/ticsalutsocial.atoom.space\/es\/wp-json\/wp\/v2\/tipus?post=35449"},{"taxonomy":"topic","embeddable":true,"href":"https:\/\/ticsalutsocial.atoom.space\/es\/wp-json\/wp\/v2\/topic?post=35449"}],"curies":[{"name":"wp","href":"https:\/\/api.w.org\/{rel}","templated":true}]}}

20è Seminario Internacional de la Cátedra UNESCO de Bioética de la Universidad de Barcelona: “20 años de la Declaración Universal sobre Bioética y Derechos Humanos de la UNESCO: Nuevas tecnologías genéticas

<p><strong>Formato híbrido</strong>:</p>
<ul>
<li><strong>Presencial:</strong> Aula Magna de la Facultad de Medicina y Ciencias de la Salud, Campus Clínic de la Universitat de Barcelona <em>(C/ Casanova 143, 08036 Barcelona).</em></li>
<li><strong>Online</strong> (es necesario registrarse previamente): retransmisión en directo a través de YouTube.</li>
</ul>
<p>&nbsp;</p>

Aula Magna de la Facultad de Medicina y Ciencias de la Salud, Campus Clínic de la Universidad de Barcelona (Calle Casanova 143, 08036 Barcelona)

<!-- This site is optimized with the Yoast SEO plugin v27.1.1 - https://yoast.com/product/yoast-seo-wordpress/ -->
<title>20è Seminario Internacional de la Cátedra UNESCO de Bioética de la Universidad de Barcelona: “20 años de la Declaración Universal sobre Bioética y Derechos Humanos de la UNESCO: Nuevas tecnologías genéticas - Fundació TIC Salut i Social</title>
<meta name="robots" content="index, follow, max-snippet:-1, max-image-preview:large, max-video-preview:-1" />
<link rel="canonical" href="https://ticsalutsocial.atoom.space/es/event/20e-seminario-internacional-de-la-catedra-unesco-de-bioetica-de-la-universidad-de-barcelona-20-anos-de-la-declaracion-universal-sobre-bioetica-y-derechos-humanos-de-la-unesco-nuevas-tecnolo/" />
<meta property="og:locale" content="es_ES" />
<meta property="og:type" content="article" />
<meta property="og:title" content="20è Seminario Internacional de la Cátedra UNESCO de Bioética de la Universidad de Barcelona: “20 años de la Declaración Universal sobre Bioética y Derechos Humanos de la UNESCO: Nuevas tecnologías genéticas - Fundació TIC Salut i Social" />
<meta property="og:description" content="Formato híbrido: Presencial: Aula Magna de la Facultad de Medicina y Ciencias de la Salud, Campus Clínic de la Universitat de Barcelona (C/ Casanova 143, 08036 Barcelona). Online (es necesario registrarse previamente): retransmisión en directo a través de YouTube. &nbsp;" />
<meta property="og:url" content="https://ticsalutsocial.atoom.space/es/event/20e-seminario-internacional-de-la-catedra-unesco-de-bioetica-de-la-universidad-de-barcelona-20-anos-de-la-declaracion-universal-sobre-bioetica-y-derechos-humanos-de-la-unesco-nuevas-tecnolo/" />
<meta property="og:site_name" content="Fundació TIC Salut i Social" />
<meta property="article:modified_time" content="2026-01-23T12:38:36+00:00" />
<meta name="twitter:card" content="summary_large_image" />
<script type="application/ld+json" class="yoast-schema-graph">{"@context":"https://schema.org","@graph":[{"@type":"WebPage","@id":"https://ticsalutsocial.atoom.space/es/event/20e-seminario-internacional-de-la-catedra-unesco-de-bioetica-de-la-universidad-de-barcelona-20-anos-de-la-declaracion-universal-sobre-bioetica-y-derechos-humanos-de-la-unesco-nuevas-tecnolo/","url":"https://ticsalutsocial.atoom.space/es/event/20e-seminario-internacional-de-la-catedra-unesco-de-bioetica-de-la-universidad-de-barcelona-20-anos-de-la-declaracion-universal-sobre-bioetica-y-derechos-humanos-de-la-unesco-nuevas-tecnolo/","name":"20è Seminario Internacional de la Cátedra UNESCO de Bioética de la Universidad de Barcelona: “20 años de la Declaración Universal sobre Bioética y Derechos Humanos de la UNESCO: Nuevas tecnologías genéticas - Fundació TIC Salut i Social","isPartOf":{"@id":"https://ticsalutsocial.atoom.space/es/#website"},"datePublished":"2026-01-23T12:31:25+00:00","dateModified":"2026-01-23T12:38:36+00:00","breadcrumb":{"@id":"https://ticsalutsocial.atoom.space/es/event/20e-seminario-internacional-de-la-catedra-unesco-de-bioetica-de-la-universidad-de-barcelona-20-anos-de-la-declaracion-universal-sobre-bioetica-y-derechos-humanos-de-la-unesco-nuevas-tecnolo/#breadcrumb"},"inLanguage":"es","potentialAction":[{"@type":"ReadAction","target":["https://ticsalutsocial.atoom.space/es/event/20e-seminario-internacional-de-la-catedra-unesco-de-bioetica-de-la-universidad-de-barcelona-20-anos-de-la-declaracion-universal-sobre-bioetica-y-derechos-humanos-de-la-unesco-nuevas-tecnolo/"]}]},{"@type":"BreadcrumbList","@id":"https://ticsalutsocial.atoom.space/es/event/20e-seminario-internacional-de-la-catedra-unesco-de-bioetica-de-la-universidad-de-barcelona-20-anos-de-la-declaracion-universal-sobre-bioetica-y-derechos-humanos-de-la-unesco-nuevas-tecnolo/#breadcrumb","itemListElement":[{"@type":"ListItem","position":1,"name":"Inici","item":"https://ticsalutsocial.atoom.space/es/"},{"@type":"ListItem","position":2,"name":"20è Seminario Internacional de la Cátedra UNESCO de Bioética de la Universidad de Barcelona: “20 años de la Declaración Universal sobre Bioética y Derechos Humanos de la UNESCO: Nuevas tecnologías genéticas"}]},{"@type":"WebSite","@id":"https://ticsalutsocial.atoom.space/es/#website","url":"https://ticsalutsocial.atoom.space/es/","name":"Fundació TIC Salut i Social","description":"","potentialAction":[{"@type":"SearchAction","target":{"@type":"EntryPoint","urlTemplate":"https://ticsalutsocial.atoom.space/es/?s={search_term_string}"},"query-input":{"@type":"PropertyValueSpecification","valueRequired":true,"valueName":"search_term_string"}}],"inLanguage":"es"}]}</script>
<!-- / Yoast SEO plugin. -->

20è Seminario Internacional de la Cátedra UNESCO de Bioética de la Universidad de Barcelona: “20 años de la Declaración Universal sobre Bioética y Derechos Humanos de la UNESCO: Nuevas tecnologías genéticas - Fundació TIC Salut i Social

Formato híbrido: Presencial: Aula Magna de la Facultad de Medicina y Ciencias de la Salud, Campus Clínic de la Universitat de Barcelona (C/ Casanova 143, 08036 Barcelona). Online (es necesario registrarse previamente): retransmisión en directo a través de YouTube. &nbsp;

Fundació TIC Salut i Social
