
{"id":35745,"date":"2026-02-16T10:10:54","date_gmt":"2026-02-16T08:10:54","guid":{"rendered":"https:\/\/ticsalutsocial.atoom.space\/?post_type=event&#038;p=35745"},"modified":"2026-02-26T11:11:49","modified_gmt":"2026-02-26T09:11:49","slug":"4yfn-2026-3","status":"publish","type":"event","link":"https:\/\/ticsalutsocial.atoom.space\/es\/event\/4yfn-2026-3\/","title":{"rendered":"4YFN 2026"},"content":{"rendered":"<p data-start=\"83\" data-end=\"596\">Vuelve el 4YFN 2026 entre los d\u00edas 2 y 5 de marzo. El evento de innovaci\u00f3n, transferencia y emprendimiento en el \u00e1mbito tecnol\u00f3gico, de la salud digital y la innovaci\u00f3n social. Tiene lugar durante el Mobile World Congress (MWC) y proporciona una plataforma para conectar a los organismos encargados de la prestaci\u00f3n y provisi\u00f3n de servicios asistenciales y cuidados a la persona. Un espacio donde se encuentran profesionales vinculados a la investigaci\u00f3n, spin-offs y startups, inversores y organismos p\u00fablicos.<\/p>\n<p data-start=\"598\" data-end=\"824\">La Fundaci\u00f3 TIC Salut i Social organiza y re\u00fane al ecosistema de salud digital e innovaci\u00f3n social para crear nuevas sinergias y avanzar en la definici\u00f3n de nuevas soluciones innovadoras vinculadas a la salud y los cuidados.<\/p>\n<p data-start=\"826\" data-end=\"855\">Todos ellos se re\u00fanen en el <a href=\"https:\/\/www.4yfn.com\/exhibitors\/34705-fundacio-tic-salut-i-social\" target=\"_blank\" rel=\"noopener\">Catalonia Digital Health Innovation Ecosystem<\/a>,\u00a0el \u00e1gora para el debate y la presentaci\u00f3n de los avances m\u00e1s disruptivos, donde est\u00e1n representadas todas las entidades vinculadas al Departamento de Salud y al Departamento de Derechos Sociales e Inclusi\u00f3n, al Servicio Catal\u00e1n de la Salud, al Instituto Catal\u00e1n de la Salud, a La Uni\u00f3, al Consorcio Sanitario y Social de Catalu\u00f1a, a la Mesa del Tercer Sector Social de Catalu\u00f1a, a ACES y a ACRA.<\/p>\n<p data-start=\"485\" data-end=\"530\">Biocat tambi\u00e9n colabora en la organizaci\u00f3n.<\/p>\n<p data-start=\"532\" data-end=\"564\">Consulta el programa completo.<\/p>\n","protected":false},"featured_media":35732,"menu_order":0,"template":"","meta":{"_acf_changed":false,"inline_featured_image":false},"tipus":[],"topic":[117],"class_list":["post-35745","event","type-event","status-publish","has-post-thumbnail","hentry","topic-jornadas"],"acf":{"informacio":{"ubicacio":"Fira Gran Via, entrada Nord (C\/ del Foc)","data":"04\/03\/2026","hora":"","preu":"","inscripcions":""},"programa":{"titol":"","items":false},"documents":[{"titol_doc":"Programa","document":{"ID":35830,"id":35830,"title":"Agenda completa 4YFN26","filename":"Agenda-completa-4YFN26-3.pdf","filesize":522719,"url":"https:\/\/ticsalutsocial.atoom.space\/wp-content\/uploads\/2026\/02\/Agenda-completa-4YFN26-3.pdf","link":"https:\/\/ticsalutsocial.atoom.space\/es\/noticia\/la-fundacio-tic-salut-i-social-torna-al-4yfn-2026-amb-el-catalonia-health-innovation-ecosystem\/agenda-completa-4yfn26-4-2\/","alt":"","author":"3","description":"Agenda completa 4YFN26","caption":"Agenda completa 4YFN26","name":"agenda-completa-4yfn26-4-2","status":"inherit","uploaded_to":35820,"date":"2026-02-26 08:55:54","modified":"2026-02-26 08:56:01","menu_order":0,"mime_type":"application\/pdf","type":"application","subtype":"pdf","icon":"https:\/\/ticsalutsocial.atoom.space\/wp-includes\/images\/media\/document.png"}}]},"yoast_head":"<!-- This site is optimized with the Yoast SEO plugin v27.1.1 - https:\/\/yoast.com\/product\/yoast-seo-wordpress\/ -->\n<title>4YFN 2026 - Fundaci\u00f3 TIC Salut i Social<\/title>\n<meta name=\"robots\" content=\"index, follow, max-snippet:-1, max-image-preview:large, max-video-preview:-1\" \/>\n<link rel=\"canonical\" href=\"https:\/\/ticsalutsocial.atoom.space\/es\/event\/4yfn-2026-3\/\" \/>\n<meta property=\"og:locale\" content=\"es_ES\" \/>\n<meta property=\"og:type\" content=\"article\" \/>\n<meta property=\"og:title\" content=\"4YFN 2026 - Fundaci\u00f3 TIC Salut i Social\" \/>\n<meta property=\"og:description\" content=\"Vuelve el 4YFN 2026 entre los d\u00edas 2 y 5 de marzo. El evento de innovaci\u00f3n, transferencia y emprendimiento en el \u00e1mbito tecnol\u00f3gico, de la salud digital y la innovaci\u00f3n social. Tiene lugar durante el Mobile World Congress (MWC) y proporciona una plataforma para conectar a los organismos encargados de la prestaci\u00f3n y provisi\u00f3n de [&hellip;]\" \/>\n<meta property=\"og:url\" content=\"https:\/\/ticsalutsocial.atoom.space\/es\/event\/4yfn-2026-3\/\" \/>\n<meta property=\"og:site_name\" content=\"Fundaci\u00f3 TIC Salut i Social\" \/>\n<meta property=\"article:modified_time\" content=\"2026-02-26T09:11:49+00:00\" \/>\n<meta property=\"og:image\" content=\"https:\/\/ticsalutsocial.atoom.space\/wp-content\/uploads\/2026\/02\/Captura-de-pantalla-2026-02-16-a-les-8.46.03.png\" \/>\n\t<meta property=\"og:image:width\" content=\"930\" \/>\n\t<meta property=\"og:image:height\" content=\"627\" \/>\n\t<meta property=\"og:image:type\" content=\"image\/png\" \/>\n<meta name=\"twitter:card\" content=\"summary_large_image\" \/>\n<meta name=\"twitter:label1\" content=\"Tiempo de lectura\" \/>\n\t<meta name=\"twitter:data1\" content=\"2 minutos\" \/>\n<script type=\"application\/ld+json\" class=\"yoast-schema-graph\">{\"@context\":\"https:\/\/schema.org\",\"@graph\":[{\"@type\":\"WebPage\",\"@id\":\"https:\/\/ticsalutsocial.atoom.space\/es\/event\/4yfn-2026-3\/\",\"url\":\"https:\/\/ticsalutsocial.atoom.space\/es\/event\/4yfn-2026-3\/\",\"name\":\"4YFN 2026 - Fundaci\u00f3 TIC Salut i Social\",\"isPartOf\":{\"@id\":\"https:\/\/ticsalutsocial.atoom.space\/es\/#website\"},\"primaryImageOfPage\":{\"@id\":\"https:\/\/ticsalutsocial.atoom.space\/es\/event\/4yfn-2026-3\/#primaryimage\"},\"image\":{\"@id\":\"https:\/\/ticsalutsocial.atoom.space\/es\/event\/4yfn-2026-3\/#primaryimage\"},\"thumbnailUrl\":\"https:\/\/ticsalutsocial.atoom.space\/wp-content\/uploads\/2026\/02\/Captura-de-pantalla-2026-02-16-a-les-8.46.03.png\",\"datePublished\":\"2026-02-16T08:10:54+00:00\",\"dateModified\":\"2026-02-26T09:11:49+00:00\",\"breadcrumb\":{\"@id\":\"https:\/\/ticsalutsocial.atoom.space\/es\/event\/4yfn-2026-3\/#breadcrumb\"},\"inLanguage\":\"es\",\"potentialAction\":[{\"@type\":\"ReadAction\",\"target\":[\"https:\/\/ticsalutsocial.atoom.space\/es\/event\/4yfn-2026-3\/\"]}]},{\"@type\":\"ImageObject\",\"inLanguage\":\"es\",\"@id\":\"https:\/\/ticsalutsocial.atoom.space\/es\/event\/4yfn-2026-3\/#primaryimage\",\"url\":\"https:\/\/ticsalutsocial.atoom.space\/wp-content\/uploads\/2026\/02\/Captura-de-pantalla-2026-02-16-a-les-8.46.03.png\",\"contentUrl\":\"https:\/\/ticsalutsocial.atoom.space\/wp-content\/uploads\/2026\/02\/Captura-de-pantalla-2026-02-16-a-les-8.46.03.png\",\"width\":930,\"height\":627,\"caption\":\"4YFN 2026\"},{\"@type\":\"BreadcrumbList\",\"@id\":\"https:\/\/ticsalutsocial.atoom.space\/es\/event\/4yfn-2026-3\/#breadcrumb\",\"itemListElement\":[{\"@type\":\"ListItem\",\"position\":1,\"name\":\"Inici\",\"item\":\"https:\/\/ticsalutsocial.atoom.space\/es\/\"},{\"@type\":\"ListItem\",\"position\":2,\"name\":\"4YFN 2026\"}]},{\"@type\":\"WebSite\",\"@id\":\"https:\/\/ticsalutsocial.atoom.space\/es\/#website\",\"url\":\"https:\/\/ticsalutsocial.atoom.space\/es\/\",\"name\":\"Fundaci\u00f3 TIC Salut i Social\",\"description\":\"\",\"potentialAction\":[{\"@type\":\"SearchAction\",\"target\":{\"@type\":\"EntryPoint\",\"urlTemplate\":\"https:\/\/ticsalutsocial.atoom.space\/es\/?s={search_term_string}\"},\"query-input\":{\"@type\":\"PropertyValueSpecification\",\"valueRequired\":true,\"valueName\":\"search_term_string\"}}],\"inLanguage\":\"es\"}]}<\/script>\n<!-- \/ Yoast SEO plugin. -->","yoast_head_json":{"title":"4YFN 2026 - Fundaci\u00f3 TIC Salut i Social","robots":{"index":"index","follow":"follow","max-snippet":"max-snippet:-1","max-image-preview":"max-image-preview:large","max-video-preview":"max-video-preview:-1"},"canonical":"https:\/\/ticsalutsocial.atoom.space\/es\/event\/4yfn-2026-3\/","og_locale":"es_ES","og_type":"article","og_title":"4YFN 2026 - Fundaci\u00f3 TIC Salut i Social","og_description":"Vuelve el 4YFN 2026 entre los d\u00edas 2 y 5 de marzo. El evento de innovaci\u00f3n, transferencia y emprendimiento en el \u00e1mbito tecnol\u00f3gico, de la salud digital y la innovaci\u00f3n social. Tiene lugar durante el Mobile World Congress (MWC) y proporciona una plataforma para conectar a los organismos encargados de la prestaci\u00f3n y provisi\u00f3n de [&hellip;]","og_url":"https:\/\/ticsalutsocial.atoom.space\/es\/event\/4yfn-2026-3\/","og_site_name":"Fundaci\u00f3 TIC Salut i Social","article_modified_time":"2026-02-26T09:11:49+00:00","og_image":[{"width":930,"height":627,"url":"https:\/\/ticsalutsocial.atoom.space\/wp-content\/uploads\/2026\/02\/Captura-de-pantalla-2026-02-16-a-les-8.46.03.png","type":"image\/png"}],"twitter_card":"summary_large_image","twitter_misc":{"Tiempo de lectura":"2 minutos"},"schema":{"@context":"https:\/\/schema.org","@graph":[{"@type":"WebPage","@id":"https:\/\/ticsalutsocial.atoom.space\/es\/event\/4yfn-2026-3\/","url":"https:\/\/ticsalutsocial.atoom.space\/es\/event\/4yfn-2026-3\/","name":"4YFN 2026 - Fundaci\u00f3 TIC Salut i Social","isPartOf":{"@id":"https:\/\/ticsalutsocial.atoom.space\/es\/#website"},"primaryImageOfPage":{"@id":"https:\/\/ticsalutsocial.atoom.space\/es\/event\/4yfn-2026-3\/#primaryimage"},"image":{"@id":"https:\/\/ticsalutsocial.atoom.space\/es\/event\/4yfn-2026-3\/#primaryimage"},"thumbnailUrl":"https:\/\/ticsalutsocial.atoom.space\/wp-content\/uploads\/2026\/02\/Captura-de-pantalla-2026-02-16-a-les-8.46.03.png","datePublished":"2026-02-16T08:10:54+00:00","dateModified":"2026-02-26T09:11:49+00:00","breadcrumb":{"@id":"https:\/\/ticsalutsocial.atoom.space\/es\/event\/4yfn-2026-3\/#breadcrumb"},"inLanguage":"es","potentialAction":[{"@type":"ReadAction","target":["https:\/\/ticsalutsocial.atoom.space\/es\/event\/4yfn-2026-3\/"]}]},{"@type":"ImageObject","inLanguage":"es","@id":"https:\/\/ticsalutsocial.atoom.space\/es\/event\/4yfn-2026-3\/#primaryimage","url":"https:\/\/ticsalutsocial.atoom.space\/wp-content\/uploads\/2026\/02\/Captura-de-pantalla-2026-02-16-a-les-8.46.03.png","contentUrl":"https:\/\/ticsalutsocial.atoom.space\/wp-content\/uploads\/2026\/02\/Captura-de-pantalla-2026-02-16-a-les-8.46.03.png","width":930,"height":627,"caption":"4YFN 2026"},{"@type":"BreadcrumbList","@id":"https:\/\/ticsalutsocial.atoom.space\/es\/event\/4yfn-2026-3\/#breadcrumb","itemListElement":[{"@type":"ListItem","position":1,"name":"Inici","item":"https:\/\/ticsalutsocial.atoom.space\/es\/"},{"@type":"ListItem","position":2,"name":"4YFN 2026"}]},{"@type":"WebSite","@id":"https:\/\/ticsalutsocial.atoom.space\/es\/#website","url":"https:\/\/ticsalutsocial.atoom.space\/es\/","name":"Fundaci\u00f3 TIC Salut i Social","description":"","potentialAction":[{"@type":"SearchAction","target":{"@type":"EntryPoint","urlTemplate":"https:\/\/ticsalutsocial.atoom.space\/es\/?s={search_term_string}"},"query-input":{"@type":"PropertyValueSpecification","valueRequired":true,"valueName":"search_term_string"}}],"inLanguage":"es"}]}},"_links":{"self":[{"href":"https:\/\/ticsalutsocial.atoom.space\/es\/wp-json\/wp\/v2\/event\/35745","targetHints":{"allow":["GET"]}}],"collection":[{"href":"https:\/\/ticsalutsocial.atoom.space\/es\/wp-json\/wp\/v2\/event"}],"about":[{"href":"https:\/\/ticsalutsocial.atoom.space\/es\/wp-json\/wp\/v2\/types\/event"}],"wp:featuredmedia":[{"embeddable":true,"href":"https:\/\/ticsalutsocial.atoom.space\/es\/wp-json\/wp\/v2\/media\/35732"}],"wp:attachment":[{"href":"https:\/\/ticsalutsocial.atoom.space\/es\/wp-json\/wp\/v2\/media?parent=35745"}],"wp:term":[{"taxonomy":"tipus","embeddable":true,"href":"https:\/\/ticsalutsocial.atoom.space\/es\/wp-json\/wp\/v2\/tipus?post=35745"},{"taxonomy":"topic","embeddable":true,"href":"https:\/\/ticsalutsocial.atoom.space\/es\/wp-json\/wp\/v2\/topic?post=35745"}],"curies":[{"name":"wp","href":"https:\/\/api.w.org\/{rel}","templated":true}]}}

<p data-start="83" data-end="596">Vuelve el 4YFN 2026 entre los días 2 y 5 de marzo. El evento de innovación, transferencia y emprendimiento en el ámbito tecnológico, de la salud digital y la innovación social. Tiene lugar durante el Mobile World Congress (MWC) y proporciona una plataforma para conectar a los organismos encargados de la prestación y provisión de servicios asistenciales y cuidados a la persona. Un espacio donde se encuentran profesionales vinculados a la investigación, spin-offs y startups, inversores y organismos públicos.</p>
<p data-start="598" data-end="824">La Fundació TIC Salut i Social organiza y reúne al ecosistema de salud digital e innovación social para crear nuevas sinergias y avanzar en la definición de nuevas soluciones innovadoras vinculadas a la salud y los cuidados.</p>
<p data-start="826" data-end="855">Todos ellos se reúnen en el <a href="https://www.4yfn.com/exhibitors/34705-fundacio-tic-salut-i-social" target="_blank" rel="noopener">Catalonia Digital Health Innovation Ecosystem</a>, el ágora para el debate y la presentación de los avances más disruptivos, donde están representadas todas las entidades vinculadas al Departamento de Salud y al Departamento de Derechos Sociales e Inclusión, al Servicio Catalán de la Salud, al Instituto Catalán de la Salud, a La Unió, al Consorcio Sanitario y Social de Cataluña, a la Mesa del Tercer Sector Social de Cataluña, a ACES y a ACRA.</p>
<p data-start="485" data-end="530">Biocat también colabora en la organización.</p>
<p data-start="532" data-end="564">Consulta el programa completo.</p>

<!-- This site is optimized with the Yoast SEO plugin v27.1.1 - https://yoast.com/product/yoast-seo-wordpress/ -->
<title>4YFN 2026 - Fundació TIC Salut i Social</title>
<meta name="robots" content="index, follow, max-snippet:-1, max-image-preview:large, max-video-preview:-1" />
<link rel="canonical" href="https://ticsalutsocial.atoom.space/es/event/4yfn-2026-3/" />
<meta property="og:locale" content="es_ES" />
<meta property="og:type" content="article" />
<meta property="og:title" content="4YFN 2026 - Fundació TIC Salut i Social" />
<meta property="og:description" content="Vuelve el 4YFN 2026 entre los días 2 y 5 de marzo. El evento de innovación, transferencia y emprendimiento en el ámbito tecnológico, de la salud digital y la innovación social. Tiene lugar durante el Mobile World Congress (MWC) y proporciona una plataforma para conectar a los organismos encargados de la prestación y provisión de [&hellip;]" />
<meta property="og:url" content="https://ticsalutsocial.atoom.space/es/event/4yfn-2026-3/" />
<meta property="og:site_name" content="Fundació TIC Salut i Social" />
<meta property="article:modified_time" content="2026-02-26T09:11:49+00:00" />
<meta property="og:image" content="https://ticsalutsocial.atoom.space/wp-content/uploads/2026/02/Captura-de-pantalla-2026-02-16-a-les-8.46.03.png" />
	<meta property="og:image:width" content="930" />
	<meta property="og:image:height" content="627" />
	<meta property="og:image:type" content="image/png" />
<meta name="twitter:card" content="summary_large_image" />
<meta name="twitter:label1" content="Tiempo de lectura" />
	<meta name="twitter:data1" content="2 minutos" />
<script type="application/ld+json" class="yoast-schema-graph">{"@context":"https://schema.org","@graph":[{"@type":"WebPage","@id":"https://ticsalutsocial.atoom.space/es/event/4yfn-2026-3/","url":"https://ticsalutsocial.atoom.space/es/event/4yfn-2026-3/","name":"4YFN 2026 - Fundació TIC Salut i Social","isPartOf":{"@id":"https://ticsalutsocial.atoom.space/es/#website"},"primaryImageOfPage":{"@id":"https://ticsalutsocial.atoom.space/es/event/4yfn-2026-3/#primaryimage"},"image":{"@id":"https://ticsalutsocial.atoom.space/es/event/4yfn-2026-3/#primaryimage"},"thumbnailUrl":"https://ticsalutsocial.atoom.space/wp-content/uploads/2026/02/Captura-de-pantalla-2026-02-16-a-les-8.46.03.png","datePublished":"2026-02-16T08:10:54+00:00","dateModified":"2026-02-26T09:11:49+00:00","breadcrumb":{"@id":"https://ticsalutsocial.atoom.space/es/event/4yfn-2026-3/#breadcrumb"},"inLanguage":"es","potentialAction":[{"@type":"ReadAction","target":["https://ticsalutsocial.atoom.space/es/event/4yfn-2026-3/"]}]},{"@type":"ImageObject","inLanguage":"es","@id":"https://ticsalutsocial.atoom.space/es/event/4yfn-2026-3/#primaryimage","url":"https://ticsalutsocial.atoom.space/wp-content/uploads/2026/02/Captura-de-pantalla-2026-02-16-a-les-8.46.03.png","contentUrl":"https://ticsalutsocial.atoom.space/wp-content/uploads/2026/02/Captura-de-pantalla-2026-02-16-a-les-8.46.03.png","width":930,"height":627,"caption":"4YFN 2026"},{"@type":"BreadcrumbList","@id":"https://ticsalutsocial.atoom.space/es/event/4yfn-2026-3/#breadcrumb","itemListElement":[{"@type":"ListItem","position":1,"name":"Inici","item":"https://ticsalutsocial.atoom.space/es/"},{"@type":"ListItem","position":2,"name":"4YFN 2026"}]},{"@type":"WebSite","@id":"https://ticsalutsocial.atoom.space/es/#website","url":"https://ticsalutsocial.atoom.space/es/","name":"Fundació TIC Salut i Social","description":"","potentialAction":[{"@type":"SearchAction","target":{"@type":"EntryPoint","urlTemplate":"https://ticsalutsocial.atoom.space/es/?s={search_term_string}"},"query-input":{"@type":"PropertyValueSpecification","valueRequired":true,"valueName":"search_term_string"}}],"inLanguage":"es"}]}</script>
<!-- / Yoast SEO plugin. -->

4YFN 2026 - Fundació TIC Salut i Social

Vuelve el 4YFN 2026 entre los días 2 y 5 de marzo. El evento de innovación, transferencia y emprendimiento en el ámbito tecnológico, de la salud digital y la innovación social. Tiene lugar durante el Mobile World Congress (MWC) y proporciona una plataforma para conectar a los organismos encargados de la prestación y provisión de [&hellip;]

Fundació TIC Salut i Social
