
{"id":5723,"date":"2018-05-25T11:55:43","date_gmt":"2018-05-25T09:55:43","guid":{"rendered":"https:\/\/ticsalutsocial.atoom.space\/?post_type=event&#038;p=5723"},"modified":"2021-07-21T16:24:03","modified_gmt":"2021-07-21T14:24:03","slug":"jornada-de-gestio-clinica-en-atencio-primaria","status":"publish","type":"event","link":"https:\/\/ticsalutsocial.atoom.space\/es\/event\/jornada-de-gestio-clinica-en-atencio-primaria\/","title":{"rendered":"Jornada de Gesti\u00f3 Cl\u00ednica en Atenci\u00f3 Prim\u00e0ria"},"content":{"rendered":"<p>Catalunya est\u00e0 vivint una situaci\u00f3 excepcional que afecta tots els \u00e0mbits i, en especial el de la Salut.<br \/>\nDavant aquest nou context i amb les not\u00edcies que ens arriben, els professionals de la salut, i en particular els que treballem a l&#8217;Atenci\u00f3 Prim\u00e0ria, estem molt preocupats per les conseq\u00fc\u00e8ncies que, fruit d\u2019aquesta excepcionalitat, es poden produir en les diferents organitzacions sanit\u00e0ries i que poden afectar l&#8217;atenci\u00f3 a la salut dels ciutadans.<br \/>\nQu\u00e8 est\u00e0 passant amb tots els projectes que s\u2019estaven treballant des del Departament de Salut?<\/p>\n<p>Aquesta, i altres preguntes freq\u00fcents s\u00f3n les que ens fem i les que ens amo\u00efnen.<br \/>\nVolem saber si tot es mou. Per exemple, si es continua desenvolupant les accions necess\u00e0ries per a la implementaci\u00f3 de L\u2019Estrat\u00e8gia Nacional d\u2019Atenci\u00f3 Prim\u00e0ria i Salut Comunit\u00e0ria (ENAPISC).<\/p>\n<p>Al grup de gesti\u00f3 de l\u2019AIFiCC i la CAMFIC ens agradaria poder compartir i debatre aquestes preguntes, i alguna pregunta m\u00e9s, amb els professionals d\u2019AP. I a quin espai millor per fer-ho, que en l\u2019entorn d\u2019aquesta Jornada?<\/p>\n<p>PROGRAMA<br \/>\n08.30 &#8211; 09.00h Lliurament de documentaci\u00f3<br \/>\n09.00 &#8211; 09.30h Acte inaugural. Representants institucionals<br \/>\n09.30 &#8211; 10.15h Confer\u00e8ncia inaugural Innovaci\u00f3: tecnologia, disseny i gesti\u00f3.<br \/>\nJosep Ma Monguet. Dr. Enginyer industrial, especialitzat en recerca i innovaci\u00f3 en l\u2019\u00e0mbit de la salut<br \/>\n10.15 &#8211; 10.30h Salut noticies. Que est\u00e0 passant en salut a Catalunya<br \/>\nPresentat per Imma Ferr\u00e9 i Montse Ure\u00f1a<br \/>\n10.30 &#8211; 11.00h Descans<br \/>\n11.00 &#8211; 12.30h FAQS (preguntes freq\u00fcents)<br \/>\nModeradora: S\u00edlvia C\u00f3ppulo.Periodista, llicenciada en psicologia<br \/>\nMireia Boixadera. Directora SAP Litoral<br \/>\nN\u00faria Nadal. Directora d&#8217;Atenci\u00f3 Prim\u00e0ria Lleida<br \/>\nMeritxell S\u00e1nchez. Metge de Fam\u00edlia EAP Bes\u00f3s<br \/>\nAnna Roig. Gestora de casos i referent de cures SAP Terres de l&#8217;Ebre<br \/>\nDebat entre els assistents<br \/>\n12.30 &#8211; 13.30h Cloenda i Representaci\u00f3 teatral<\/p>\n<p>Inscripci\u00f3 gratu\u00efta fins completar aforament a trav\u00e9s de: http:\/\/www.aificc.cat\/jornadagestio<\/p>\n","protected":false},"featured_media":5719,"menu_order":0,"template":"","meta":{"_acf_changed":false,"inline_featured_image":false},"tipus":[94],"topic":[121],"class_list":["post-5723","event","type-event","status-publish","has-post-thumbnail","hentry","tipus-integracion-social-y-sanitaria","topic-dpd-es"],"acf":{"imatge":5721,"informacio":{"ubicacio":"IDEC-UPF ","data":"14\/06\/2018","hora":"De 9:00h a 13:30h","preu":"Gratu\u00eft","inscripcions":""}},"yoast_head":"<!-- This site is optimized with the Yoast SEO plugin v27.1.1 - https:\/\/yoast.com\/product\/yoast-seo-wordpress\/ -->\n<title>Jornada de Gesti\u00f3 Cl\u00ednica en Atenci\u00f3 Prim\u00e0ria - Fundaci\u00f3 TIC Salut i Social<\/title>\n<meta name=\"robots\" content=\"index, follow, max-snippet:-1, max-image-preview:large, max-video-preview:-1\" \/>\n<link rel=\"canonical\" href=\"https:\/\/ticsalutsocial.atoom.space\/es\/event\/jornada-de-gestio-clinica-en-atencio-primaria\/\" \/>\n<meta property=\"og:locale\" content=\"es_ES\" \/>\n<meta property=\"og:type\" content=\"article\" \/>\n<meta property=\"og:title\" content=\"Jornada de Gesti\u00f3 Cl\u00ednica en Atenci\u00f3 Prim\u00e0ria - Fundaci\u00f3 TIC Salut i Social\" \/>\n<meta property=\"og:description\" content=\"Catalunya est\u00e0 vivint una situaci\u00f3 excepcional que afecta tots els \u00e0mbits i, en especial el de la Salut. Davant aquest nou context i amb les not\u00edcies que ens arriben, els professionals de la salut, i en particular els que treballem a l&#8217;Atenci\u00f3 Prim\u00e0ria, estem molt preocupats per les conseq\u00fc\u00e8ncies que, fruit d\u2019aquesta excepcionalitat, es poden [&hellip;]\" \/>\n<meta property=\"og:url\" content=\"https:\/\/ticsalutsocial.atoom.space\/es\/event\/jornada-de-gestio-clinica-en-atencio-primaria\/\" \/>\n<meta property=\"og:site_name\" content=\"Fundaci\u00f3 TIC Salut i Social\" \/>\n<meta property=\"article:modified_time\" content=\"2021-07-21T14:24:03+00:00\" \/>\n<meta property=\"og:image\" content=\"https:\/\/ticsalutsocial.atoom.space\/wp-content\/uploads\/2018\/05\/logo.png\" \/>\n\t<meta property=\"og:image:width\" content=\"232\" \/>\n\t<meta property=\"og:image:height\" content=\"64\" \/>\n\t<meta property=\"og:image:type\" content=\"image\/png\" \/>\n<meta name=\"twitter:card\" content=\"summary_large_image\" \/>\n<meta name=\"twitter:label1\" content=\"Tiempo de lectura\" \/>\n\t<meta name=\"twitter:data1\" content=\"2 minutos\" \/>\n<script type=\"application\/ld+json\" class=\"yoast-schema-graph\">{\"@context\":\"https:\/\/schema.org\",\"@graph\":[{\"@type\":\"WebPage\",\"@id\":\"https:\/\/ticsalutsocial.atoom.space\/es\/event\/jornada-de-gestio-clinica-en-atencio-primaria\/\",\"url\":\"https:\/\/ticsalutsocial.atoom.space\/es\/event\/jornada-de-gestio-clinica-en-atencio-primaria\/\",\"name\":\"Jornada de Gesti\u00f3 Cl\u00ednica en Atenci\u00f3 Prim\u00e0ria - Fundaci\u00f3 TIC Salut i Social\",\"isPartOf\":{\"@id\":\"https:\/\/ticsalutsocial.atoom.space\/es\/#website\"},\"primaryImageOfPage\":{\"@id\":\"https:\/\/ticsalutsocial.atoom.space\/es\/event\/jornada-de-gestio-clinica-en-atencio-primaria\/#primaryimage\"},\"image\":{\"@id\":\"https:\/\/ticsalutsocial.atoom.space\/es\/event\/jornada-de-gestio-clinica-en-atencio-primaria\/#primaryimage\"},\"thumbnailUrl\":\"https:\/\/ticsalutsocial.atoom.space\/wp-content\/uploads\/2018\/05\/logo.png\",\"datePublished\":\"2018-05-25T09:55:43+00:00\",\"dateModified\":\"2021-07-21T14:24:03+00:00\",\"breadcrumb\":{\"@id\":\"https:\/\/ticsalutsocial.atoom.space\/es\/event\/jornada-de-gestio-clinica-en-atencio-primaria\/#breadcrumb\"},\"inLanguage\":\"es\",\"potentialAction\":[{\"@type\":\"ReadAction\",\"target\":[\"https:\/\/ticsalutsocial.atoom.space\/es\/event\/jornada-de-gestio-clinica-en-atencio-primaria\/\"]}]},{\"@type\":\"ImageObject\",\"inLanguage\":\"es\",\"@id\":\"https:\/\/ticsalutsocial.atoom.space\/es\/event\/jornada-de-gestio-clinica-en-atencio-primaria\/#primaryimage\",\"url\":\"https:\/\/ticsalutsocial.atoom.space\/wp-content\/uploads\/2018\/05\/logo.png\",\"contentUrl\":\"https:\/\/ticsalutsocial.atoom.space\/wp-content\/uploads\/2018\/05\/logo.png\",\"width\":232,\"height\":64},{\"@type\":\"BreadcrumbList\",\"@id\":\"https:\/\/ticsalutsocial.atoom.space\/es\/event\/jornada-de-gestio-clinica-en-atencio-primaria\/#breadcrumb\",\"itemListElement\":[{\"@type\":\"ListItem\",\"position\":1,\"name\":\"Inici\",\"item\":\"https:\/\/ticsalutsocial.atoom.space\/es\/\"},{\"@type\":\"ListItem\",\"position\":2,\"name\":\"Jornada de Gesti\u00f3 Cl\u00ednica en Atenci\u00f3 Prim\u00e0ria\"}]},{\"@type\":\"WebSite\",\"@id\":\"https:\/\/ticsalutsocial.atoom.space\/es\/#website\",\"url\":\"https:\/\/ticsalutsocial.atoom.space\/es\/\",\"name\":\"Fundaci\u00f3 TIC Salut i Social\",\"description\":\"\",\"potentialAction\":[{\"@type\":\"SearchAction\",\"target\":{\"@type\":\"EntryPoint\",\"urlTemplate\":\"https:\/\/ticsalutsocial.atoom.space\/es\/?s={search_term_string}\"},\"query-input\":{\"@type\":\"PropertyValueSpecification\",\"valueRequired\":true,\"valueName\":\"search_term_string\"}}],\"inLanguage\":\"es\"}]}<\/script>\n<!-- \/ Yoast SEO plugin. -->","yoast_head_json":{"title":"Jornada de Gesti\u00f3 Cl\u00ednica en Atenci\u00f3 Prim\u00e0ria - Fundaci\u00f3 TIC Salut i Social","robots":{"index":"index","follow":"follow","max-snippet":"max-snippet:-1","max-image-preview":"max-image-preview:large","max-video-preview":"max-video-preview:-1"},"canonical":"https:\/\/ticsalutsocial.atoom.space\/es\/event\/jornada-de-gestio-clinica-en-atencio-primaria\/","og_locale":"es_ES","og_type":"article","og_title":"Jornada de Gesti\u00f3 Cl\u00ednica en Atenci\u00f3 Prim\u00e0ria - Fundaci\u00f3 TIC Salut i Social","og_description":"Catalunya est\u00e0 vivint una situaci\u00f3 excepcional que afecta tots els \u00e0mbits i, en especial el de la Salut. Davant aquest nou context i amb les not\u00edcies que ens arriben, els professionals de la salut, i en particular els que treballem a l&#8217;Atenci\u00f3 Prim\u00e0ria, estem molt preocupats per les conseq\u00fc\u00e8ncies que, fruit d\u2019aquesta excepcionalitat, es poden [&hellip;]","og_url":"https:\/\/ticsalutsocial.atoom.space\/es\/event\/jornada-de-gestio-clinica-en-atencio-primaria\/","og_site_name":"Fundaci\u00f3 TIC Salut i Social","article_modified_time":"2021-07-21T14:24:03+00:00","og_image":[{"width":232,"height":64,"url":"https:\/\/ticsalutsocial.atoom.space\/wp-content\/uploads\/2018\/05\/logo.png","type":"image\/png"}],"twitter_card":"summary_large_image","twitter_misc":{"Tiempo de lectura":"2 minutos"},"schema":{"@context":"https:\/\/schema.org","@graph":[{"@type":"WebPage","@id":"https:\/\/ticsalutsocial.atoom.space\/es\/event\/jornada-de-gestio-clinica-en-atencio-primaria\/","url":"https:\/\/ticsalutsocial.atoom.space\/es\/event\/jornada-de-gestio-clinica-en-atencio-primaria\/","name":"Jornada de Gesti\u00f3 Cl\u00ednica en Atenci\u00f3 Prim\u00e0ria - Fundaci\u00f3 TIC Salut i Social","isPartOf":{"@id":"https:\/\/ticsalutsocial.atoom.space\/es\/#website"},"primaryImageOfPage":{"@id":"https:\/\/ticsalutsocial.atoom.space\/es\/event\/jornada-de-gestio-clinica-en-atencio-primaria\/#primaryimage"},"image":{"@id":"https:\/\/ticsalutsocial.atoom.space\/es\/event\/jornada-de-gestio-clinica-en-atencio-primaria\/#primaryimage"},"thumbnailUrl":"https:\/\/ticsalutsocial.atoom.space\/wp-content\/uploads\/2018\/05\/logo.png","datePublished":"2018-05-25T09:55:43+00:00","dateModified":"2021-07-21T14:24:03+00:00","breadcrumb":{"@id":"https:\/\/ticsalutsocial.atoom.space\/es\/event\/jornada-de-gestio-clinica-en-atencio-primaria\/#breadcrumb"},"inLanguage":"es","potentialAction":[{"@type":"ReadAction","target":["https:\/\/ticsalutsocial.atoom.space\/es\/event\/jornada-de-gestio-clinica-en-atencio-primaria\/"]}]},{"@type":"ImageObject","inLanguage":"es","@id":"https:\/\/ticsalutsocial.atoom.space\/es\/event\/jornada-de-gestio-clinica-en-atencio-primaria\/#primaryimage","url":"https:\/\/ticsalutsocial.atoom.space\/wp-content\/uploads\/2018\/05\/logo.png","contentUrl":"https:\/\/ticsalutsocial.atoom.space\/wp-content\/uploads\/2018\/05\/logo.png","width":232,"height":64},{"@type":"BreadcrumbList","@id":"https:\/\/ticsalutsocial.atoom.space\/es\/event\/jornada-de-gestio-clinica-en-atencio-primaria\/#breadcrumb","itemListElement":[{"@type":"ListItem","position":1,"name":"Inici","item":"https:\/\/ticsalutsocial.atoom.space\/es\/"},{"@type":"ListItem","position":2,"name":"Jornada de Gesti\u00f3 Cl\u00ednica en Atenci\u00f3 Prim\u00e0ria"}]},{"@type":"WebSite","@id":"https:\/\/ticsalutsocial.atoom.space\/es\/#website","url":"https:\/\/ticsalutsocial.atoom.space\/es\/","name":"Fundaci\u00f3 TIC Salut i Social","description":"","potentialAction":[{"@type":"SearchAction","target":{"@type":"EntryPoint","urlTemplate":"https:\/\/ticsalutsocial.atoom.space\/es\/?s={search_term_string}"},"query-input":{"@type":"PropertyValueSpecification","valueRequired":true,"valueName":"search_term_string"}}],"inLanguage":"es"}]}},"_links":{"self":[{"href":"https:\/\/ticsalutsocial.atoom.space\/es\/wp-json\/wp\/v2\/event\/5723","targetHints":{"allow":["GET"]}}],"collection":[{"href":"https:\/\/ticsalutsocial.atoom.space\/es\/wp-json\/wp\/v2\/event"}],"about":[{"href":"https:\/\/ticsalutsocial.atoom.space\/es\/wp-json\/wp\/v2\/types\/event"}],"wp:featuredmedia":[{"embeddable":true,"href":"https:\/\/ticsalutsocial.atoom.space\/es\/wp-json\/wp\/v2\/media\/5719"}],"wp:attachment":[{"href":"https:\/\/ticsalutsocial.atoom.space\/es\/wp-json\/wp\/v2\/media?parent=5723"}],"wp:term":[{"taxonomy":"tipus","embeddable":true,"href":"https:\/\/ticsalutsocial.atoom.space\/es\/wp-json\/wp\/v2\/tipus?post=5723"},{"taxonomy":"topic","embeddable":true,"href":"https:\/\/ticsalutsocial.atoom.space\/es\/wp-json\/wp\/v2\/topic?post=5723"}],"curies":[{"name":"wp","href":"https:\/\/api.w.org\/{rel}","templated":true}]}}

Jornada de Gestió Clínica en Atenció Primària

<p>Catalunya està vivint una situació excepcional que afecta tots els àmbits i, en especial el de la Salut.<br />
Davant aquest nou context i amb les notícies que ens arriben, els professionals de la salut, i en particular els que treballem a l&#8217;Atenció Primària, estem molt preocupats per les conseqüències que, fruit d’aquesta excepcionalitat, es poden produir en les diferents organitzacions sanitàries i que poden afectar l&#8217;atenció a la salut dels ciutadans.<br />
Què està passant amb tots els projectes que s’estaven treballant des del Departament de Salut?</p>
<p>Aquesta, i altres preguntes freqüents són les que ens fem i les que ens amoïnen.<br />
Volem saber si tot es mou. Per exemple, si es continua desenvolupant les accions necessàries per a la implementació de L’Estratègia Nacional d’Atenció Primària i Salut Comunitària (ENAPISC).</p>
<p>Al grup de gestió de l’AIFiCC i la CAMFIC ens agradaria poder compartir i debatre aquestes preguntes, i alguna pregunta més, amb els professionals d’AP. I a quin espai millor per fer-ho, que en l’entorn d’aquesta Jornada?</p>
<p>PROGRAMA<br />
08.30 &#8211; 09.00h Lliurament de documentació<br />
09.00 &#8211; 09.30h Acte inaugural. Representants institucionals<br />
09.30 &#8211; 10.15h Conferència inaugural Innovació: tecnologia, disseny i gestió.<br />
Josep Ma Monguet. Dr. Enginyer industrial, especialitzat en recerca i innovació en l’àmbit de la salut<br />
10.15 &#8211; 10.30h Salut noticies. Que està passant en salut a Catalunya<br />
Presentat per Imma Ferré i Montse Ureña<br />
10.30 &#8211; 11.00h Descans<br />
11.00 &#8211; 12.30h FAQS (preguntes freqüents)<br />
Moderadora: Sílvia Cóppulo.Periodista, llicenciada en psicologia<br />
Mireia Boixadera. Directora SAP Litoral<br />
Núria Nadal. Directora d&#8217;Atenció Primària Lleida<br />
Meritxell Sánchez. Metge de Família EAP Besós<br />
Anna Roig. Gestora de casos i referent de cures SAP Terres de l&#8217;Ebre<br />
Debat entre els assistents<br />
12.30 &#8211; 13.30h Cloenda i Representació teatral</p>
<p>Inscripció gratuïta fins completar aforament a través de: http://www.aificc.cat/jornadagestio</p>

Gratuït

<!-- This site is optimized with the Yoast SEO plugin v27.1.1 - https://yoast.com/product/yoast-seo-wordpress/ -->
<title>Jornada de Gestió Clínica en Atenció Primària - Fundació TIC Salut i Social</title>
<meta name="robots" content="index, follow, max-snippet:-1, max-image-preview:large, max-video-preview:-1" />
<link rel="canonical" href="https://ticsalutsocial.atoom.space/es/event/jornada-de-gestio-clinica-en-atencio-primaria/" />
<meta property="og:locale" content="es_ES" />
<meta property="og:type" content="article" />
<meta property="og:title" content="Jornada de Gestió Clínica en Atenció Primària - Fundació TIC Salut i Social" />
<meta property="og:description" content="Catalunya està vivint una situació excepcional que afecta tots els àmbits i, en especial el de la Salut. Davant aquest nou context i amb les notícies que ens arriben, els professionals de la salut, i en particular els que treballem a l&#8217;Atenció Primària, estem molt preocupats per les conseqüències que, fruit d’aquesta excepcionalitat, es poden [&hellip;]" />
<meta property="og:url" content="https://ticsalutsocial.atoom.space/es/event/jornada-de-gestio-clinica-en-atencio-primaria/" />
<meta property="og:site_name" content="Fundació TIC Salut i Social" />
<meta property="article:modified_time" content="2021-07-21T14:24:03+00:00" />
<meta property="og:image" content="https://ticsalutsocial.atoom.space/wp-content/uploads/2018/05/logo.png" />
	<meta property="og:image:width" content="232" />
	<meta property="og:image:height" content="64" />
	<meta property="og:image:type" content="image/png" />
<meta name="twitter:card" content="summary_large_image" />
<meta name="twitter:label1" content="Tiempo de lectura" />
	<meta name="twitter:data1" content="2 minutos" />
<script type="application/ld+json" class="yoast-schema-graph">{"@context":"https://schema.org","@graph":[{"@type":"WebPage","@id":"https://ticsalutsocial.atoom.space/es/event/jornada-de-gestio-clinica-en-atencio-primaria/","url":"https://ticsalutsocial.atoom.space/es/event/jornada-de-gestio-clinica-en-atencio-primaria/","name":"Jornada de Gestió Clínica en Atenció Primària - Fundació TIC Salut i Social","isPartOf":{"@id":"https://ticsalutsocial.atoom.space/es/#website"},"primaryImageOfPage":{"@id":"https://ticsalutsocial.atoom.space/es/event/jornada-de-gestio-clinica-en-atencio-primaria/#primaryimage"},"image":{"@id":"https://ticsalutsocial.atoom.space/es/event/jornada-de-gestio-clinica-en-atencio-primaria/#primaryimage"},"thumbnailUrl":"https://ticsalutsocial.atoom.space/wp-content/uploads/2018/05/logo.png","datePublished":"2018-05-25T09:55:43+00:00","dateModified":"2021-07-21T14:24:03+00:00","breadcrumb":{"@id":"https://ticsalutsocial.atoom.space/es/event/jornada-de-gestio-clinica-en-atencio-primaria/#breadcrumb"},"inLanguage":"es","potentialAction":[{"@type":"ReadAction","target":["https://ticsalutsocial.atoom.space/es/event/jornada-de-gestio-clinica-en-atencio-primaria/"]}]},{"@type":"ImageObject","inLanguage":"es","@id":"https://ticsalutsocial.atoom.space/es/event/jornada-de-gestio-clinica-en-atencio-primaria/#primaryimage","url":"https://ticsalutsocial.atoom.space/wp-content/uploads/2018/05/logo.png","contentUrl":"https://ticsalutsocial.atoom.space/wp-content/uploads/2018/05/logo.png","width":232,"height":64},{"@type":"BreadcrumbList","@id":"https://ticsalutsocial.atoom.space/es/event/jornada-de-gestio-clinica-en-atencio-primaria/#breadcrumb","itemListElement":[{"@type":"ListItem","position":1,"name":"Inici","item":"https://ticsalutsocial.atoom.space/es/"},{"@type":"ListItem","position":2,"name":"Jornada de Gestió Clínica en Atenció Primària"}]},{"@type":"WebSite","@id":"https://ticsalutsocial.atoom.space/es/#website","url":"https://ticsalutsocial.atoom.space/es/","name":"Fundació TIC Salut i Social","description":"","potentialAction":[{"@type":"SearchAction","target":{"@type":"EntryPoint","urlTemplate":"https://ticsalutsocial.atoom.space/es/?s={search_term_string}"},"query-input":{"@type":"PropertyValueSpecification","valueRequired":true,"valueName":"search_term_string"}}],"inLanguage":"es"}]}</script>
<!-- / Yoast SEO plugin. -->

Jornada de Gestió Clínica en Atenció Primària - Fundació TIC Salut i Social

Catalunya està vivint una situació excepcional que afecta tots els àmbits i, en especial el de la Salut. Davant aquest nou context i amb les notícies que ens arriben, els professionals de la salut, i en particular els que treballem a l&#8217;Atenció Primària, estem molt preocupats per les conseqüències que, fruit d’aquesta excepcionalitat, es poden [&hellip;]

Fundació TIC Salut i Social
