
{"id":5738,"date":"2019-06-06T12:40:32","date_gmt":"2019-06-06T10:40:32","guid":{"rendered":"https:\/\/ticsalutsocial.atoom.space\/?post_type=event&#038;p=5738"},"modified":"2021-07-21T16:26:14","modified_gmt":"2021-07-21T14:26:14","slug":"xpatient-barcelona-congress","status":"publish","type":"event","link":"https:\/\/ticsalutsocial.atoom.space\/es\/event\/xpatient-barcelona-congress\/","title":{"rendered":"XPatient Barcelona Congress"},"content":{"rendered":"<div class=\"eight columns\">\n<div class=\"gdlr-item-title-wrapper gdlr-item pos-left \">\n<div class=\"gdlr-item-title-head\">\n<h3 class=\"gdlr-item-title gdlr-skin-title gdlr-skin-border gdlr-title-medium\">\u00bfQU\u00c9 ES EL XPATIENT BARCELONA CONGRESS?<\/h3>\n<div class=\"clear\">El XPatient Barcelona Congress es una de las acciones principales impulsada por la XPA Barcelona (Experiencia del Paciente) -una comunidad de pr\u00e1ctica que aglutina instituciones del \u00e1mbito hospitalario, tecnol\u00f3gico, de la investigaci\u00f3n y la administraci\u00f3n- para transformar el modelo asistencial y que \u00e9ste sit\u00fae el paciente como el elemento clave y prioritario.<\/div>\n<\/div>\n<\/div>\n<div class=\"gdlr-item gdlr-content-item\">\n<p>En el congreso se dar\u00e1n a conocer las conclusiones extra\u00eddas de los talleres y actividades propias del XPA Barcelona y se invitar\u00e1 a la comunidad m\u00e9dica a participar de los resultados extra\u00eddos, para hacer aflorar las iniciativas y buenas pr\u00e1cticas y ayudar a implementarlas en el sistema de salud.<\/p>\n<p>El comit\u00e9 organizador del XPatient Barcelona apunta que la experiencia del paciente conforma el tercer pilar de la calidad en la asistencia m\u00e9dica, conjuntamente con la seguridad y la efectividad del tratamiento.<\/p>\n<p><strong>OBJETIVOS PRINCIPALES<\/strong><\/p>\n<ul>\n<li>Dar a conocer la labor y las conclusiones de los talleres realizados por la Comunidad de Pr\u00e1ctica<\/li>\n<li>Detectar las buenas pr\u00e1cticas y promover su implantaci\u00f3n en el sistema de salud<\/li>\n<li>Hacer aflorar la investigaci\u00f3n que se est\u00e1 llevando a cabo en el campo de la mejora de la calidad asistencial<\/li>\n<li>Convertirse en el punto de encuentro anual de los profesionales que trabajan en la mejora de la calidad asistencial y las empresas de servicios con soluciones para este sector<\/li>\n<\/ul>\n<\/div>\n<\/div>\n<div class=\"four columns\">\n<div class=\"gdlr-item-title-wrapper gdlr-item pos-left \">\n<div class=\"gdlr-item-title-head\">\n<h3 class=\"gdlr-item-title gdlr-skin-title gdlr-skin-border gdlr-title-medium\">A QUI\u00c9N SE DIRIGE:<\/h3>\n<\/div>\n<\/div>\n<div class=\"gdlr-item gdlr-content-item\">\n<ul>\n<li>Pacientes, cuidadores y familiares<\/li>\n<li>Asociaciones de pacientes y entidades del Tercer Sector dedicadas a la atenci\u00f3n del paciente<\/li>\n<li>Entidades de investigaci\u00f3n aplicada al sector asistencial (Universidades, centros tecnol\u00f3gicos, etc.)<\/li>\n<li>Administraciones p\u00fablicas y entidades privadas con capacidad de decisi\u00f3n sobre la adopci\u00f3n de nuevas soluciones y pr\u00e1cticas que mejoren la calidad asistencial del paciente<\/li>\n<li>Empresas de servicios y empresas de tecnolog\u00edas con soluciones para la mejora de la calidad asistencial<\/li>\n<\/ul>\n<\/div>\n<\/div>\n","protected":false},"featured_media":6815,"menu_order":0,"template":"","meta":{"_acf_changed":false,"inline_featured_image":false},"tipus":[],"topic":[121],"class_list":["post-5738","event","type-event","status-publish","has-post-thumbnail","hentry","topic-dpd-es"],"acf":{"imatge":6817,"informacio":{"ubicacio":"CaixaForum","data":"17\/09\/2019","hora":"","preu":"","inscripcions":""}},"yoast_head":"<!-- This site is optimized with the Yoast SEO plugin v27.1.1 - https:\/\/yoast.com\/product\/yoast-seo-wordpress\/ -->\n<title>XPatient Barcelona Congress - Fundaci\u00f3 TIC Salut i Social<\/title>\n<meta name=\"robots\" content=\"index, follow, max-snippet:-1, max-image-preview:large, max-video-preview:-1\" \/>\n<link rel=\"canonical\" href=\"https:\/\/ticsalutsocial.atoom.space\/es\/event\/xpatient-barcelona-congress\/\" \/>\n<meta property=\"og:locale\" content=\"es_ES\" \/>\n<meta property=\"og:type\" content=\"article\" \/>\n<meta property=\"og:title\" content=\"XPatient Barcelona Congress - Fundaci\u00f3 TIC Salut i Social\" \/>\n<meta property=\"og:description\" content=\"\u00bfQU\u00c9 ES EL XPATIENT BARCELONA CONGRESS? El XPatient Barcelona Congress es una de las acciones principales impulsada por la XPA Barcelona (Experiencia del Paciente) -una comunidad de pr\u00e1ctica que aglutina instituciones del \u00e1mbito hospitalario, tecnol\u00f3gico, de la investigaci\u00f3n y la administraci\u00f3n- para transformar el modelo asistencial y que \u00e9ste sit\u00fae el paciente como el elemento [&hellip;]\" \/>\n<meta property=\"og:url\" content=\"https:\/\/ticsalutsocial.atoom.space\/es\/event\/xpatient-barcelona-congress\/\" \/>\n<meta property=\"og:site_name\" content=\"Fundaci\u00f3 TIC Salut i Social\" \/>\n<meta property=\"article:modified_time\" content=\"2021-07-21T14:26:14+00:00\" \/>\n<meta property=\"og:image\" content=\"https:\/\/ticsalutsocial.atoom.space\/wp-content\/uploads\/2018\/05\/01.png\" \/>\n\t<meta property=\"og:image:width\" content=\"1152\" \/>\n\t<meta property=\"og:image:height\" content=\"1152\" \/>\n\t<meta property=\"og:image:type\" content=\"image\/png\" \/>\n<meta name=\"twitter:card\" content=\"summary_large_image\" \/>\n<meta name=\"twitter:label1\" content=\"Tiempo de lectura\" \/>\n\t<meta name=\"twitter:data1\" content=\"2 minutos\" \/>\n<script type=\"application\/ld+json\" class=\"yoast-schema-graph\">{\"@context\":\"https:\/\/schema.org\",\"@graph\":[{\"@type\":\"WebPage\",\"@id\":\"https:\/\/ticsalutsocial.atoom.space\/es\/event\/xpatient-barcelona-congress\/\",\"url\":\"https:\/\/ticsalutsocial.atoom.space\/es\/event\/xpatient-barcelona-congress\/\",\"name\":\"XPatient Barcelona Congress - Fundaci\u00f3 TIC Salut i Social\",\"isPartOf\":{\"@id\":\"https:\/\/ticsalutsocial.atoom.space\/es\/#website\"},\"primaryImageOfPage\":{\"@id\":\"https:\/\/ticsalutsocial.atoom.space\/es\/event\/xpatient-barcelona-congress\/#primaryimage\"},\"image\":{\"@id\":\"https:\/\/ticsalutsocial.atoom.space\/es\/event\/xpatient-barcelona-congress\/#primaryimage\"},\"thumbnailUrl\":\"https:\/\/ticsalutsocial.atoom.space\/wp-content\/uploads\/2018\/05\/01.png\",\"datePublished\":\"2019-06-06T10:40:32+00:00\",\"dateModified\":\"2021-07-21T14:26:14+00:00\",\"breadcrumb\":{\"@id\":\"https:\/\/ticsalutsocial.atoom.space\/es\/event\/xpatient-barcelona-congress\/#breadcrumb\"},\"inLanguage\":\"es\",\"potentialAction\":[{\"@type\":\"ReadAction\",\"target\":[\"https:\/\/ticsalutsocial.atoom.space\/es\/event\/xpatient-barcelona-congress\/\"]}]},{\"@type\":\"ImageObject\",\"inLanguage\":\"es\",\"@id\":\"https:\/\/ticsalutsocial.atoom.space\/es\/event\/xpatient-barcelona-congress\/#primaryimage\",\"url\":\"https:\/\/ticsalutsocial.atoom.space\/wp-content\/uploads\/2018\/05\/01.png\",\"contentUrl\":\"https:\/\/ticsalutsocial.atoom.space\/wp-content\/uploads\/2018\/05\/01.png\",\"width\":1152,\"height\":1152},{\"@type\":\"BreadcrumbList\",\"@id\":\"https:\/\/ticsalutsocial.atoom.space\/es\/event\/xpatient-barcelona-congress\/#breadcrumb\",\"itemListElement\":[{\"@type\":\"ListItem\",\"position\":1,\"name\":\"Inici\",\"item\":\"https:\/\/ticsalutsocial.atoom.space\/es\/\"},{\"@type\":\"ListItem\",\"position\":2,\"name\":\"XPatient Barcelona Congress\"}]},{\"@type\":\"WebSite\",\"@id\":\"https:\/\/ticsalutsocial.atoom.space\/es\/#website\",\"url\":\"https:\/\/ticsalutsocial.atoom.space\/es\/\",\"name\":\"Fundaci\u00f3 TIC Salut i Social\",\"description\":\"\",\"potentialAction\":[{\"@type\":\"SearchAction\",\"target\":{\"@type\":\"EntryPoint\",\"urlTemplate\":\"https:\/\/ticsalutsocial.atoom.space\/es\/?s={search_term_string}\"},\"query-input\":{\"@type\":\"PropertyValueSpecification\",\"valueRequired\":true,\"valueName\":\"search_term_string\"}}],\"inLanguage\":\"es\"}]}<\/script>\n<!-- \/ Yoast SEO plugin. -->","yoast_head_json":{"title":"XPatient Barcelona Congress - Fundaci\u00f3 TIC Salut i Social","robots":{"index":"index","follow":"follow","max-snippet":"max-snippet:-1","max-image-preview":"max-image-preview:large","max-video-preview":"max-video-preview:-1"},"canonical":"https:\/\/ticsalutsocial.atoom.space\/es\/event\/xpatient-barcelona-congress\/","og_locale":"es_ES","og_type":"article","og_title":"XPatient Barcelona Congress - Fundaci\u00f3 TIC Salut i Social","og_description":"\u00bfQU\u00c9 ES EL XPATIENT BARCELONA CONGRESS? El XPatient Barcelona Congress es una de las acciones principales impulsada por la XPA Barcelona (Experiencia del Paciente) -una comunidad de pr\u00e1ctica que aglutina instituciones del \u00e1mbito hospitalario, tecnol\u00f3gico, de la investigaci\u00f3n y la administraci\u00f3n- para transformar el modelo asistencial y que \u00e9ste sit\u00fae el paciente como el elemento [&hellip;]","og_url":"https:\/\/ticsalutsocial.atoom.space\/es\/event\/xpatient-barcelona-congress\/","og_site_name":"Fundaci\u00f3 TIC Salut i Social","article_modified_time":"2021-07-21T14:26:14+00:00","og_image":[{"width":1152,"height":1152,"url":"https:\/\/ticsalutsocial.atoom.space\/wp-content\/uploads\/2018\/05\/01.png","type":"image\/png"}],"twitter_card":"summary_large_image","twitter_misc":{"Tiempo de lectura":"2 minutos"},"schema":{"@context":"https:\/\/schema.org","@graph":[{"@type":"WebPage","@id":"https:\/\/ticsalutsocial.atoom.space\/es\/event\/xpatient-barcelona-congress\/","url":"https:\/\/ticsalutsocial.atoom.space\/es\/event\/xpatient-barcelona-congress\/","name":"XPatient Barcelona Congress - Fundaci\u00f3 TIC Salut i Social","isPartOf":{"@id":"https:\/\/ticsalutsocial.atoom.space\/es\/#website"},"primaryImageOfPage":{"@id":"https:\/\/ticsalutsocial.atoom.space\/es\/event\/xpatient-barcelona-congress\/#primaryimage"},"image":{"@id":"https:\/\/ticsalutsocial.atoom.space\/es\/event\/xpatient-barcelona-congress\/#primaryimage"},"thumbnailUrl":"https:\/\/ticsalutsocial.atoom.space\/wp-content\/uploads\/2018\/05\/01.png","datePublished":"2019-06-06T10:40:32+00:00","dateModified":"2021-07-21T14:26:14+00:00","breadcrumb":{"@id":"https:\/\/ticsalutsocial.atoom.space\/es\/event\/xpatient-barcelona-congress\/#breadcrumb"},"inLanguage":"es","potentialAction":[{"@type":"ReadAction","target":["https:\/\/ticsalutsocial.atoom.space\/es\/event\/xpatient-barcelona-congress\/"]}]},{"@type":"ImageObject","inLanguage":"es","@id":"https:\/\/ticsalutsocial.atoom.space\/es\/event\/xpatient-barcelona-congress\/#primaryimage","url":"https:\/\/ticsalutsocial.atoom.space\/wp-content\/uploads\/2018\/05\/01.png","contentUrl":"https:\/\/ticsalutsocial.atoom.space\/wp-content\/uploads\/2018\/05\/01.png","width":1152,"height":1152},{"@type":"BreadcrumbList","@id":"https:\/\/ticsalutsocial.atoom.space\/es\/event\/xpatient-barcelona-congress\/#breadcrumb","itemListElement":[{"@type":"ListItem","position":1,"name":"Inici","item":"https:\/\/ticsalutsocial.atoom.space\/es\/"},{"@type":"ListItem","position":2,"name":"XPatient Barcelona Congress"}]},{"@type":"WebSite","@id":"https:\/\/ticsalutsocial.atoom.space\/es\/#website","url":"https:\/\/ticsalutsocial.atoom.space\/es\/","name":"Fundaci\u00f3 TIC Salut i Social","description":"","potentialAction":[{"@type":"SearchAction","target":{"@type":"EntryPoint","urlTemplate":"https:\/\/ticsalutsocial.atoom.space\/es\/?s={search_term_string}"},"query-input":{"@type":"PropertyValueSpecification","valueRequired":true,"valueName":"search_term_string"}}],"inLanguage":"es"}]}},"_links":{"self":[{"href":"https:\/\/ticsalutsocial.atoom.space\/es\/wp-json\/wp\/v2\/event\/5738","targetHints":{"allow":["GET"]}}],"collection":[{"href":"https:\/\/ticsalutsocial.atoom.space\/es\/wp-json\/wp\/v2\/event"}],"about":[{"href":"https:\/\/ticsalutsocial.atoom.space\/es\/wp-json\/wp\/v2\/types\/event"}],"wp:featuredmedia":[{"embeddable":true,"href":"https:\/\/ticsalutsocial.atoom.space\/es\/wp-json\/wp\/v2\/media\/6815"}],"wp:attachment":[{"href":"https:\/\/ticsalutsocial.atoom.space\/es\/wp-json\/wp\/v2\/media?parent=5738"}],"wp:term":[{"taxonomy":"tipus","embeddable":true,"href":"https:\/\/ticsalutsocial.atoom.space\/es\/wp-json\/wp\/v2\/tipus?post=5738"},{"taxonomy":"topic","embeddable":true,"href":"https:\/\/ticsalutsocial.atoom.space\/es\/wp-json\/wp\/v2\/topic?post=5738"}],"curies":[{"name":"wp","href":"https:\/\/api.w.org\/{rel}","templated":true}]}}

<div class="eight columns">
<div class="gdlr-item-title-wrapper gdlr-item pos-left ">
<div class="gdlr-item-title-head">
<h3 class="gdlr-item-title gdlr-skin-title gdlr-skin-border gdlr-title-medium">¿QUÉ ES EL XPATIENT BARCELONA CONGRESS?</h3>
<div class="clear">El XPatient Barcelona Congress es una de las acciones principales impulsada por la XPA Barcelona (Experiencia del Paciente) -una comunidad de práctica que aglutina instituciones del ámbito hospitalario, tecnológico, de la investigación y la administración- para transformar el modelo asistencial y que éste sitúe el paciente como el elemento clave y prioritario.</div>
</div>
</div>
<div class="gdlr-item gdlr-content-item">
<p>En el congreso se darán a conocer las conclusiones extraídas de los talleres y actividades propias del XPA Barcelona y se invitará a la comunidad médica a participar de los resultados extraídos, para hacer aflorar las iniciativas y buenas prácticas y ayudar a implementarlas en el sistema de salud.</p>
<p>El comité organizador del XPatient Barcelona apunta que la experiencia del paciente conforma el tercer pilar de la calidad en la asistencia médica, conjuntamente con la seguridad y la efectividad del tratamiento.</p>
<p><strong>OBJETIVOS PRINCIPALES</strong></p>
<ul>
<li>Dar a conocer la labor y las conclusiones de los talleres realizados por la Comunidad de Práctica</li>
<li>Detectar las buenas prácticas y promover su implantación en el sistema de salud</li>
<li>Hacer aflorar la investigación que se está llevando a cabo en el campo de la mejora de la calidad asistencial</li>
<li>Convertirse en el punto de encuentro anual de los profesionales que trabajan en la mejora de la calidad asistencial y las empresas de servicios con soluciones para este sector</li>
</ul>
</div>
</div>
<div class="four columns">
<div class="gdlr-item-title-wrapper gdlr-item pos-left ">
<div class="gdlr-item-title-head">
<h3 class="gdlr-item-title gdlr-skin-title gdlr-skin-border gdlr-title-medium">A QUIÉN SE DIRIGE:</h3>
</div>
</div>
<div class="gdlr-item gdlr-content-item">
<ul>
<li>Pacientes, cuidadores y familiares</li>
<li>Asociaciones de pacientes y entidades del Tercer Sector dedicadas a la atención del paciente</li>
<li>Entidades de investigación aplicada al sector asistencial (Universidades, centros tecnológicos, etc.)</li>
<li>Administraciones públicas y entidades privadas con capacidad de decisión sobre la adopción de nuevas soluciones y prácticas que mejoren la calidad asistencial del paciente</li>
<li>Empresas de servicios y empresas de tecnologías con soluciones para la mejora de la calidad asistencial</li>
</ul>
</div>
</div>

<!-- This site is optimized with the Yoast SEO plugin v27.1.1 - https://yoast.com/product/yoast-seo-wordpress/ -->
<title>XPatient Barcelona Congress - Fundació TIC Salut i Social</title>
<meta name="robots" content="index, follow, max-snippet:-1, max-image-preview:large, max-video-preview:-1" />
<link rel="canonical" href="https://ticsalutsocial.atoom.space/es/event/xpatient-barcelona-congress/" />
<meta property="og:locale" content="es_ES" />
<meta property="og:type" content="article" />
<meta property="og:title" content="XPatient Barcelona Congress - Fundació TIC Salut i Social" />
<meta property="og:description" content="¿QUÉ ES EL XPATIENT BARCELONA CONGRESS? El XPatient Barcelona Congress es una de las acciones principales impulsada por la XPA Barcelona (Experiencia del Paciente) -una comunidad de práctica que aglutina instituciones del ámbito hospitalario, tecnológico, de la investigación y la administración- para transformar el modelo asistencial y que éste sitúe el paciente como el elemento [&hellip;]" />
<meta property="og:url" content="https://ticsalutsocial.atoom.space/es/event/xpatient-barcelona-congress/" />
<meta property="og:site_name" content="Fundació TIC Salut i Social" />
<meta property="article:modified_time" content="2021-07-21T14:26:14+00:00" />
<meta property="og:image" content="https://ticsalutsocial.atoom.space/wp-content/uploads/2018/05/01.png" />
	<meta property="og:image:width" content="1152" />
	<meta property="og:image:height" content="1152" />
	<meta property="og:image:type" content="image/png" />
<meta name="twitter:card" content="summary_large_image" />
<meta name="twitter:label1" content="Tiempo de lectura" />
	<meta name="twitter:data1" content="2 minutos" />
<script type="application/ld+json" class="yoast-schema-graph">{"@context":"https://schema.org","@graph":[{"@type":"WebPage","@id":"https://ticsalutsocial.atoom.space/es/event/xpatient-barcelona-congress/","url":"https://ticsalutsocial.atoom.space/es/event/xpatient-barcelona-congress/","name":"XPatient Barcelona Congress - Fundació TIC Salut i Social","isPartOf":{"@id":"https://ticsalutsocial.atoom.space/es/#website"},"primaryImageOfPage":{"@id":"https://ticsalutsocial.atoom.space/es/event/xpatient-barcelona-congress/#primaryimage"},"image":{"@id":"https://ticsalutsocial.atoom.space/es/event/xpatient-barcelona-congress/#primaryimage"},"thumbnailUrl":"https://ticsalutsocial.atoom.space/wp-content/uploads/2018/05/01.png","datePublished":"2019-06-06T10:40:32+00:00","dateModified":"2021-07-21T14:26:14+00:00","breadcrumb":{"@id":"https://ticsalutsocial.atoom.space/es/event/xpatient-barcelona-congress/#breadcrumb"},"inLanguage":"es","potentialAction":[{"@type":"ReadAction","target":["https://ticsalutsocial.atoom.space/es/event/xpatient-barcelona-congress/"]}]},{"@type":"ImageObject","inLanguage":"es","@id":"https://ticsalutsocial.atoom.space/es/event/xpatient-barcelona-congress/#primaryimage","url":"https://ticsalutsocial.atoom.space/wp-content/uploads/2018/05/01.png","contentUrl":"https://ticsalutsocial.atoom.space/wp-content/uploads/2018/05/01.png","width":1152,"height":1152},{"@type":"BreadcrumbList","@id":"https://ticsalutsocial.atoom.space/es/event/xpatient-barcelona-congress/#breadcrumb","itemListElement":[{"@type":"ListItem","position":1,"name":"Inici","item":"https://ticsalutsocial.atoom.space/es/"},{"@type":"ListItem","position":2,"name":"XPatient Barcelona Congress"}]},{"@type":"WebSite","@id":"https://ticsalutsocial.atoom.space/es/#website","url":"https://ticsalutsocial.atoom.space/es/","name":"Fundació TIC Salut i Social","description":"","potentialAction":[{"@type":"SearchAction","target":{"@type":"EntryPoint","urlTemplate":"https://ticsalutsocial.atoom.space/es/?s={search_term_string}"},"query-input":{"@type":"PropertyValueSpecification","valueRequired":true,"valueName":"search_term_string"}}],"inLanguage":"es"}]}</script>
<!-- / Yoast SEO plugin. -->

XPatient Barcelona Congress - Fundació TIC Salut i Social

¿QUÉ ES EL XPATIENT BARCELONA CONGRESS? El XPatient Barcelona Congress es una de las acciones principales impulsada por la XPA Barcelona (Experiencia del Paciente) -una comunidad de práctica que aglutina instituciones del ámbito hospitalario, tecnológico, de la investigación y la administración- para transformar el modelo asistencial y que éste sitúe el paciente como el elemento [&hellip;]

Fundació TIC Salut i Social
