
{"id":5763,"date":"2018-08-30T12:29:12","date_gmt":"2018-08-30T10:29:12","guid":{"rendered":"https:\/\/ticsalutsocial.atoom.space\/?post_type=event&#038;p=5763"},"modified":"2021-07-21T16:24:32","modified_gmt":"2021-07-21T14:24:32","slug":"congreso-de-salud-digital-conectando-la-salud-en-san-sebastian","status":"publish","type":"event","link":"https:\/\/ticsalutsocial.atoom.space\/es\/event\/congreso-de-salud-digital-conectando-la-salud-en-san-sebastian\/","title":{"rendered":"Congreso de Salud Digital: Conectando la Salud en San Sebasti\u00e1n"},"content":{"rendered":"<p>La Salud Digital es imprescindible para hacer frente al continuo cambio que experimenta la atenci\u00f3n sanitaria. En este contexto los datos de salud se configuran como una oportunidad. La utilizaci\u00f3n de la Inteligencia Artificial, el Big Data, y el Blockchain permitir\u00e1 importantes avances en el conocimiento de diversas \u00e1reas relacionadas con la salud y los servicios sanitarios, ayudando a tomar decisiones m\u00e1s adecuadas, eficientes, sostenibles y que respondan a las necesidades de los usuarios.<\/p>\n<p>Pero \u00bfqu\u00e9 opinan los pacientes? Y, por otro lado\u00a0\u00bfqu\u00e9 papel tienen las redes sociales? \u00bfQu\u00e9 experiencias de \u00e9xito existen ya en la Salud Conectada? \u00bfC\u00f3mo ser\u00e1 el futuro?<\/p>\n<p>Todo esto se debatir\u00e1 en este espacio de encuentro entre profesionales sanitarios, gestores, empresas tecnol\u00f3gicas, universidad, pacientes y todo aquel interesado en el tema en un foro que pretende, con la participaci\u00f3n y colaboraci\u00f3n de todos los asistentes, debatir, aprender y generar conocimiento e innovaci\u00f3n \u00fatil para la sociedad.<\/p>\n<p><strong><em>OBJETIVOS<\/em><\/strong><\/p>\n<p>Conocer la oportunidad de la utilizaci\u00f3n de los datos de salud: Big Data, Inteligencia Artificial, Blockchain\u2026<\/p>\n<p>Valorar el papel de las redes sociales<\/p>\n<p>Plantear el papel y la opini\u00f3n del ciudadano ante estos nuevos escenarios<\/p>\n<p>Compartir experiencias entre los asistentes, potenciando la colaboraci\u00f3n entre los distintos agentes de salud<\/p>\n<p><strong><em>Marisa Merino<\/em><\/strong><\/p>\n<p><strong><em>Directora del congreso<\/em><\/strong><\/p>\n<p><strong>Sede del congreso: Palacio Miramar (Donostia-San Sebasti\u00e1n)<\/strong><\/p>\n","protected":false},"featured_media":3499,"menu_order":0,"template":"","meta":{"_acf_changed":false,"inline_featured_image":false},"tipus":[],"topic":[121],"class_list":["post-5763","event","type-event","status-publish","has-post-thumbnail","hentry","topic-dpd-es"],"acf":{"imatge":3501,"informacio":{"ubicacio":"Palacio Miramar (Donostia-San Sebasti\u00e1n)","data":"13\/09\/2018","hora":"","preu":"","inscripcions":""}},"yoast_head":"<!-- This site is optimized with the Yoast SEO plugin v27.1.1 - https:\/\/yoast.com\/product\/yoast-seo-wordpress\/ -->\n<title>Congreso de Salud Digital: Conectando la Salud en San Sebasti\u00e1n - Fundaci\u00f3 TIC Salut i Social<\/title>\n<meta name=\"robots\" content=\"index, follow, max-snippet:-1, max-image-preview:large, max-video-preview:-1\" \/>\n<link rel=\"canonical\" href=\"https:\/\/ticsalutsocial.atoom.space\/es\/event\/congreso-de-salud-digital-conectando-la-salud-en-san-sebastian\/\" \/>\n<meta property=\"og:locale\" content=\"es_ES\" \/>\n<meta property=\"og:type\" content=\"article\" \/>\n<meta property=\"og:title\" content=\"Congreso de Salud Digital: Conectando la Salud en San Sebasti\u00e1n - Fundaci\u00f3 TIC Salut i Social\" \/>\n<meta property=\"og:description\" content=\"La Salud Digital es imprescindible para hacer frente al continuo cambio que experimenta la atenci\u00f3n sanitaria. En este contexto los datos de salud se configuran como una oportunidad. La utilizaci\u00f3n de la Inteligencia Artificial, el Big Data, y el Blockchain permitir\u00e1 importantes avances en el conocimiento de diversas \u00e1reas relacionadas con la salud y los [&hellip;]\" \/>\n<meta property=\"og:url\" content=\"https:\/\/ticsalutsocial.atoom.space\/es\/event\/congreso-de-salud-digital-conectando-la-salud-en-san-sebastian\/\" \/>\n<meta property=\"og:site_name\" content=\"Fundaci\u00f3 TIC Salut i Social\" \/>\n<meta property=\"article:modified_time\" content=\"2021-07-21T14:24:32+00:00\" \/>\n<meta property=\"og:image\" content=\"https:\/\/ticsalutsocial.atoom.space\/wp-content\/uploads\/2018\/09\/captura.png\" \/>\n\t<meta property=\"og:image:width\" content=\"729\" \/>\n\t<meta property=\"og:image:height\" content=\"570\" \/>\n\t<meta property=\"og:image:type\" content=\"image\/png\" \/>\n<meta name=\"twitter:card\" content=\"summary_large_image\" \/>\n<meta name=\"twitter:label1\" content=\"Tiempo de lectura\" \/>\n\t<meta name=\"twitter:data1\" content=\"1 minuto\" \/>\n<script type=\"application\/ld+json\" class=\"yoast-schema-graph\">{\"@context\":\"https:\/\/schema.org\",\"@graph\":[{\"@type\":\"WebPage\",\"@id\":\"https:\/\/ticsalutsocial.atoom.space\/es\/event\/congreso-de-salud-digital-conectando-la-salud-en-san-sebastian\/\",\"url\":\"https:\/\/ticsalutsocial.atoom.space\/es\/event\/congreso-de-salud-digital-conectando-la-salud-en-san-sebastian\/\",\"name\":\"Congreso de Salud Digital: Conectando la Salud en San Sebasti\u00e1n - Fundaci\u00f3 TIC Salut i Social\",\"isPartOf\":{\"@id\":\"https:\/\/ticsalutsocial.atoom.space\/es\/#website\"},\"primaryImageOfPage\":{\"@id\":\"https:\/\/ticsalutsocial.atoom.space\/es\/event\/congreso-de-salud-digital-conectando-la-salud-en-san-sebastian\/#primaryimage\"},\"image\":{\"@id\":\"https:\/\/ticsalutsocial.atoom.space\/es\/event\/congreso-de-salud-digital-conectando-la-salud-en-san-sebastian\/#primaryimage\"},\"thumbnailUrl\":\"https:\/\/ticsalutsocial.atoom.space\/wp-content\/uploads\/2018\/09\/captura.png\",\"datePublished\":\"2018-08-30T10:29:12+00:00\",\"dateModified\":\"2021-07-21T14:24:32+00:00\",\"breadcrumb\":{\"@id\":\"https:\/\/ticsalutsocial.atoom.space\/es\/event\/congreso-de-salud-digital-conectando-la-salud-en-san-sebastian\/#breadcrumb\"},\"inLanguage\":\"es\",\"potentialAction\":[{\"@type\":\"ReadAction\",\"target\":[\"https:\/\/ticsalutsocial.atoom.space\/es\/event\/congreso-de-salud-digital-conectando-la-salud-en-san-sebastian\/\"]}]},{\"@type\":\"ImageObject\",\"inLanguage\":\"es\",\"@id\":\"https:\/\/ticsalutsocial.atoom.space\/es\/event\/congreso-de-salud-digital-conectando-la-salud-en-san-sebastian\/#primaryimage\",\"url\":\"https:\/\/ticsalutsocial.atoom.space\/wp-content\/uploads\/2018\/09\/captura.png\",\"contentUrl\":\"https:\/\/ticsalutsocial.atoom.space\/wp-content\/uploads\/2018\/09\/captura.png\",\"width\":729,\"height\":570},{\"@type\":\"BreadcrumbList\",\"@id\":\"https:\/\/ticsalutsocial.atoom.space\/es\/event\/congreso-de-salud-digital-conectando-la-salud-en-san-sebastian\/#breadcrumb\",\"itemListElement\":[{\"@type\":\"ListItem\",\"position\":1,\"name\":\"Inici\",\"item\":\"https:\/\/ticsalutsocial.atoom.space\/es\/\"},{\"@type\":\"ListItem\",\"position\":2,\"name\":\"Congreso de Salud Digital: Conectando la Salud en San Sebasti\u00e1n\"}]},{\"@type\":\"WebSite\",\"@id\":\"https:\/\/ticsalutsocial.atoom.space\/es\/#website\",\"url\":\"https:\/\/ticsalutsocial.atoom.space\/es\/\",\"name\":\"Fundaci\u00f3 TIC Salut i Social\",\"description\":\"\",\"potentialAction\":[{\"@type\":\"SearchAction\",\"target\":{\"@type\":\"EntryPoint\",\"urlTemplate\":\"https:\/\/ticsalutsocial.atoom.space\/es\/?s={search_term_string}\"},\"query-input\":{\"@type\":\"PropertyValueSpecification\",\"valueRequired\":true,\"valueName\":\"search_term_string\"}}],\"inLanguage\":\"es\"}]}<\/script>\n<!-- \/ Yoast SEO plugin. -->","yoast_head_json":{"title":"Congreso de Salud Digital: Conectando la Salud en San Sebasti\u00e1n - Fundaci\u00f3 TIC Salut i Social","robots":{"index":"index","follow":"follow","max-snippet":"max-snippet:-1","max-image-preview":"max-image-preview:large","max-video-preview":"max-video-preview:-1"},"canonical":"https:\/\/ticsalutsocial.atoom.space\/es\/event\/congreso-de-salud-digital-conectando-la-salud-en-san-sebastian\/","og_locale":"es_ES","og_type":"article","og_title":"Congreso de Salud Digital: Conectando la Salud en San Sebasti\u00e1n - Fundaci\u00f3 TIC Salut i Social","og_description":"La Salud Digital es imprescindible para hacer frente al continuo cambio que experimenta la atenci\u00f3n sanitaria. En este contexto los datos de salud se configuran como una oportunidad. La utilizaci\u00f3n de la Inteligencia Artificial, el Big Data, y el Blockchain permitir\u00e1 importantes avances en el conocimiento de diversas \u00e1reas relacionadas con la salud y los [&hellip;]","og_url":"https:\/\/ticsalutsocial.atoom.space\/es\/event\/congreso-de-salud-digital-conectando-la-salud-en-san-sebastian\/","og_site_name":"Fundaci\u00f3 TIC Salut i Social","article_modified_time":"2021-07-21T14:24:32+00:00","og_image":[{"width":729,"height":570,"url":"https:\/\/ticsalutsocial.atoom.space\/wp-content\/uploads\/2018\/09\/captura.png","type":"image\/png"}],"twitter_card":"summary_large_image","twitter_misc":{"Tiempo de lectura":"1 minuto"},"schema":{"@context":"https:\/\/schema.org","@graph":[{"@type":"WebPage","@id":"https:\/\/ticsalutsocial.atoom.space\/es\/event\/congreso-de-salud-digital-conectando-la-salud-en-san-sebastian\/","url":"https:\/\/ticsalutsocial.atoom.space\/es\/event\/congreso-de-salud-digital-conectando-la-salud-en-san-sebastian\/","name":"Congreso de Salud Digital: Conectando la Salud en San Sebasti\u00e1n - Fundaci\u00f3 TIC Salut i Social","isPartOf":{"@id":"https:\/\/ticsalutsocial.atoom.space\/es\/#website"},"primaryImageOfPage":{"@id":"https:\/\/ticsalutsocial.atoom.space\/es\/event\/congreso-de-salud-digital-conectando-la-salud-en-san-sebastian\/#primaryimage"},"image":{"@id":"https:\/\/ticsalutsocial.atoom.space\/es\/event\/congreso-de-salud-digital-conectando-la-salud-en-san-sebastian\/#primaryimage"},"thumbnailUrl":"https:\/\/ticsalutsocial.atoom.space\/wp-content\/uploads\/2018\/09\/captura.png","datePublished":"2018-08-30T10:29:12+00:00","dateModified":"2021-07-21T14:24:32+00:00","breadcrumb":{"@id":"https:\/\/ticsalutsocial.atoom.space\/es\/event\/congreso-de-salud-digital-conectando-la-salud-en-san-sebastian\/#breadcrumb"},"inLanguage":"es","potentialAction":[{"@type":"ReadAction","target":["https:\/\/ticsalutsocial.atoom.space\/es\/event\/congreso-de-salud-digital-conectando-la-salud-en-san-sebastian\/"]}]},{"@type":"ImageObject","inLanguage":"es","@id":"https:\/\/ticsalutsocial.atoom.space\/es\/event\/congreso-de-salud-digital-conectando-la-salud-en-san-sebastian\/#primaryimage","url":"https:\/\/ticsalutsocial.atoom.space\/wp-content\/uploads\/2018\/09\/captura.png","contentUrl":"https:\/\/ticsalutsocial.atoom.space\/wp-content\/uploads\/2018\/09\/captura.png","width":729,"height":570},{"@type":"BreadcrumbList","@id":"https:\/\/ticsalutsocial.atoom.space\/es\/event\/congreso-de-salud-digital-conectando-la-salud-en-san-sebastian\/#breadcrumb","itemListElement":[{"@type":"ListItem","position":1,"name":"Inici","item":"https:\/\/ticsalutsocial.atoom.space\/es\/"},{"@type":"ListItem","position":2,"name":"Congreso de Salud Digital: Conectando la Salud en San Sebasti\u00e1n"}]},{"@type":"WebSite","@id":"https:\/\/ticsalutsocial.atoom.space\/es\/#website","url":"https:\/\/ticsalutsocial.atoom.space\/es\/","name":"Fundaci\u00f3 TIC Salut i Social","description":"","potentialAction":[{"@type":"SearchAction","target":{"@type":"EntryPoint","urlTemplate":"https:\/\/ticsalutsocial.atoom.space\/es\/?s={search_term_string}"},"query-input":{"@type":"PropertyValueSpecification","valueRequired":true,"valueName":"search_term_string"}}],"inLanguage":"es"}]}},"_links":{"self":[{"href":"https:\/\/ticsalutsocial.atoom.space\/es\/wp-json\/wp\/v2\/event\/5763","targetHints":{"allow":["GET"]}}],"collection":[{"href":"https:\/\/ticsalutsocial.atoom.space\/es\/wp-json\/wp\/v2\/event"}],"about":[{"href":"https:\/\/ticsalutsocial.atoom.space\/es\/wp-json\/wp\/v2\/types\/event"}],"wp:featuredmedia":[{"embeddable":true,"href":"https:\/\/ticsalutsocial.atoom.space\/es\/wp-json\/wp\/v2\/media\/3499"}],"wp:attachment":[{"href":"https:\/\/ticsalutsocial.atoom.space\/es\/wp-json\/wp\/v2\/media?parent=5763"}],"wp:term":[{"taxonomy":"tipus","embeddable":true,"href":"https:\/\/ticsalutsocial.atoom.space\/es\/wp-json\/wp\/v2\/tipus?post=5763"},{"taxonomy":"topic","embeddable":true,"href":"https:\/\/ticsalutsocial.atoom.space\/es\/wp-json\/wp\/v2\/topic?post=5763"}],"curies":[{"name":"wp","href":"https:\/\/api.w.org\/{rel}","templated":true}]}}

Congreso de Salud Digital: Conectando la Salud en San Sebastián

<p>La Salud Digital es imprescindible para hacer frente al continuo cambio que experimenta la atención sanitaria. En este contexto los datos de salud se configuran como una oportunidad. La utilización de la Inteligencia Artificial, el Big Data, y el Blockchain permitirá importantes avances en el conocimiento de diversas áreas relacionadas con la salud y los servicios sanitarios, ayudando a tomar decisiones más adecuadas, eficientes, sostenibles y que respondan a las necesidades de los usuarios.</p>
<p>Pero ¿qué opinan los pacientes? Y, por otro lado ¿qué papel tienen las redes sociales? ¿Qué experiencias de éxito existen ya en la Salud Conectada? ¿Cómo será el futuro?</p>
<p>Todo esto se debatirá en este espacio de encuentro entre profesionales sanitarios, gestores, empresas tecnológicas, universidad, pacientes y todo aquel interesado en el tema en un foro que pretende, con la participación y colaboración de todos los asistentes, debatir, aprender y generar conocimiento e innovación útil para la sociedad.</p>
<p><strong><em>OBJETIVOS</em></strong></p>
<p>Conocer la oportunidad de la utilización de los datos de salud: Big Data, Inteligencia Artificial, Blockchain…</p>
<p>Valorar el papel de las redes sociales</p>
<p>Plantear el papel y la opinión del ciudadano ante estos nuevos escenarios</p>
<p>Compartir experiencias entre los asistentes, potenciando la colaboración entre los distintos agentes de salud</p>
<p><strong><em>Marisa Merino</em></strong></p>
<p><strong><em>Directora del congreso</em></strong></p>
<p><strong>Sede del congreso: Palacio Miramar (Donostia-San Sebastián)</strong></p>

Palacio Miramar (Donostia-San Sebastián)

<!-- This site is optimized with the Yoast SEO plugin v27.1.1 - https://yoast.com/product/yoast-seo-wordpress/ -->
<title>Congreso de Salud Digital: Conectando la Salud en San Sebastián - Fundació TIC Salut i Social</title>
<meta name="robots" content="index, follow, max-snippet:-1, max-image-preview:large, max-video-preview:-1" />
<link rel="canonical" href="https://ticsalutsocial.atoom.space/es/event/congreso-de-salud-digital-conectando-la-salud-en-san-sebastian/" />
<meta property="og:locale" content="es_ES" />
<meta property="og:type" content="article" />
<meta property="og:title" content="Congreso de Salud Digital: Conectando la Salud en San Sebastián - Fundació TIC Salut i Social" />
<meta property="og:description" content="La Salud Digital es imprescindible para hacer frente al continuo cambio que experimenta la atención sanitaria. En este contexto los datos de salud se configuran como una oportunidad. La utilización de la Inteligencia Artificial, el Big Data, y el Blockchain permitirá importantes avances en el conocimiento de diversas áreas relacionadas con la salud y los [&hellip;]" />
<meta property="og:url" content="https://ticsalutsocial.atoom.space/es/event/congreso-de-salud-digital-conectando-la-salud-en-san-sebastian/" />
<meta property="og:site_name" content="Fundació TIC Salut i Social" />
<meta property="article:modified_time" content="2021-07-21T14:24:32+00:00" />
<meta property="og:image" content="https://ticsalutsocial.atoom.space/wp-content/uploads/2018/09/captura.png" />
	<meta property="og:image:width" content="729" />
	<meta property="og:image:height" content="570" />
	<meta property="og:image:type" content="image/png" />
<meta name="twitter:card" content="summary_large_image" />
<meta name="twitter:label1" content="Tiempo de lectura" />
	<meta name="twitter:data1" content="1 minuto" />
<script type="application/ld+json" class="yoast-schema-graph">{"@context":"https://schema.org","@graph":[{"@type":"WebPage","@id":"https://ticsalutsocial.atoom.space/es/event/congreso-de-salud-digital-conectando-la-salud-en-san-sebastian/","url":"https://ticsalutsocial.atoom.space/es/event/congreso-de-salud-digital-conectando-la-salud-en-san-sebastian/","name":"Congreso de Salud Digital: Conectando la Salud en San Sebastián - Fundació TIC Salut i Social","isPartOf":{"@id":"https://ticsalutsocial.atoom.space/es/#website"},"primaryImageOfPage":{"@id":"https://ticsalutsocial.atoom.space/es/event/congreso-de-salud-digital-conectando-la-salud-en-san-sebastian/#primaryimage"},"image":{"@id":"https://ticsalutsocial.atoom.space/es/event/congreso-de-salud-digital-conectando-la-salud-en-san-sebastian/#primaryimage"},"thumbnailUrl":"https://ticsalutsocial.atoom.space/wp-content/uploads/2018/09/captura.png","datePublished":"2018-08-30T10:29:12+00:00","dateModified":"2021-07-21T14:24:32+00:00","breadcrumb":{"@id":"https://ticsalutsocial.atoom.space/es/event/congreso-de-salud-digital-conectando-la-salud-en-san-sebastian/#breadcrumb"},"inLanguage":"es","potentialAction":[{"@type":"ReadAction","target":["https://ticsalutsocial.atoom.space/es/event/congreso-de-salud-digital-conectando-la-salud-en-san-sebastian/"]}]},{"@type":"ImageObject","inLanguage":"es","@id":"https://ticsalutsocial.atoom.space/es/event/congreso-de-salud-digital-conectando-la-salud-en-san-sebastian/#primaryimage","url":"https://ticsalutsocial.atoom.space/wp-content/uploads/2018/09/captura.png","contentUrl":"https://ticsalutsocial.atoom.space/wp-content/uploads/2018/09/captura.png","width":729,"height":570},{"@type":"BreadcrumbList","@id":"https://ticsalutsocial.atoom.space/es/event/congreso-de-salud-digital-conectando-la-salud-en-san-sebastian/#breadcrumb","itemListElement":[{"@type":"ListItem","position":1,"name":"Inici","item":"https://ticsalutsocial.atoom.space/es/"},{"@type":"ListItem","position":2,"name":"Congreso de Salud Digital: Conectando la Salud en San Sebastián"}]},{"@type":"WebSite","@id":"https://ticsalutsocial.atoom.space/es/#website","url":"https://ticsalutsocial.atoom.space/es/","name":"Fundació TIC Salut i Social","description":"","potentialAction":[{"@type":"SearchAction","target":{"@type":"EntryPoint","urlTemplate":"https://ticsalutsocial.atoom.space/es/?s={search_term_string}"},"query-input":{"@type":"PropertyValueSpecification","valueRequired":true,"valueName":"search_term_string"}}],"inLanguage":"es"}]}</script>
<!-- / Yoast SEO plugin. -->

Congreso de Salud Digital: Conectando la Salud en San Sebastián - Fundació TIC Salut i Social

La Salud Digital es imprescindible para hacer frente al continuo cambio que experimenta la atención sanitaria. En este contexto los datos de salud se configuran como una oportunidad. La utilización de la Inteligencia Artificial, el Big Data, y el Blockchain permitirá importantes avances en el conocimiento de diversas áreas relacionadas con la salud y los [&hellip;]

Fundació TIC Salut i Social
