
{"id":5765,"date":"2018-09-03T10:11:31","date_gmt":"2018-09-03T08:11:31","guid":{"rendered":"https:\/\/ticsalutsocial.atoom.space\/?post_type=event&#038;p=5765"},"modified":"2021-07-21T16:24:34","modified_gmt":"2021-07-21T14:24:34","slug":"el-impacto-laboral-de-la-industria-4-0","status":"publish","type":"event","link":"https:\/\/ticsalutsocial.atoom.space\/es\/event\/el-impacto-laboral-de-la-industria-4-0\/","title":{"rendered":"El impacto laboral de la Industria 4.0"},"content":{"rendered":"<p>El <strong>F\u00f2rum d&#8217;Associats Col\u00b7laboradors<\/strong> os invita a la <strong>conferencia del Sr. Joan Miquel Hern\u00e1ndez<\/strong>, Director del \u00c1rea de Desarrollo Empresarial de la Direcci\u00f3n General de Industria y responsable de <a href=\"http:\/\/empresa.gencat.cat\/ca\/treb_ambits_actuacio\/emo_industria\/observatori\/\">l&#8217;Observatori del Pacte Nacional per a la Ind\u00fastria.<\/a><\/p>\n<p>Catalu\u00f1a tiene un potencial considerable para el despliegue de la Industria 4.0 como pa\u00eds industrial que es, con un sector TIC capaz de acompa\u00f1ar al conjunto de la industria en el proceso de transformaci\u00f3n digital.<\/p>\n","protected":false},"featured_media":0,"menu_order":0,"template":"","meta":{"_acf_changed":false,"inline_featured_image":false},"tipus":[],"topic":[121],"class_list":["post-5765","event","type-event","status-publish","hentry","topic-dpd-es"],"acf":{"informacio":{"ubicacio":"Sala de actos La Uni\u00f3","data":"04\/10\/2018","hora":"10:00h - 12:00h","preu":"Gratuito","inscripcions":""}},"yoast_head":"<!-- This site is optimized with the Yoast SEO plugin v27.1.1 - https:\/\/yoast.com\/product\/yoast-seo-wordpress\/ -->\n<title>El impacto laboral de la Industria 4.0 - Fundaci\u00f3 TIC Salut i Social<\/title>\n<meta name=\"robots\" content=\"index, follow, max-snippet:-1, max-image-preview:large, max-video-preview:-1\" \/>\n<link rel=\"canonical\" href=\"https:\/\/ticsalutsocial.atoom.space\/es\/event\/el-impacto-laboral-de-la-industria-4-0\/\" \/>\n<meta property=\"og:locale\" content=\"es_ES\" \/>\n<meta property=\"og:type\" content=\"article\" \/>\n<meta property=\"og:title\" content=\"El impacto laboral de la Industria 4.0 - Fundaci\u00f3 TIC Salut i Social\" \/>\n<meta property=\"og:description\" content=\"El F\u00f2rum d&#8217;Associats Col\u00b7laboradors os invita a la conferencia del Sr. Joan Miquel Hern\u00e1ndez, Director del \u00c1rea de Desarrollo Empresarial de la Direcci\u00f3n General de Industria y responsable de l&#8217;Observatori del Pacte Nacional per a la Ind\u00fastria. Catalu\u00f1a tiene un potencial considerable para el despliegue de la Industria 4.0 como pa\u00eds industrial que es, con [&hellip;]\" \/>\n<meta property=\"og:url\" content=\"https:\/\/ticsalutsocial.atoom.space\/es\/event\/el-impacto-laboral-de-la-industria-4-0\/\" \/>\n<meta property=\"og:site_name\" content=\"Fundaci\u00f3 TIC Salut i Social\" \/>\n<meta property=\"article:modified_time\" content=\"2021-07-21T14:24:34+00:00\" \/>\n<meta name=\"twitter:card\" content=\"summary_large_image\" \/>\n<script type=\"application\/ld+json\" class=\"yoast-schema-graph\">{\"@context\":\"https:\/\/schema.org\",\"@graph\":[{\"@type\":\"WebPage\",\"@id\":\"https:\/\/ticsalutsocial.atoom.space\/es\/event\/el-impacto-laboral-de-la-industria-4-0\/\",\"url\":\"https:\/\/ticsalutsocial.atoom.space\/es\/event\/el-impacto-laboral-de-la-industria-4-0\/\",\"name\":\"El impacto laboral de la Industria 4.0 - Fundaci\u00f3 TIC Salut i Social\",\"isPartOf\":{\"@id\":\"https:\/\/ticsalutsocial.atoom.space\/es\/#website\"},\"datePublished\":\"2018-09-03T08:11:31+00:00\",\"dateModified\":\"2021-07-21T14:24:34+00:00\",\"breadcrumb\":{\"@id\":\"https:\/\/ticsalutsocial.atoom.space\/es\/event\/el-impacto-laboral-de-la-industria-4-0\/#breadcrumb\"},\"inLanguage\":\"es\",\"potentialAction\":[{\"@type\":\"ReadAction\",\"target\":[\"https:\/\/ticsalutsocial.atoom.space\/es\/event\/el-impacto-laboral-de-la-industria-4-0\/\"]}]},{\"@type\":\"BreadcrumbList\",\"@id\":\"https:\/\/ticsalutsocial.atoom.space\/es\/event\/el-impacto-laboral-de-la-industria-4-0\/#breadcrumb\",\"itemListElement\":[{\"@type\":\"ListItem\",\"position\":1,\"name\":\"Inici\",\"item\":\"https:\/\/ticsalutsocial.atoom.space\/es\/\"},{\"@type\":\"ListItem\",\"position\":2,\"name\":\"El impacto laboral de la Industria 4.0\"}]},{\"@type\":\"WebSite\",\"@id\":\"https:\/\/ticsalutsocial.atoom.space\/es\/#website\",\"url\":\"https:\/\/ticsalutsocial.atoom.space\/es\/\",\"name\":\"Fundaci\u00f3 TIC Salut i Social\",\"description\":\"\",\"potentialAction\":[{\"@type\":\"SearchAction\",\"target\":{\"@type\":\"EntryPoint\",\"urlTemplate\":\"https:\/\/ticsalutsocial.atoom.space\/es\/?s={search_term_string}\"},\"query-input\":{\"@type\":\"PropertyValueSpecification\",\"valueRequired\":true,\"valueName\":\"search_term_string\"}}],\"inLanguage\":\"es\"}]}<\/script>\n<!-- \/ Yoast SEO plugin. -->","yoast_head_json":{"title":"El impacto laboral de la Industria 4.0 - Fundaci\u00f3 TIC Salut i Social","robots":{"index":"index","follow":"follow","max-snippet":"max-snippet:-1","max-image-preview":"max-image-preview:large","max-video-preview":"max-video-preview:-1"},"canonical":"https:\/\/ticsalutsocial.atoom.space\/es\/event\/el-impacto-laboral-de-la-industria-4-0\/","og_locale":"es_ES","og_type":"article","og_title":"El impacto laboral de la Industria 4.0 - Fundaci\u00f3 TIC Salut i Social","og_description":"El F\u00f2rum d&#8217;Associats Col\u00b7laboradors os invita a la conferencia del Sr. Joan Miquel Hern\u00e1ndez, Director del \u00c1rea de Desarrollo Empresarial de la Direcci\u00f3n General de Industria y responsable de l&#8217;Observatori del Pacte Nacional per a la Ind\u00fastria. Catalu\u00f1a tiene un potencial considerable para el despliegue de la Industria 4.0 como pa\u00eds industrial que es, con [&hellip;]","og_url":"https:\/\/ticsalutsocial.atoom.space\/es\/event\/el-impacto-laboral-de-la-industria-4-0\/","og_site_name":"Fundaci\u00f3 TIC Salut i Social","article_modified_time":"2021-07-21T14:24:34+00:00","twitter_card":"summary_large_image","schema":{"@context":"https:\/\/schema.org","@graph":[{"@type":"WebPage","@id":"https:\/\/ticsalutsocial.atoom.space\/es\/event\/el-impacto-laboral-de-la-industria-4-0\/","url":"https:\/\/ticsalutsocial.atoom.space\/es\/event\/el-impacto-laboral-de-la-industria-4-0\/","name":"El impacto laboral de la Industria 4.0 - Fundaci\u00f3 TIC Salut i Social","isPartOf":{"@id":"https:\/\/ticsalutsocial.atoom.space\/es\/#website"},"datePublished":"2018-09-03T08:11:31+00:00","dateModified":"2021-07-21T14:24:34+00:00","breadcrumb":{"@id":"https:\/\/ticsalutsocial.atoom.space\/es\/event\/el-impacto-laboral-de-la-industria-4-0\/#breadcrumb"},"inLanguage":"es","potentialAction":[{"@type":"ReadAction","target":["https:\/\/ticsalutsocial.atoom.space\/es\/event\/el-impacto-laboral-de-la-industria-4-0\/"]}]},{"@type":"BreadcrumbList","@id":"https:\/\/ticsalutsocial.atoom.space\/es\/event\/el-impacto-laboral-de-la-industria-4-0\/#breadcrumb","itemListElement":[{"@type":"ListItem","position":1,"name":"Inici","item":"https:\/\/ticsalutsocial.atoom.space\/es\/"},{"@type":"ListItem","position":2,"name":"El impacto laboral de la Industria 4.0"}]},{"@type":"WebSite","@id":"https:\/\/ticsalutsocial.atoom.space\/es\/#website","url":"https:\/\/ticsalutsocial.atoom.space\/es\/","name":"Fundaci\u00f3 TIC Salut i Social","description":"","potentialAction":[{"@type":"SearchAction","target":{"@type":"EntryPoint","urlTemplate":"https:\/\/ticsalutsocial.atoom.space\/es\/?s={search_term_string}"},"query-input":{"@type":"PropertyValueSpecification","valueRequired":true,"valueName":"search_term_string"}}],"inLanguage":"es"}]}},"_links":{"self":[{"href":"https:\/\/ticsalutsocial.atoom.space\/es\/wp-json\/wp\/v2\/event\/5765","targetHints":{"allow":["GET"]}}],"collection":[{"href":"https:\/\/ticsalutsocial.atoom.space\/es\/wp-json\/wp\/v2\/event"}],"about":[{"href":"https:\/\/ticsalutsocial.atoom.space\/es\/wp-json\/wp\/v2\/types\/event"}],"wp:attachment":[{"href":"https:\/\/ticsalutsocial.atoom.space\/es\/wp-json\/wp\/v2\/media?parent=5765"}],"wp:term":[{"taxonomy":"tipus","embeddable":true,"href":"https:\/\/ticsalutsocial.atoom.space\/es\/wp-json\/wp\/v2\/tipus?post=5765"},{"taxonomy":"topic","embeddable":true,"href":"https:\/\/ticsalutsocial.atoom.space\/es\/wp-json\/wp\/v2\/topic?post=5765"}],"curies":[{"name":"wp","href":"https:\/\/api.w.org\/{rel}","templated":true}]}}

<p>El <strong>Fòrum d&#8217;Associats Col·laboradors</strong> os invita a la <strong>conferencia del Sr. Joan Miquel Hernández</strong>, Director del Área de Desarrollo Empresarial de la Dirección General de Industria y responsable de <a href="http://empresa.gencat.cat/ca/treb_ambits_actuacio/emo_industria/observatori/">l&#8217;Observatori del Pacte Nacional per a la Indústria.</a></p>
<p>Cataluña tiene un potencial considerable para el despliegue de la Industria 4.0 como país industrial que es, con un sector TIC capaz de acompañar al conjunto de la industria en el proceso de transformación digital.</p>

Sala de actos La Unió

<!-- This site is optimized with the Yoast SEO plugin v27.1.1 - https://yoast.com/product/yoast-seo-wordpress/ -->
<title>El impacto laboral de la Industria 4.0 - Fundació TIC Salut i Social</title>
<meta name="robots" content="index, follow, max-snippet:-1, max-image-preview:large, max-video-preview:-1" />
<link rel="canonical" href="https://ticsalutsocial.atoom.space/es/event/el-impacto-laboral-de-la-industria-4-0/" />
<meta property="og:locale" content="es_ES" />
<meta property="og:type" content="article" />
<meta property="og:title" content="El impacto laboral de la Industria 4.0 - Fundació TIC Salut i Social" />
<meta property="og:description" content="El Fòrum d&#8217;Associats Col·laboradors os invita a la conferencia del Sr. Joan Miquel Hernández, Director del Área de Desarrollo Empresarial de la Dirección General de Industria y responsable de l&#8217;Observatori del Pacte Nacional per a la Indústria. Cataluña tiene un potencial considerable para el despliegue de la Industria 4.0 como país industrial que es, con [&hellip;]" />
<meta property="og:url" content="https://ticsalutsocial.atoom.space/es/event/el-impacto-laboral-de-la-industria-4-0/" />
<meta property="og:site_name" content="Fundació TIC Salut i Social" />
<meta property="article:modified_time" content="2021-07-21T14:24:34+00:00" />
<meta name="twitter:card" content="summary_large_image" />
<script type="application/ld+json" class="yoast-schema-graph">{"@context":"https://schema.org","@graph":[{"@type":"WebPage","@id":"https://ticsalutsocial.atoom.space/es/event/el-impacto-laboral-de-la-industria-4-0/","url":"https://ticsalutsocial.atoom.space/es/event/el-impacto-laboral-de-la-industria-4-0/","name":"El impacto laboral de la Industria 4.0 - Fundació TIC Salut i Social","isPartOf":{"@id":"https://ticsalutsocial.atoom.space/es/#website"},"datePublished":"2018-09-03T08:11:31+00:00","dateModified":"2021-07-21T14:24:34+00:00","breadcrumb":{"@id":"https://ticsalutsocial.atoom.space/es/event/el-impacto-laboral-de-la-industria-4-0/#breadcrumb"},"inLanguage":"es","potentialAction":[{"@type":"ReadAction","target":["https://ticsalutsocial.atoom.space/es/event/el-impacto-laboral-de-la-industria-4-0/"]}]},{"@type":"BreadcrumbList","@id":"https://ticsalutsocial.atoom.space/es/event/el-impacto-laboral-de-la-industria-4-0/#breadcrumb","itemListElement":[{"@type":"ListItem","position":1,"name":"Inici","item":"https://ticsalutsocial.atoom.space/es/"},{"@type":"ListItem","position":2,"name":"El impacto laboral de la Industria 4.0"}]},{"@type":"WebSite","@id":"https://ticsalutsocial.atoom.space/es/#website","url":"https://ticsalutsocial.atoom.space/es/","name":"Fundació TIC Salut i Social","description":"","potentialAction":[{"@type":"SearchAction","target":{"@type":"EntryPoint","urlTemplate":"https://ticsalutsocial.atoom.space/es/?s={search_term_string}"},"query-input":{"@type":"PropertyValueSpecification","valueRequired":true,"valueName":"search_term_string"}}],"inLanguage":"es"}]}</script>
<!-- / Yoast SEO plugin. -->

El impacto laboral de la Industria 4.0 - Fundació TIC Salut i Social

El Fòrum d&#8217;Associats Col·laboradors os invita a la conferencia del Sr. Joan Miquel Hernández, Director del Área de Desarrollo Empresarial de la Dirección General de Industria y responsable de l&#8217;Observatori del Pacte Nacional per a la Indústria. Cataluña tiene un potencial considerable para el despliegue de la Industria 4.0 como país industrial que es, con [&hellip;]

Fundació TIC Salut i Social
