
{"id":5788,"date":"2018-10-23T11:33:11","date_gmt":"2018-10-23T09:33:11","guid":{"rendered":"https:\/\/ticsalutsocial.atoom.space\/?post_type=event&#038;p=5788"},"modified":"2021-07-21T16:24:48","modified_gmt":"2021-07-21T14:24:48","slug":"jornada-presentacio-del-dpd-de-salut","status":"publish","type":"event","link":"https:\/\/ticsalutsocial.atoom.space\/es\/event\/jornada-presentacio-del-dpd-de-salut\/","title":{"rendered":"Jornada Presentaci\u00f3 del DPD de Salut"},"content":{"rendered":"<p>En el marc del <strong>nou Reglament General de Protecci\u00f3 de Dades Personals (RGPD)<\/strong>, es va anomenar com a Delegat de Protecci\u00f3 de Dades (DPD) de Salut al director de la Fundaci\u00f3 TIC Salut Social, el senyor Josu\u00e8 Sallent. Despr\u00e9s del nomenament, <strong>des de la Fundaci\u00f3 TIC Salut Social s\u2019ha creat l\u2019Oficina del DPD de Salut<\/strong>, per a proporcionar una s\u00e8rie de serveis als organismes adscrits al DPD de Salut.\u00a0<strong>Per tal d\u2019explicar-vos en qu\u00e8 consisteix el paper del DPD de Salut<\/strong>, el model de relaci\u00f3 que es vol tenir amb els interlocutors dels organismes adscrits i alguns dels serveis que es prestaran,\u00a0s\u2019ha considerat convenient i oport\u00fa organitzar una Jornada de Presentaci\u00f3 del DPD de Salut.<\/p>\n<p><strong>Acc\u00e9s nom\u00e9s per invitaci\u00f3.<\/strong><\/p>\n<p>&nbsp;<\/p>\n","protected":false},"featured_media":0,"menu_order":0,"template":"","meta":{"_acf_changed":false,"inline_featured_image":false},"tipus":[],"topic":[113,121],"class_list":["post-5788","event","type-event","status-publish","hentry","topic-transformacion-digital","topic-dpd-es"],"acf":{"informacio":{"ubicacio":"Sala d'actes de l'Edifici Salvany","data":"16\/11\/2018","hora":"10:00h","preu":"Nom\u00e9s per invitaci\u00f3.","inscripcions":""}},"yoast_head":"<!-- This site is optimized with the Yoast SEO plugin v27.1.1 - https:\/\/yoast.com\/product\/yoast-seo-wordpress\/ -->\n<title>Jornada Presentaci\u00f3 del DPD de Salut - Fundaci\u00f3 TIC Salut i Social<\/title>\n<meta name=\"robots\" content=\"index, follow, max-snippet:-1, max-image-preview:large, max-video-preview:-1\" \/>\n<link rel=\"canonical\" href=\"https:\/\/ticsalutsocial.atoom.space\/es\/event\/jornada-presentacio-del-dpd-de-salut\/\" \/>\n<meta property=\"og:locale\" content=\"es_ES\" \/>\n<meta property=\"og:type\" content=\"article\" \/>\n<meta property=\"og:title\" content=\"Jornada Presentaci\u00f3 del DPD de Salut - Fundaci\u00f3 TIC Salut i Social\" \/>\n<meta property=\"og:description\" content=\"En el marc del nou Reglament General de Protecci\u00f3 de Dades Personals (RGPD), es va anomenar com a Delegat de Protecci\u00f3 de Dades (DPD) de Salut al director de la Fundaci\u00f3 TIC Salut Social, el senyor Josu\u00e8 Sallent. Despr\u00e9s del nomenament, des de la Fundaci\u00f3 TIC Salut Social s\u2019ha creat l\u2019Oficina del DPD de Salut, [&hellip;]\" \/>\n<meta property=\"og:url\" content=\"https:\/\/ticsalutsocial.atoom.space\/es\/event\/jornada-presentacio-del-dpd-de-salut\/\" \/>\n<meta property=\"og:site_name\" content=\"Fundaci\u00f3 TIC Salut i Social\" \/>\n<meta property=\"article:modified_time\" content=\"2021-07-21T14:24:48+00:00\" \/>\n<meta name=\"twitter:card\" content=\"summary_large_image\" \/>\n<meta name=\"twitter:label1\" content=\"Tiempo de lectura\" \/>\n\t<meta name=\"twitter:data1\" content=\"1 minuto\" \/>\n<script type=\"application\/ld+json\" class=\"yoast-schema-graph\">{\"@context\":\"https:\/\/schema.org\",\"@graph\":[{\"@type\":\"WebPage\",\"@id\":\"https:\/\/ticsalutsocial.atoom.space\/es\/event\/jornada-presentacio-del-dpd-de-salut\/\",\"url\":\"https:\/\/ticsalutsocial.atoom.space\/es\/event\/jornada-presentacio-del-dpd-de-salut\/\",\"name\":\"Jornada Presentaci\u00f3 del DPD de Salut - Fundaci\u00f3 TIC Salut i Social\",\"isPartOf\":{\"@id\":\"https:\/\/ticsalutsocial.atoom.space\/es\/#website\"},\"datePublished\":\"2018-10-23T09:33:11+00:00\",\"dateModified\":\"2021-07-21T14:24:48+00:00\",\"breadcrumb\":{\"@id\":\"https:\/\/ticsalutsocial.atoom.space\/es\/event\/jornada-presentacio-del-dpd-de-salut\/#breadcrumb\"},\"inLanguage\":\"es\",\"potentialAction\":[{\"@type\":\"ReadAction\",\"target\":[\"https:\/\/ticsalutsocial.atoom.space\/es\/event\/jornada-presentacio-del-dpd-de-salut\/\"]}]},{\"@type\":\"BreadcrumbList\",\"@id\":\"https:\/\/ticsalutsocial.atoom.space\/es\/event\/jornada-presentacio-del-dpd-de-salut\/#breadcrumb\",\"itemListElement\":[{\"@type\":\"ListItem\",\"position\":1,\"name\":\"Inici\",\"item\":\"https:\/\/ticsalutsocial.atoom.space\/es\/\"},{\"@type\":\"ListItem\",\"position\":2,\"name\":\"Jornada Presentaci\u00f3 del DPD de Salut\"}]},{\"@type\":\"WebSite\",\"@id\":\"https:\/\/ticsalutsocial.atoom.space\/es\/#website\",\"url\":\"https:\/\/ticsalutsocial.atoom.space\/es\/\",\"name\":\"Fundaci\u00f3 TIC Salut i Social\",\"description\":\"\",\"potentialAction\":[{\"@type\":\"SearchAction\",\"target\":{\"@type\":\"EntryPoint\",\"urlTemplate\":\"https:\/\/ticsalutsocial.atoom.space\/es\/?s={search_term_string}\"},\"query-input\":{\"@type\":\"PropertyValueSpecification\",\"valueRequired\":true,\"valueName\":\"search_term_string\"}}],\"inLanguage\":\"es\"}]}<\/script>\n<!-- \/ Yoast SEO plugin. -->","yoast_head_json":{"title":"Jornada Presentaci\u00f3 del DPD de Salut - Fundaci\u00f3 TIC Salut i Social","robots":{"index":"index","follow":"follow","max-snippet":"max-snippet:-1","max-image-preview":"max-image-preview:large","max-video-preview":"max-video-preview:-1"},"canonical":"https:\/\/ticsalutsocial.atoom.space\/es\/event\/jornada-presentacio-del-dpd-de-salut\/","og_locale":"es_ES","og_type":"article","og_title":"Jornada Presentaci\u00f3 del DPD de Salut - Fundaci\u00f3 TIC Salut i Social","og_description":"En el marc del nou Reglament General de Protecci\u00f3 de Dades Personals (RGPD), es va anomenar com a Delegat de Protecci\u00f3 de Dades (DPD) de Salut al director de la Fundaci\u00f3 TIC Salut Social, el senyor Josu\u00e8 Sallent. Despr\u00e9s del nomenament, des de la Fundaci\u00f3 TIC Salut Social s\u2019ha creat l\u2019Oficina del DPD de Salut, [&hellip;]","og_url":"https:\/\/ticsalutsocial.atoom.space\/es\/event\/jornada-presentacio-del-dpd-de-salut\/","og_site_name":"Fundaci\u00f3 TIC Salut i Social","article_modified_time":"2021-07-21T14:24:48+00:00","twitter_card":"summary_large_image","twitter_misc":{"Tiempo de lectura":"1 minuto"},"schema":{"@context":"https:\/\/schema.org","@graph":[{"@type":"WebPage","@id":"https:\/\/ticsalutsocial.atoom.space\/es\/event\/jornada-presentacio-del-dpd-de-salut\/","url":"https:\/\/ticsalutsocial.atoom.space\/es\/event\/jornada-presentacio-del-dpd-de-salut\/","name":"Jornada Presentaci\u00f3 del DPD de Salut - Fundaci\u00f3 TIC Salut i Social","isPartOf":{"@id":"https:\/\/ticsalutsocial.atoom.space\/es\/#website"},"datePublished":"2018-10-23T09:33:11+00:00","dateModified":"2021-07-21T14:24:48+00:00","breadcrumb":{"@id":"https:\/\/ticsalutsocial.atoom.space\/es\/event\/jornada-presentacio-del-dpd-de-salut\/#breadcrumb"},"inLanguage":"es","potentialAction":[{"@type":"ReadAction","target":["https:\/\/ticsalutsocial.atoom.space\/es\/event\/jornada-presentacio-del-dpd-de-salut\/"]}]},{"@type":"BreadcrumbList","@id":"https:\/\/ticsalutsocial.atoom.space\/es\/event\/jornada-presentacio-del-dpd-de-salut\/#breadcrumb","itemListElement":[{"@type":"ListItem","position":1,"name":"Inici","item":"https:\/\/ticsalutsocial.atoom.space\/es\/"},{"@type":"ListItem","position":2,"name":"Jornada Presentaci\u00f3 del DPD de Salut"}]},{"@type":"WebSite","@id":"https:\/\/ticsalutsocial.atoom.space\/es\/#website","url":"https:\/\/ticsalutsocial.atoom.space\/es\/","name":"Fundaci\u00f3 TIC Salut i Social","description":"","potentialAction":[{"@type":"SearchAction","target":{"@type":"EntryPoint","urlTemplate":"https:\/\/ticsalutsocial.atoom.space\/es\/?s={search_term_string}"},"query-input":{"@type":"PropertyValueSpecification","valueRequired":true,"valueName":"search_term_string"}}],"inLanguage":"es"}]}},"_links":{"self":[{"href":"https:\/\/ticsalutsocial.atoom.space\/es\/wp-json\/wp\/v2\/event\/5788","targetHints":{"allow":["GET"]}}],"collection":[{"href":"https:\/\/ticsalutsocial.atoom.space\/es\/wp-json\/wp\/v2\/event"}],"about":[{"href":"https:\/\/ticsalutsocial.atoom.space\/es\/wp-json\/wp\/v2\/types\/event"}],"wp:attachment":[{"href":"https:\/\/ticsalutsocial.atoom.space\/es\/wp-json\/wp\/v2\/media?parent=5788"}],"wp:term":[{"taxonomy":"tipus","embeddable":true,"href":"https:\/\/ticsalutsocial.atoom.space\/es\/wp-json\/wp\/v2\/tipus?post=5788"},{"taxonomy":"topic","embeddable":true,"href":"https:\/\/ticsalutsocial.atoom.space\/es\/wp-json\/wp\/v2\/topic?post=5788"}],"curies":[{"name":"wp","href":"https:\/\/api.w.org\/{rel}","templated":true}]}}

Jornada Presentació del DPD de Salut

<p>En el marc del <strong>nou Reglament General de Protecció de Dades Personals (RGPD)</strong>, es va anomenar com a Delegat de Protecció de Dades (DPD) de Salut al director de la Fundació TIC Salut Social, el senyor Josuè Sallent. Després del nomenament, <strong>des de la Fundació TIC Salut Social s’ha creat l’Oficina del DPD de Salut</strong>, per a proporcionar una sèrie de serveis als organismes adscrits al DPD de Salut. <strong>Per tal d’explicar-vos en què consisteix el paper del DPD de Salut</strong>, el model de relació que es vol tenir amb els interlocutors dels organismes adscrits i alguns dels serveis que es prestaran, s’ha considerat convenient i oportú organitzar una Jornada de Presentació del DPD de Salut.</p>
<p><strong>Accés només per invitació.</strong></p>
<p>&nbsp;</p>

Només per invitació.

<!-- This site is optimized with the Yoast SEO plugin v27.1.1 - https://yoast.com/product/yoast-seo-wordpress/ -->
<title>Jornada Presentació del DPD de Salut - Fundació TIC Salut i Social</title>
<meta name="robots" content="index, follow, max-snippet:-1, max-image-preview:large, max-video-preview:-1" />
<link rel="canonical" href="https://ticsalutsocial.atoom.space/es/event/jornada-presentacio-del-dpd-de-salut/" />
<meta property="og:locale" content="es_ES" />
<meta property="og:type" content="article" />
<meta property="og:title" content="Jornada Presentació del DPD de Salut - Fundació TIC Salut i Social" />
<meta property="og:description" content="En el marc del nou Reglament General de Protecció de Dades Personals (RGPD), es va anomenar com a Delegat de Protecció de Dades (DPD) de Salut al director de la Fundació TIC Salut Social, el senyor Josuè Sallent. Després del nomenament, des de la Fundació TIC Salut Social s’ha creat l’Oficina del DPD de Salut, [&hellip;]" />
<meta property="og:url" content="https://ticsalutsocial.atoom.space/es/event/jornada-presentacio-del-dpd-de-salut/" />
<meta property="og:site_name" content="Fundació TIC Salut i Social" />
<meta property="article:modified_time" content="2021-07-21T14:24:48+00:00" />
<meta name="twitter:card" content="summary_large_image" />
<meta name="twitter:label1" content="Tiempo de lectura" />
	<meta name="twitter:data1" content="1 minuto" />
<script type="application/ld+json" class="yoast-schema-graph">{"@context":"https://schema.org","@graph":[{"@type":"WebPage","@id":"https://ticsalutsocial.atoom.space/es/event/jornada-presentacio-del-dpd-de-salut/","url":"https://ticsalutsocial.atoom.space/es/event/jornada-presentacio-del-dpd-de-salut/","name":"Jornada Presentació del DPD de Salut - Fundació TIC Salut i Social","isPartOf":{"@id":"https://ticsalutsocial.atoom.space/es/#website"},"datePublished":"2018-10-23T09:33:11+00:00","dateModified":"2021-07-21T14:24:48+00:00","breadcrumb":{"@id":"https://ticsalutsocial.atoom.space/es/event/jornada-presentacio-del-dpd-de-salut/#breadcrumb"},"inLanguage":"es","potentialAction":[{"@type":"ReadAction","target":["https://ticsalutsocial.atoom.space/es/event/jornada-presentacio-del-dpd-de-salut/"]}]},{"@type":"BreadcrumbList","@id":"https://ticsalutsocial.atoom.space/es/event/jornada-presentacio-del-dpd-de-salut/#breadcrumb","itemListElement":[{"@type":"ListItem","position":1,"name":"Inici","item":"https://ticsalutsocial.atoom.space/es/"},{"@type":"ListItem","position":2,"name":"Jornada Presentació del DPD de Salut"}]},{"@type":"WebSite","@id":"https://ticsalutsocial.atoom.space/es/#website","url":"https://ticsalutsocial.atoom.space/es/","name":"Fundació TIC Salut i Social","description":"","potentialAction":[{"@type":"SearchAction","target":{"@type":"EntryPoint","urlTemplate":"https://ticsalutsocial.atoom.space/es/?s={search_term_string}"},"query-input":{"@type":"PropertyValueSpecification","valueRequired":true,"valueName":"search_term_string"}}],"inLanguage":"es"}]}</script>
<!-- / Yoast SEO plugin. -->

Jornada Presentació del DPD de Salut - Fundació TIC Salut i Social

En el marc del nou Reglament General de Protecció de Dades Personals (RGPD), es va anomenar com a Delegat de Protecció de Dades (DPD) de Salut al director de la Fundació TIC Salut Social, el senyor Josuè Sallent. Després del nomenament, des de la Fundació TIC Salut Social s’ha creat l’Oficina del DPD de Salut, [&hellip;]

Fundació TIC Salut i Social
