
{"id":5815,"date":"2018-11-16T10:28:44","date_gmt":"2018-11-16T08:28:44","guid":{"rendered":"https:\/\/ticsalutsocial.atoom.space\/?post_type=event&#038;p=5815"},"modified":"2021-07-21T16:25:07","modified_gmt":"2021-07-21T14:25:07","slug":"presentacio-del-banc-dimatges-infermeres","status":"publish","type":"event","link":"https:\/\/ticsalutsocial.atoom.space\/es\/event\/presentacio-del-banc-dimatges-infermeres\/","title":{"rendered":"Presentaci\u00f3 del Banc d&#8217;Imatges Infermeres"},"content":{"rendered":"<p>El Banco de Im\u00e1genes Enfermeras (BII) es un proyecto del Colegio Oficial de Enfermeras y Enfermeros de Barcelona que llega para aportar una soluci\u00f3n al constante problema de representaci\u00f3n iconogr\u00e1fica que tiene esta profesi\u00f3n a diferentes niveles y apoyos, como por ejemplo la editorial, la comunicaci\u00f3n o la publicidad, entre otros.<\/p>\n<p><a href=\"https:\/\/www.coib.cat\/ca-es\/col-legiades\/formacio\/formacio-del-col-legi\/jornades-informatives\/presentacio-del-banc-imatges-infermeres.html#hiddenAnchor\">Inscripci\u00f3n abierta<\/a>\u00a0de el\u00a0 lunes 12 de noviembre 2018\u00a0hasta el\u00a0 lunes 03 de diciembre 2018<\/p>\n","protected":false},"featured_media":7115,"menu_order":0,"template":"","meta":{"_acf_changed":false,"inline_featured_image":false},"tipus":[],"topic":[],"class_list":["post-5815","event","type-event","status-publish","has-post-thumbnail","hentry"],"acf":{"imatge":7117,"informacio":{"ubicacio":"Auditori COIB.","data":"03\/12\/2018","hora":"17 hores","preu":"Gratuito, previa inscripci\u00f3n","inscripcions":""}},"yoast_head":"<!-- This site is optimized with the Yoast SEO plugin v27.1.1 - https:\/\/yoast.com\/product\/yoast-seo-wordpress\/ -->\n<title>Presentaci\u00f3 del Banc d&#039;Imatges Infermeres - Fundaci\u00f3 TIC Salut i Social<\/title>\n<meta name=\"robots\" content=\"index, follow, max-snippet:-1, max-image-preview:large, max-video-preview:-1\" \/>\n<link rel=\"canonical\" href=\"https:\/\/ticsalutsocial.atoom.space\/es\/event\/presentacio-del-banc-dimatges-infermeres\/\" \/>\n<meta property=\"og:locale\" content=\"es_ES\" \/>\n<meta property=\"og:type\" content=\"article\" \/>\n<meta property=\"og:title\" content=\"Presentaci\u00f3 del Banc d&#039;Imatges Infermeres - Fundaci\u00f3 TIC Salut i Social\" \/>\n<meta property=\"og:description\" content=\"El Banco de Im\u00e1genes Enfermeras (BII) es un proyecto del Colegio Oficial de Enfermeras y Enfermeros de Barcelona que llega para aportar una soluci\u00f3n al constante problema de representaci\u00f3n iconogr\u00e1fica que tiene esta profesi\u00f3n a diferentes niveles y apoyos, como por ejemplo la editorial, la comunicaci\u00f3n o la publicidad, entre otros. Inscripci\u00f3n abierta\u00a0de el\u00a0 lunes [&hellip;]\" \/>\n<meta property=\"og:url\" content=\"https:\/\/ticsalutsocial.atoom.space\/es\/event\/presentacio-del-banc-dimatges-infermeres\/\" \/>\n<meta property=\"og:site_name\" content=\"Fundaci\u00f3 TIC Salut i Social\" \/>\n<meta property=\"article:modified_time\" content=\"2021-07-21T14:25:07+00:00\" \/>\n<meta property=\"og:image\" content=\"https:\/\/ticsalutsocial.atoom.space\/wp-content\/uploads\/2018\/11\/11-1.png\" \/>\n\t<meta property=\"og:image:width\" content=\"462\" \/>\n\t<meta property=\"og:image:height\" content=\"169\" \/>\n\t<meta property=\"og:image:type\" content=\"image\/png\" \/>\n<meta name=\"twitter:card\" content=\"summary_large_image\" \/>\n<script type=\"application\/ld+json\" class=\"yoast-schema-graph\">{\"@context\":\"https:\/\/schema.org\",\"@graph\":[{\"@type\":\"WebPage\",\"@id\":\"https:\/\/ticsalutsocial.atoom.space\/es\/event\/presentacio-del-banc-dimatges-infermeres\/\",\"url\":\"https:\/\/ticsalutsocial.atoom.space\/es\/event\/presentacio-del-banc-dimatges-infermeres\/\",\"name\":\"Presentaci\u00f3 del Banc d'Imatges Infermeres - Fundaci\u00f3 TIC Salut i Social\",\"isPartOf\":{\"@id\":\"https:\/\/ticsalutsocial.atoom.space\/es\/#website\"},\"primaryImageOfPage\":{\"@id\":\"https:\/\/ticsalutsocial.atoom.space\/es\/event\/presentacio-del-banc-dimatges-infermeres\/#primaryimage\"},\"image\":{\"@id\":\"https:\/\/ticsalutsocial.atoom.space\/es\/event\/presentacio-del-banc-dimatges-infermeres\/#primaryimage\"},\"thumbnailUrl\":\"https:\/\/ticsalutsocial.atoom.space\/wp-content\/uploads\/2018\/11\/11-1.png\",\"datePublished\":\"2018-11-16T08:28:44+00:00\",\"dateModified\":\"2021-07-21T14:25:07+00:00\",\"breadcrumb\":{\"@id\":\"https:\/\/ticsalutsocial.atoom.space\/es\/event\/presentacio-del-banc-dimatges-infermeres\/#breadcrumb\"},\"inLanguage\":\"es\",\"potentialAction\":[{\"@type\":\"ReadAction\",\"target\":[\"https:\/\/ticsalutsocial.atoom.space\/es\/event\/presentacio-del-banc-dimatges-infermeres\/\"]}]},{\"@type\":\"ImageObject\",\"inLanguage\":\"es\",\"@id\":\"https:\/\/ticsalutsocial.atoom.space\/es\/event\/presentacio-del-banc-dimatges-infermeres\/#primaryimage\",\"url\":\"https:\/\/ticsalutsocial.atoom.space\/wp-content\/uploads\/2018\/11\/11-1.png\",\"contentUrl\":\"https:\/\/ticsalutsocial.atoom.space\/wp-content\/uploads\/2018\/11\/11-1.png\",\"width\":462,\"height\":169},{\"@type\":\"BreadcrumbList\",\"@id\":\"https:\/\/ticsalutsocial.atoom.space\/es\/event\/presentacio-del-banc-dimatges-infermeres\/#breadcrumb\",\"itemListElement\":[{\"@type\":\"ListItem\",\"position\":1,\"name\":\"Inici\",\"item\":\"https:\/\/ticsalutsocial.atoom.space\/es\/\"},{\"@type\":\"ListItem\",\"position\":2,\"name\":\"Presentaci\u00f3 del Banc d&#8217;Imatges Infermeres\"}]},{\"@type\":\"WebSite\",\"@id\":\"https:\/\/ticsalutsocial.atoom.space\/es\/#website\",\"url\":\"https:\/\/ticsalutsocial.atoom.space\/es\/\",\"name\":\"Fundaci\u00f3 TIC Salut i Social\",\"description\":\"\",\"potentialAction\":[{\"@type\":\"SearchAction\",\"target\":{\"@type\":\"EntryPoint\",\"urlTemplate\":\"https:\/\/ticsalutsocial.atoom.space\/es\/?s={search_term_string}\"},\"query-input\":{\"@type\":\"PropertyValueSpecification\",\"valueRequired\":true,\"valueName\":\"search_term_string\"}}],\"inLanguage\":\"es\"}]}<\/script>\n<!-- \/ Yoast SEO plugin. -->","yoast_head_json":{"title":"Presentaci\u00f3 del Banc d'Imatges Infermeres - Fundaci\u00f3 TIC Salut i Social","robots":{"index":"index","follow":"follow","max-snippet":"max-snippet:-1","max-image-preview":"max-image-preview:large","max-video-preview":"max-video-preview:-1"},"canonical":"https:\/\/ticsalutsocial.atoom.space\/es\/event\/presentacio-del-banc-dimatges-infermeres\/","og_locale":"es_ES","og_type":"article","og_title":"Presentaci\u00f3 del Banc d'Imatges Infermeres - Fundaci\u00f3 TIC Salut i Social","og_description":"El Banco de Im\u00e1genes Enfermeras (BII) es un proyecto del Colegio Oficial de Enfermeras y Enfermeros de Barcelona que llega para aportar una soluci\u00f3n al constante problema de representaci\u00f3n iconogr\u00e1fica que tiene esta profesi\u00f3n a diferentes niveles y apoyos, como por ejemplo la editorial, la comunicaci\u00f3n o la publicidad, entre otros. Inscripci\u00f3n abierta\u00a0de el\u00a0 lunes [&hellip;]","og_url":"https:\/\/ticsalutsocial.atoom.space\/es\/event\/presentacio-del-banc-dimatges-infermeres\/","og_site_name":"Fundaci\u00f3 TIC Salut i Social","article_modified_time":"2021-07-21T14:25:07+00:00","og_image":[{"width":462,"height":169,"url":"https:\/\/ticsalutsocial.atoom.space\/wp-content\/uploads\/2018\/11\/11-1.png","type":"image\/png"}],"twitter_card":"summary_large_image","schema":{"@context":"https:\/\/schema.org","@graph":[{"@type":"WebPage","@id":"https:\/\/ticsalutsocial.atoom.space\/es\/event\/presentacio-del-banc-dimatges-infermeres\/","url":"https:\/\/ticsalutsocial.atoom.space\/es\/event\/presentacio-del-banc-dimatges-infermeres\/","name":"Presentaci\u00f3 del Banc d'Imatges Infermeres - Fundaci\u00f3 TIC Salut i Social","isPartOf":{"@id":"https:\/\/ticsalutsocial.atoom.space\/es\/#website"},"primaryImageOfPage":{"@id":"https:\/\/ticsalutsocial.atoom.space\/es\/event\/presentacio-del-banc-dimatges-infermeres\/#primaryimage"},"image":{"@id":"https:\/\/ticsalutsocial.atoom.space\/es\/event\/presentacio-del-banc-dimatges-infermeres\/#primaryimage"},"thumbnailUrl":"https:\/\/ticsalutsocial.atoom.space\/wp-content\/uploads\/2018\/11\/11-1.png","datePublished":"2018-11-16T08:28:44+00:00","dateModified":"2021-07-21T14:25:07+00:00","breadcrumb":{"@id":"https:\/\/ticsalutsocial.atoom.space\/es\/event\/presentacio-del-banc-dimatges-infermeres\/#breadcrumb"},"inLanguage":"es","potentialAction":[{"@type":"ReadAction","target":["https:\/\/ticsalutsocial.atoom.space\/es\/event\/presentacio-del-banc-dimatges-infermeres\/"]}]},{"@type":"ImageObject","inLanguage":"es","@id":"https:\/\/ticsalutsocial.atoom.space\/es\/event\/presentacio-del-banc-dimatges-infermeres\/#primaryimage","url":"https:\/\/ticsalutsocial.atoom.space\/wp-content\/uploads\/2018\/11\/11-1.png","contentUrl":"https:\/\/ticsalutsocial.atoom.space\/wp-content\/uploads\/2018\/11\/11-1.png","width":462,"height":169},{"@type":"BreadcrumbList","@id":"https:\/\/ticsalutsocial.atoom.space\/es\/event\/presentacio-del-banc-dimatges-infermeres\/#breadcrumb","itemListElement":[{"@type":"ListItem","position":1,"name":"Inici","item":"https:\/\/ticsalutsocial.atoom.space\/es\/"},{"@type":"ListItem","position":2,"name":"Presentaci\u00f3 del Banc d&#8217;Imatges Infermeres"}]},{"@type":"WebSite","@id":"https:\/\/ticsalutsocial.atoom.space\/es\/#website","url":"https:\/\/ticsalutsocial.atoom.space\/es\/","name":"Fundaci\u00f3 TIC Salut i Social","description":"","potentialAction":[{"@type":"SearchAction","target":{"@type":"EntryPoint","urlTemplate":"https:\/\/ticsalutsocial.atoom.space\/es\/?s={search_term_string}"},"query-input":{"@type":"PropertyValueSpecification","valueRequired":true,"valueName":"search_term_string"}}],"inLanguage":"es"}]}},"_links":{"self":[{"href":"https:\/\/ticsalutsocial.atoom.space\/es\/wp-json\/wp\/v2\/event\/5815","targetHints":{"allow":["GET"]}}],"collection":[{"href":"https:\/\/ticsalutsocial.atoom.space\/es\/wp-json\/wp\/v2\/event"}],"about":[{"href":"https:\/\/ticsalutsocial.atoom.space\/es\/wp-json\/wp\/v2\/types\/event"}],"wp:featuredmedia":[{"embeddable":true,"href":"https:\/\/ticsalutsocial.atoom.space\/es\/wp-json\/wp\/v2\/media\/7115"}],"wp:attachment":[{"href":"https:\/\/ticsalutsocial.atoom.space\/es\/wp-json\/wp\/v2\/media?parent=5815"}],"wp:term":[{"taxonomy":"tipus","embeddable":true,"href":"https:\/\/ticsalutsocial.atoom.space\/es\/wp-json\/wp\/v2\/tipus?post=5815"},{"taxonomy":"topic","embeddable":true,"href":"https:\/\/ticsalutsocial.atoom.space\/es\/wp-json\/wp\/v2\/topic?post=5815"}],"curies":[{"name":"wp","href":"https:\/\/api.w.org\/{rel}","templated":true}]}}

Presentació del Banc d&#8217;Imatges Infermeres

<p>El Banco de Imágenes Enfermeras (BII) es un proyecto del Colegio Oficial de Enfermeras y Enfermeros de Barcelona que llega para aportar una solución al constante problema de representación iconográfica que tiene esta profesión a diferentes niveles y apoyos, como por ejemplo la editorial, la comunicación o la publicidad, entre otros.</p>
<p><a href="https://www.coib.cat/ca-es/col-legiades/formacio/formacio-del-col-legi/jornades-informatives/presentacio-del-banc-imatges-infermeres.html#hiddenAnchor">Inscripción abierta</a> de el  lunes 12 de noviembre 2018 hasta el  lunes 03 de diciembre 2018</p>

Gratuito, previa inscripción

<!-- This site is optimized with the Yoast SEO plugin v27.1.1 - https://yoast.com/product/yoast-seo-wordpress/ -->
<title>Presentació del Banc d&#039;Imatges Infermeres - Fundació TIC Salut i Social</title>
<meta name="robots" content="index, follow, max-snippet:-1, max-image-preview:large, max-video-preview:-1" />
<link rel="canonical" href="https://ticsalutsocial.atoom.space/es/event/presentacio-del-banc-dimatges-infermeres/" />
<meta property="og:locale" content="es_ES" />
<meta property="og:type" content="article" />
<meta property="og:title" content="Presentació del Banc d&#039;Imatges Infermeres - Fundació TIC Salut i Social" />
<meta property="og:description" content="El Banco de Imágenes Enfermeras (BII) es un proyecto del Colegio Oficial de Enfermeras y Enfermeros de Barcelona que llega para aportar una solución al constante problema de representación iconográfica que tiene esta profesión a diferentes niveles y apoyos, como por ejemplo la editorial, la comunicación o la publicidad, entre otros. Inscripción abierta de el  lunes [&hellip;]" />
<meta property="og:url" content="https://ticsalutsocial.atoom.space/es/event/presentacio-del-banc-dimatges-infermeres/" />
<meta property="og:site_name" content="Fundació TIC Salut i Social" />
<meta property="article:modified_time" content="2021-07-21T14:25:07+00:00" />
<meta property="og:image" content="https://ticsalutsocial.atoom.space/wp-content/uploads/2018/11/11-1.png" />
	<meta property="og:image:width" content="462" />
	<meta property="og:image:height" content="169" />
	<meta property="og:image:type" content="image/png" />
<meta name="twitter:card" content="summary_large_image" />
<script type="application/ld+json" class="yoast-schema-graph">{"@context":"https://schema.org","@graph":[{"@type":"WebPage","@id":"https://ticsalutsocial.atoom.space/es/event/presentacio-del-banc-dimatges-infermeres/","url":"https://ticsalutsocial.atoom.space/es/event/presentacio-del-banc-dimatges-infermeres/","name":"Presentació del Banc d'Imatges Infermeres - Fundació TIC Salut i Social","isPartOf":{"@id":"https://ticsalutsocial.atoom.space/es/#website"},"primaryImageOfPage":{"@id":"https://ticsalutsocial.atoom.space/es/event/presentacio-del-banc-dimatges-infermeres/#primaryimage"},"image":{"@id":"https://ticsalutsocial.atoom.space/es/event/presentacio-del-banc-dimatges-infermeres/#primaryimage"},"thumbnailUrl":"https://ticsalutsocial.atoom.space/wp-content/uploads/2018/11/11-1.png","datePublished":"2018-11-16T08:28:44+00:00","dateModified":"2021-07-21T14:25:07+00:00","breadcrumb":{"@id":"https://ticsalutsocial.atoom.space/es/event/presentacio-del-banc-dimatges-infermeres/#breadcrumb"},"inLanguage":"es","potentialAction":[{"@type":"ReadAction","target":["https://ticsalutsocial.atoom.space/es/event/presentacio-del-banc-dimatges-infermeres/"]}]},{"@type":"ImageObject","inLanguage":"es","@id":"https://ticsalutsocial.atoom.space/es/event/presentacio-del-banc-dimatges-infermeres/#primaryimage","url":"https://ticsalutsocial.atoom.space/wp-content/uploads/2018/11/11-1.png","contentUrl":"https://ticsalutsocial.atoom.space/wp-content/uploads/2018/11/11-1.png","width":462,"height":169},{"@type":"BreadcrumbList","@id":"https://ticsalutsocial.atoom.space/es/event/presentacio-del-banc-dimatges-infermeres/#breadcrumb","itemListElement":[{"@type":"ListItem","position":1,"name":"Inici","item":"https://ticsalutsocial.atoom.space/es/"},{"@type":"ListItem","position":2,"name":"Presentació del Banc d&#8217;Imatges Infermeres"}]},{"@type":"WebSite","@id":"https://ticsalutsocial.atoom.space/es/#website","url":"https://ticsalutsocial.atoom.space/es/","name":"Fundació TIC Salut i Social","description":"","potentialAction":[{"@type":"SearchAction","target":{"@type":"EntryPoint","urlTemplate":"https://ticsalutsocial.atoom.space/es/?s={search_term_string}"},"query-input":{"@type":"PropertyValueSpecification","valueRequired":true,"valueName":"search_term_string"}}],"inLanguage":"es"}]}</script>
<!-- / Yoast SEO plugin. -->

Presentació del Banc d'Imatges Infermeres - Fundació TIC Salut i Social

El Banco de Imágenes Enfermeras (BII) es un proyecto del Colegio Oficial de Enfermeras y Enfermeros de Barcelona que llega para aportar una solución al constante problema de representación iconográfica que tiene esta profesión a diferentes niveles y apoyos, como por ejemplo la editorial, la comunicación o la publicidad, entre otros. Inscripción abierta de el  lunes [&hellip;]

Fundació TIC Salut i Social
