
{"id":5886,"date":"2019-02-28T14:30:06","date_gmt":"2019-02-28T12:30:06","guid":{"rendered":"https:\/\/ticsalutsocial.atoom.space\/?post_type=event&#038;p=5886"},"modified":"2021-07-21T16:25:51","modified_gmt":"2021-07-21T14:25:51","slug":"taller-sobre-lestandard-dhl7-fhir","status":"publish","type":"event","link":"https:\/\/ticsalutsocial.atoom.space\/es\/event\/taller-sobre-lestandard-dhl7-fhir\/","title":{"rendered":"Taller sobre l&#8217;est\u00e0ndard d&#8217;HL7 FHIR"},"content":{"rendered":"<p>Desde la Oficina de Est\u00e1ndares e Interoperabilidad de la Fundaci\u00f3 TIC Salut Social y HL7Spain estamos organizando un taller sobre el est\u00e1ndar de HL7 FHIR los d\u00edas 24-25-26 de abril en Barcelona.<\/p>\n<p>La duraci\u00f3n del taller ser\u00e1 de 20h lectivas.<\/p>\n<p>El temario constar\u00e1 de:<br \/>\n\u2022 Introducci\u00f3n<br \/>\n\u2022 Conceptos clave de FHIR<br \/>\n\u2022 Recursos<br \/>\n\u2022 REST<br \/>\n\u2022 Seguridad y auditor\u00eda<br \/>\n\u2022 Trabajar con recursos FHIR.<br \/>\n\u2022 B\u00fasquedas en FHIR<br \/>\n\u2022 Paradigmas FHIR<br \/>\n\u2022 FHIR REST + Transacciones<br \/>\n\u2022 Mensajer\u00eda con FHIR<br \/>\n\u2022 Documentos Cl\u00ednicos con FHIR<br \/>\n\u2022 Operaciones en FHIRDos paradigmas adicionales<br \/>\n\u2022 Perfiles<br \/>\n\u2022 Extensiones FHIR<br \/>\n\u2022 Terminolog\u00eda<br \/>\n\u2022 Publicaci\u00f3n<br \/>\n\u2022 Algunas gu\u00edas de implementaci\u00f3n y perfiles relevantes<\/p>\n<p>Como docente, contaremos con Msc. Lic. Fernando Campos:<\/p>\n<p>Fernando Campos se Licenciado en Sistemas de Informaci\u00f3n y Magister en Direcci\u00f3n Estrat\u00e9gica en Ingenier\u00eda de Software. Se desempe\u00f1a como Jefe del \u00c1rea de Ingenier\u00eda de Software del Departamento de Inform\u00e1tica en Salud del Hospital Italiano donde ha trabajado durant m\u00e1s de 19 a\u00f1os. Desde 2012 se presidente de HL7 Argentina y Miembro de esta Organizaci\u00f3n desde el a\u00f1o 2001. Fellow HL7 y Miembro del Comit\u00e9 de Educaci\u00f3n de HL7 Internacional. Certificado en HL7 V2.xControl Specialist, HL7 CDA R2 Specialist, HL7 V3 RIM y recientemente HL7 FHIR Proficiency certificaci\u00f3n. Se especialista en Interoperabilidad y ha publicado libros al respecto.<\/p>\n<p>El precio del taller es de 800 \u20ac para socios de HL7 y 1200 \u20ac por no socios, pero desde la Fundaci\u00f3 TIC Salut Social ofrecemos becas limitadas por profesionales de los centros del SISCAT. Tambi\u00e9n tenemos previsto hacer descuentos por grupos.<\/p>\n<p>Si est\u00e1is interesados \u200b\u200bpod\u00e9is contactarnos a trav\u00e9s de Ariadna Rius en <a href=\"mailto:arius@ticsalutsocial.cat\">arius@ticsalutsocial.cat<\/a><\/p>\n","protected":false},"featured_media":0,"menu_order":0,"template":"","meta":{"_acf_changed":false,"inline_featured_image":false},"tipus":[84],"topic":[121],"class_list":["post-5886","event","type-event","status-publish","hentry","tipus-oficina-interoperabilidad","topic-dpd-es"],"acf":{"informacio":{"ubicacio":"Sala d'actes. Edifici Salvany.","data":"24\/04\/2019","hora":"A definir","preu":"800\u20ac para socios HL7 y 1200\u20ac para no socios. *posibilidad de becas.","inscripcions":""}},"yoast_head":"<!-- This site is optimized with the Yoast SEO plugin v27.1.1 - https:\/\/yoast.com\/product\/yoast-seo-wordpress\/ -->\n<title>Taller sobre l&#039;est\u00e0ndard d&#039;HL7 FHIR - Fundaci\u00f3 TIC Salut i Social<\/title>\n<meta name=\"robots\" content=\"index, follow, max-snippet:-1, max-image-preview:large, max-video-preview:-1\" \/>\n<link rel=\"canonical\" href=\"https:\/\/ticsalutsocial.atoom.space\/es\/event\/taller-sobre-lestandard-dhl7-fhir\/\" \/>\n<meta property=\"og:locale\" content=\"es_ES\" \/>\n<meta property=\"og:type\" content=\"article\" \/>\n<meta property=\"og:title\" content=\"Taller sobre l&#039;est\u00e0ndard d&#039;HL7 FHIR - Fundaci\u00f3 TIC Salut i Social\" \/>\n<meta property=\"og:description\" content=\"Desde la Oficina de Est\u00e1ndares e Interoperabilidad de la Fundaci\u00f3 TIC Salut Social y HL7Spain estamos organizando un taller sobre el est\u00e1ndar de HL7 FHIR los d\u00edas 24-25-26 de abril en Barcelona. La duraci\u00f3n del taller ser\u00e1 de 20h lectivas. El temario constar\u00e1 de: \u2022 Introducci\u00f3n \u2022 Conceptos clave de FHIR \u2022 Recursos \u2022 REST [&hellip;]\" \/>\n<meta property=\"og:url\" content=\"https:\/\/ticsalutsocial.atoom.space\/es\/event\/taller-sobre-lestandard-dhl7-fhir\/\" \/>\n<meta property=\"og:site_name\" content=\"Fundaci\u00f3 TIC Salut i Social\" \/>\n<meta property=\"article:modified_time\" content=\"2021-07-21T14:25:51+00:00\" \/>\n<meta name=\"twitter:card\" content=\"summary_large_image\" \/>\n<meta name=\"twitter:label1\" content=\"Tiempo de lectura\" \/>\n\t<meta name=\"twitter:data1\" content=\"1 minuto\" \/>\n<script type=\"application\/ld+json\" class=\"yoast-schema-graph\">{\"@context\":\"https:\/\/schema.org\",\"@graph\":[{\"@type\":\"WebPage\",\"@id\":\"https:\/\/ticsalutsocial.atoom.space\/es\/event\/taller-sobre-lestandard-dhl7-fhir\/\",\"url\":\"https:\/\/ticsalutsocial.atoom.space\/es\/event\/taller-sobre-lestandard-dhl7-fhir\/\",\"name\":\"Taller sobre l'est\u00e0ndard d'HL7 FHIR - Fundaci\u00f3 TIC Salut i Social\",\"isPartOf\":{\"@id\":\"https:\/\/ticsalutsocial.atoom.space\/es\/#website\"},\"datePublished\":\"2019-02-28T12:30:06+00:00\",\"dateModified\":\"2021-07-21T14:25:51+00:00\",\"breadcrumb\":{\"@id\":\"https:\/\/ticsalutsocial.atoom.space\/es\/event\/taller-sobre-lestandard-dhl7-fhir\/#breadcrumb\"},\"inLanguage\":\"es\",\"potentialAction\":[{\"@type\":\"ReadAction\",\"target\":[\"https:\/\/ticsalutsocial.atoom.space\/es\/event\/taller-sobre-lestandard-dhl7-fhir\/\"]}]},{\"@type\":\"BreadcrumbList\",\"@id\":\"https:\/\/ticsalutsocial.atoom.space\/es\/event\/taller-sobre-lestandard-dhl7-fhir\/#breadcrumb\",\"itemListElement\":[{\"@type\":\"ListItem\",\"position\":1,\"name\":\"Inici\",\"item\":\"https:\/\/ticsalutsocial.atoom.space\/es\/\"},{\"@type\":\"ListItem\",\"position\":2,\"name\":\"Taller sobre l&#8217;est\u00e0ndard d&#8217;HL7 FHIR\"}]},{\"@type\":\"WebSite\",\"@id\":\"https:\/\/ticsalutsocial.atoom.space\/es\/#website\",\"url\":\"https:\/\/ticsalutsocial.atoom.space\/es\/\",\"name\":\"Fundaci\u00f3 TIC Salut i Social\",\"description\":\"\",\"potentialAction\":[{\"@type\":\"SearchAction\",\"target\":{\"@type\":\"EntryPoint\",\"urlTemplate\":\"https:\/\/ticsalutsocial.atoom.space\/es\/?s={search_term_string}\"},\"query-input\":{\"@type\":\"PropertyValueSpecification\",\"valueRequired\":true,\"valueName\":\"search_term_string\"}}],\"inLanguage\":\"es\"}]}<\/script>\n<!-- \/ Yoast SEO plugin. -->","yoast_head_json":{"title":"Taller sobre l'est\u00e0ndard d'HL7 FHIR - Fundaci\u00f3 TIC Salut i Social","robots":{"index":"index","follow":"follow","max-snippet":"max-snippet:-1","max-image-preview":"max-image-preview:large","max-video-preview":"max-video-preview:-1"},"canonical":"https:\/\/ticsalutsocial.atoom.space\/es\/event\/taller-sobre-lestandard-dhl7-fhir\/","og_locale":"es_ES","og_type":"article","og_title":"Taller sobre l'est\u00e0ndard d'HL7 FHIR - Fundaci\u00f3 TIC Salut i Social","og_description":"Desde la Oficina de Est\u00e1ndares e Interoperabilidad de la Fundaci\u00f3 TIC Salut Social y HL7Spain estamos organizando un taller sobre el est\u00e1ndar de HL7 FHIR los d\u00edas 24-25-26 de abril en Barcelona. La duraci\u00f3n del taller ser\u00e1 de 20h lectivas. El temario constar\u00e1 de: \u2022 Introducci\u00f3n \u2022 Conceptos clave de FHIR \u2022 Recursos \u2022 REST [&hellip;]","og_url":"https:\/\/ticsalutsocial.atoom.space\/es\/event\/taller-sobre-lestandard-dhl7-fhir\/","og_site_name":"Fundaci\u00f3 TIC Salut i Social","article_modified_time":"2021-07-21T14:25:51+00:00","twitter_card":"summary_large_image","twitter_misc":{"Tiempo de lectura":"1 minuto"},"schema":{"@context":"https:\/\/schema.org","@graph":[{"@type":"WebPage","@id":"https:\/\/ticsalutsocial.atoom.space\/es\/event\/taller-sobre-lestandard-dhl7-fhir\/","url":"https:\/\/ticsalutsocial.atoom.space\/es\/event\/taller-sobre-lestandard-dhl7-fhir\/","name":"Taller sobre l'est\u00e0ndard d'HL7 FHIR - Fundaci\u00f3 TIC Salut i Social","isPartOf":{"@id":"https:\/\/ticsalutsocial.atoom.space\/es\/#website"},"datePublished":"2019-02-28T12:30:06+00:00","dateModified":"2021-07-21T14:25:51+00:00","breadcrumb":{"@id":"https:\/\/ticsalutsocial.atoom.space\/es\/event\/taller-sobre-lestandard-dhl7-fhir\/#breadcrumb"},"inLanguage":"es","potentialAction":[{"@type":"ReadAction","target":["https:\/\/ticsalutsocial.atoom.space\/es\/event\/taller-sobre-lestandard-dhl7-fhir\/"]}]},{"@type":"BreadcrumbList","@id":"https:\/\/ticsalutsocial.atoom.space\/es\/event\/taller-sobre-lestandard-dhl7-fhir\/#breadcrumb","itemListElement":[{"@type":"ListItem","position":1,"name":"Inici","item":"https:\/\/ticsalutsocial.atoom.space\/es\/"},{"@type":"ListItem","position":2,"name":"Taller sobre l&#8217;est\u00e0ndard d&#8217;HL7 FHIR"}]},{"@type":"WebSite","@id":"https:\/\/ticsalutsocial.atoom.space\/es\/#website","url":"https:\/\/ticsalutsocial.atoom.space\/es\/","name":"Fundaci\u00f3 TIC Salut i Social","description":"","potentialAction":[{"@type":"SearchAction","target":{"@type":"EntryPoint","urlTemplate":"https:\/\/ticsalutsocial.atoom.space\/es\/?s={search_term_string}"},"query-input":{"@type":"PropertyValueSpecification","valueRequired":true,"valueName":"search_term_string"}}],"inLanguage":"es"}]}},"_links":{"self":[{"href":"https:\/\/ticsalutsocial.atoom.space\/es\/wp-json\/wp\/v2\/event\/5886","targetHints":{"allow":["GET"]}}],"collection":[{"href":"https:\/\/ticsalutsocial.atoom.space\/es\/wp-json\/wp\/v2\/event"}],"about":[{"href":"https:\/\/ticsalutsocial.atoom.space\/es\/wp-json\/wp\/v2\/types\/event"}],"wp:attachment":[{"href":"https:\/\/ticsalutsocial.atoom.space\/es\/wp-json\/wp\/v2\/media?parent=5886"}],"wp:term":[{"taxonomy":"tipus","embeddable":true,"href":"https:\/\/ticsalutsocial.atoom.space\/es\/wp-json\/wp\/v2\/tipus?post=5886"},{"taxonomy":"topic","embeddable":true,"href":"https:\/\/ticsalutsocial.atoom.space\/es\/wp-json\/wp\/v2\/topic?post=5886"}],"curies":[{"name":"wp","href":"https:\/\/api.w.org\/{rel}","templated":true}]}}

Taller sobre l&#8217;estàndard d&#8217;HL7 FHIR

<p>Desde la Oficina de Estándares e Interoperabilidad de la Fundació TIC Salut Social y HL7Spain estamos organizando un taller sobre el estándar de HL7 FHIR los días 24-25-26 de abril en Barcelona.</p>
<p>La duración del taller será de 20h lectivas.</p>
<p>El temario constará de:<br />
• Introducción<br />
• Conceptos clave de FHIR<br />
• Recursos<br />
• REST<br />
• Seguridad y auditoría<br />
• Trabajar con recursos FHIR.<br />
• Búsquedas en FHIR<br />
• Paradigmas FHIR<br />
• FHIR REST + Transacciones<br />
• Mensajería con FHIR<br />
• Documentos Clínicos con FHIR<br />
• Operaciones en FHIRDos paradigmas adicionales<br />
• Perfiles<br />
• Extensiones FHIR<br />
• Terminología<br />
• Publicación<br />
• Algunas guías de implementación y perfiles relevantes</p>
<p>Como docente, contaremos con Msc. Lic. Fernando Campos:</p>
<p>Fernando Campos se Licenciado en Sistemas de Información y Magister en Dirección Estratégica en Ingeniería de Software. Se desempeña como Jefe del Área de Ingeniería de Software del Departamento de Informática en Salud del Hospital Italiano donde ha trabajado durant más de 19 años. Desde 2012 se presidente de HL7 Argentina y Miembro de esta Organización desde el año 2001. Fellow HL7 y Miembro del Comité de Educación de HL7 Internacional. Certificado en HL7 V2.xControl Specialist, HL7 CDA R2 Specialist, HL7 V3 RIM y recientemente HL7 FHIR Proficiency certificación. Se especialista en Interoperabilidad y ha publicado libros al respecto.</p>
<p>El precio del taller es de 800 € para socios de HL7 y 1200 € por no socios, pero desde la Fundació TIC Salut Social ofrecemos becas limitadas por profesionales de los centros del SISCAT. También tenemos previsto hacer descuentos por grupos.</p>
<p>Si estáis interesados ​​podéis contactarnos a través de Ariadna Rius en <a href="mailto:arius@ticsalutsocial.cat">arius@ticsalutsocial.cat</a></p>

<!-- This site is optimized with the Yoast SEO plugin v27.1.1 - https://yoast.com/product/yoast-seo-wordpress/ -->
<title>Taller sobre l&#039;estàndard d&#039;HL7 FHIR - Fundació TIC Salut i Social</title>
<meta name="robots" content="index, follow, max-snippet:-1, max-image-preview:large, max-video-preview:-1" />
<link rel="canonical" href="https://ticsalutsocial.atoom.space/es/event/taller-sobre-lestandard-dhl7-fhir/" />
<meta property="og:locale" content="es_ES" />
<meta property="og:type" content="article" />
<meta property="og:title" content="Taller sobre l&#039;estàndard d&#039;HL7 FHIR - Fundació TIC Salut i Social" />
<meta property="og:description" content="Desde la Oficina de Estándares e Interoperabilidad de la Fundació TIC Salut Social y HL7Spain estamos organizando un taller sobre el estándar de HL7 FHIR los días 24-25-26 de abril en Barcelona. La duración del taller será de 20h lectivas. El temario constará de: • Introducción • Conceptos clave de FHIR • Recursos • REST [&hellip;]" />
<meta property="og:url" content="https://ticsalutsocial.atoom.space/es/event/taller-sobre-lestandard-dhl7-fhir/" />
<meta property="og:site_name" content="Fundació TIC Salut i Social" />
<meta property="article:modified_time" content="2021-07-21T14:25:51+00:00" />
<meta name="twitter:card" content="summary_large_image" />
<meta name="twitter:label1" content="Tiempo de lectura" />
	<meta name="twitter:data1" content="1 minuto" />
<script type="application/ld+json" class="yoast-schema-graph">{"@context":"https://schema.org","@graph":[{"@type":"WebPage","@id":"https://ticsalutsocial.atoom.space/es/event/taller-sobre-lestandard-dhl7-fhir/","url":"https://ticsalutsocial.atoom.space/es/event/taller-sobre-lestandard-dhl7-fhir/","name":"Taller sobre l'estàndard d'HL7 FHIR - Fundació TIC Salut i Social","isPartOf":{"@id":"https://ticsalutsocial.atoom.space/es/#website"},"datePublished":"2019-02-28T12:30:06+00:00","dateModified":"2021-07-21T14:25:51+00:00","breadcrumb":{"@id":"https://ticsalutsocial.atoom.space/es/event/taller-sobre-lestandard-dhl7-fhir/#breadcrumb"},"inLanguage":"es","potentialAction":[{"@type":"ReadAction","target":["https://ticsalutsocial.atoom.space/es/event/taller-sobre-lestandard-dhl7-fhir/"]}]},{"@type":"BreadcrumbList","@id":"https://ticsalutsocial.atoom.space/es/event/taller-sobre-lestandard-dhl7-fhir/#breadcrumb","itemListElement":[{"@type":"ListItem","position":1,"name":"Inici","item":"https://ticsalutsocial.atoom.space/es/"},{"@type":"ListItem","position":2,"name":"Taller sobre l&#8217;estàndard d&#8217;HL7 FHIR"}]},{"@type":"WebSite","@id":"https://ticsalutsocial.atoom.space/es/#website","url":"https://ticsalutsocial.atoom.space/es/","name":"Fundació TIC Salut i Social","description":"","potentialAction":[{"@type":"SearchAction","target":{"@type":"EntryPoint","urlTemplate":"https://ticsalutsocial.atoom.space/es/?s={search_term_string}"},"query-input":{"@type":"PropertyValueSpecification","valueRequired":true,"valueName":"search_term_string"}}],"inLanguage":"es"}]}</script>
<!-- / Yoast SEO plugin. -->

Taller sobre l'estàndard d'HL7 FHIR - Fundació TIC Salut i Social

Desde la Oficina de Estándares e Interoperabilidad de la Fundació TIC Salut Social y HL7Spain estamos organizando un taller sobre el estándar de HL7 FHIR los días 24-25-26 de abril en Barcelona. La duración del taller será de 20h lectivas. El temario constará de: • Introducción • Conceptos clave de FHIR • Recursos • REST [&hellip;]

Fundació TIC Salut i Social
