
{"id":5889,"date":"2019-03-05T11:27:40","date_gmt":"2019-03-05T09:27:40","guid":{"rendered":"https:\/\/ticsalutsocial.atoom.space\/?post_type=event&#038;p=5889"},"modified":"2021-07-21T16:25:53","modified_gmt":"2021-07-21T14:25:53","slug":"mhealth-bcn-conference","status":"publish","type":"event","link":"https:\/\/ticsalutsocial.atoom.space\/es\/event\/mhealth-bcn-conference\/","title":{"rendered":"mHealth BCN Conference"},"content":{"rendered":"<h4>28 de marzo de 2018<\/h4>\n<p><strong>09:30-10:00: Recepci\u00f3n<\/strong><\/p>\n<div>\n<div><strong>10:00-10:10: Presentaci\u00f3n<\/strong><\/div>\n<ul>\n<li>Marta Aymerich, Vicerrectora de la UOC<\/li>\n<li>Imma Grau, Presidenta de la Fundaci\u00f3n iSYS<\/li>\n<\/ul>\n<\/div>\n<div>\n<p><strong>10:10-11:30:\u00a0MESA RESEARCH IN PROGRESS (i+d+i)<\/strong><\/p>\n<p><strong>Modera<\/strong>: Manuel Armayones, Director de Desarrollo eHealth Center UOC<b>.<\/b><\/p>\n<p>&#8211;\u00a0<em>Geoepidemiologia con Google<\/em>.\u00a0Manuel Ramos-Casals<\/p>\n<p><em>&#8211; eMerge un proyecto europeo de VIH<\/em>. \u00c1gathe Le\u00f3n<\/p>\n<p>&#8211;\u00a0<em>Social Diabetes<\/em>. V\u00edctor Bautista.<\/p>\n<p>&#8211;\u00a0<em>Geobiomet.<\/em>Pablo Fern\u00e1ndez.<\/p>\n<\/div>\n<div>\n<p><strong>11:30-12:00: CAF\u00c9-NETWORKING<\/strong><\/p>\n<\/div>\n<div>\n<p><strong>12:00-13:15:MESA DE EXPERTOS:\u00a0mHealth y BIG DATA<\/strong><\/p>\n<p><strong>Modera<\/strong>:\u00a0Antoni Sis\u00f2, Presidente CAMFiC.<\/p>\n<p><em>&#8211; mHealth y Big Data<\/em>. Jordi Conesa, UOC eHealth Center.<\/p>\n<p><em>&#8211; \u00c9tica y\u00a0protecci\u00f3n de datos<\/em>. Miriam M\u00e9ndez:\u00a0Hospital Cl\u00ednic de Barcelona.<\/p>\n<p><em>&#8211; Modelos de cesi\u00f3n de datos<\/em>. Andrea Barbiero, SalusCoop.org.<\/p>\n<p>&#8211;\u00a0<em>Conectando datos de pacientes con el Sistema de Salud<\/em>.\u00a0N\u00faria Abd\u00f3n, Fundaci\u00f3 TIC Salut Social.<\/p>\n<\/div>\n<div>\n<p><strong>13:15-13:45: Nueva colecci\u00f3n de Apps de salud y TOP05 Apps 2018-2019<\/strong><\/p>\n<p><strong>Modera<\/strong>: Imma Grau<b>.<\/b><\/p>\n<p>&#8211; Novedades de esta edici\u00f3n<\/p>\n<p>&#8211; El 5\u00ba TOP-5 de Apps en salud 2018-2019<\/p>\n<p>&#8211; Entrega de diplomas<\/p>\n<\/div>\n<div>\n<p><strong>13:45: Copa de cava<\/strong><\/p>\n<\/div>\n","protected":false},"featured_media":0,"menu_order":0,"template":"","meta":{"_acf_changed":false,"inline_featured_image":false},"tipus":[654],"topic":[121],"class_list":["post-5889","event","type-event","status-publish","hentry","tipus-activos-digitales","topic-dpd-es"],"acf":{"informacio":{"ubicacio":"Movistar Centre","data":"28\/03\/2019","hora":"9:30h a 14:00h","preu":"","inscripcions":""}},"yoast_head":"<!-- This site is optimized with the Yoast SEO plugin v27.1.1 - https:\/\/yoast.com\/product\/yoast-seo-wordpress\/ -->\n<title>mHealth BCN Conference - Fundaci\u00f3 TIC Salut i Social<\/title>\n<meta name=\"robots\" content=\"index, follow, max-snippet:-1, max-image-preview:large, max-video-preview:-1\" \/>\n<link rel=\"canonical\" href=\"https:\/\/ticsalutsocial.atoom.space\/es\/event\/mhealth-bcn-conference\/\" \/>\n<meta property=\"og:locale\" content=\"es_ES\" \/>\n<meta property=\"og:type\" content=\"article\" \/>\n<meta property=\"og:title\" content=\"mHealth BCN Conference - Fundaci\u00f3 TIC Salut i Social\" \/>\n<meta property=\"og:description\" content=\"28 de marzo de 2018 09:30-10:00: Recepci\u00f3n 10:00-10:10: Presentaci\u00f3n Marta Aymerich, Vicerrectora de la UOC Imma Grau, Presidenta de la Fundaci\u00f3n iSYS 10:10-11:30:\u00a0MESA RESEARCH IN PROGRESS (i+d+i) Modera: Manuel Armayones, Director de Desarrollo eHealth Center UOC. &#8211;\u00a0Geoepidemiologia con Google.\u00a0Manuel Ramos-Casals &#8211; eMerge un proyecto europeo de VIH. \u00c1gathe Le\u00f3n &#8211;\u00a0Social Diabetes. V\u00edctor Bautista. &#8211;\u00a0Geobiomet.Pablo Fern\u00e1ndez. [&hellip;]\" \/>\n<meta property=\"og:url\" content=\"https:\/\/ticsalutsocial.atoom.space\/es\/event\/mhealth-bcn-conference\/\" \/>\n<meta property=\"og:site_name\" content=\"Fundaci\u00f3 TIC Salut i Social\" \/>\n<meta property=\"article:modified_time\" content=\"2021-07-21T14:25:53+00:00\" \/>\n<meta name=\"twitter:card\" content=\"summary_large_image\" \/>\n<meta name=\"twitter:label1\" content=\"Tiempo de lectura\" \/>\n\t<meta name=\"twitter:data1\" content=\"1 minuto\" \/>\n<script type=\"application\/ld+json\" class=\"yoast-schema-graph\">{\"@context\":\"https:\/\/schema.org\",\"@graph\":[{\"@type\":\"WebPage\",\"@id\":\"https:\/\/ticsalutsocial.atoom.space\/es\/event\/mhealth-bcn-conference\/\",\"url\":\"https:\/\/ticsalutsocial.atoom.space\/es\/event\/mhealth-bcn-conference\/\",\"name\":\"mHealth BCN Conference - Fundaci\u00f3 TIC Salut i Social\",\"isPartOf\":{\"@id\":\"https:\/\/ticsalutsocial.atoom.space\/es\/#website\"},\"datePublished\":\"2019-03-05T09:27:40+00:00\",\"dateModified\":\"2021-07-21T14:25:53+00:00\",\"breadcrumb\":{\"@id\":\"https:\/\/ticsalutsocial.atoom.space\/es\/event\/mhealth-bcn-conference\/#breadcrumb\"},\"inLanguage\":\"es\",\"potentialAction\":[{\"@type\":\"ReadAction\",\"target\":[\"https:\/\/ticsalutsocial.atoom.space\/es\/event\/mhealth-bcn-conference\/\"]}]},{\"@type\":\"BreadcrumbList\",\"@id\":\"https:\/\/ticsalutsocial.atoom.space\/es\/event\/mhealth-bcn-conference\/#breadcrumb\",\"itemListElement\":[{\"@type\":\"ListItem\",\"position\":1,\"name\":\"Inici\",\"item\":\"https:\/\/ticsalutsocial.atoom.space\/es\/\"},{\"@type\":\"ListItem\",\"position\":2,\"name\":\"mHealth BCN Conference\"}]},{\"@type\":\"WebSite\",\"@id\":\"https:\/\/ticsalutsocial.atoom.space\/es\/#website\",\"url\":\"https:\/\/ticsalutsocial.atoom.space\/es\/\",\"name\":\"Fundaci\u00f3 TIC Salut i Social\",\"description\":\"\",\"potentialAction\":[{\"@type\":\"SearchAction\",\"target\":{\"@type\":\"EntryPoint\",\"urlTemplate\":\"https:\/\/ticsalutsocial.atoom.space\/es\/?s={search_term_string}\"},\"query-input\":{\"@type\":\"PropertyValueSpecification\",\"valueRequired\":true,\"valueName\":\"search_term_string\"}}],\"inLanguage\":\"es\"}]}<\/script>\n<!-- \/ Yoast SEO plugin. -->","yoast_head_json":{"title":"mHealth BCN Conference - Fundaci\u00f3 TIC Salut i Social","robots":{"index":"index","follow":"follow","max-snippet":"max-snippet:-1","max-image-preview":"max-image-preview:large","max-video-preview":"max-video-preview:-1"},"canonical":"https:\/\/ticsalutsocial.atoom.space\/es\/event\/mhealth-bcn-conference\/","og_locale":"es_ES","og_type":"article","og_title":"mHealth BCN Conference - Fundaci\u00f3 TIC Salut i Social","og_description":"28 de marzo de 2018 09:30-10:00: Recepci\u00f3n 10:00-10:10: Presentaci\u00f3n Marta Aymerich, Vicerrectora de la UOC Imma Grau, Presidenta de la Fundaci\u00f3n iSYS 10:10-11:30:\u00a0MESA RESEARCH IN PROGRESS (i+d+i) Modera: Manuel Armayones, Director de Desarrollo eHealth Center UOC. &#8211;\u00a0Geoepidemiologia con Google.\u00a0Manuel Ramos-Casals &#8211; eMerge un proyecto europeo de VIH. \u00c1gathe Le\u00f3n &#8211;\u00a0Social Diabetes. V\u00edctor Bautista. &#8211;\u00a0Geobiomet.Pablo Fern\u00e1ndez. [&hellip;]","og_url":"https:\/\/ticsalutsocial.atoom.space\/es\/event\/mhealth-bcn-conference\/","og_site_name":"Fundaci\u00f3 TIC Salut i Social","article_modified_time":"2021-07-21T14:25:53+00:00","twitter_card":"summary_large_image","twitter_misc":{"Tiempo de lectura":"1 minuto"},"schema":{"@context":"https:\/\/schema.org","@graph":[{"@type":"WebPage","@id":"https:\/\/ticsalutsocial.atoom.space\/es\/event\/mhealth-bcn-conference\/","url":"https:\/\/ticsalutsocial.atoom.space\/es\/event\/mhealth-bcn-conference\/","name":"mHealth BCN Conference - Fundaci\u00f3 TIC Salut i Social","isPartOf":{"@id":"https:\/\/ticsalutsocial.atoom.space\/es\/#website"},"datePublished":"2019-03-05T09:27:40+00:00","dateModified":"2021-07-21T14:25:53+00:00","breadcrumb":{"@id":"https:\/\/ticsalutsocial.atoom.space\/es\/event\/mhealth-bcn-conference\/#breadcrumb"},"inLanguage":"es","potentialAction":[{"@type":"ReadAction","target":["https:\/\/ticsalutsocial.atoom.space\/es\/event\/mhealth-bcn-conference\/"]}]},{"@type":"BreadcrumbList","@id":"https:\/\/ticsalutsocial.atoom.space\/es\/event\/mhealth-bcn-conference\/#breadcrumb","itemListElement":[{"@type":"ListItem","position":1,"name":"Inici","item":"https:\/\/ticsalutsocial.atoom.space\/es\/"},{"@type":"ListItem","position":2,"name":"mHealth BCN Conference"}]},{"@type":"WebSite","@id":"https:\/\/ticsalutsocial.atoom.space\/es\/#website","url":"https:\/\/ticsalutsocial.atoom.space\/es\/","name":"Fundaci\u00f3 TIC Salut i Social","description":"","potentialAction":[{"@type":"SearchAction","target":{"@type":"EntryPoint","urlTemplate":"https:\/\/ticsalutsocial.atoom.space\/es\/?s={search_term_string}"},"query-input":{"@type":"PropertyValueSpecification","valueRequired":true,"valueName":"search_term_string"}}],"inLanguage":"es"}]}},"_links":{"self":[{"href":"https:\/\/ticsalutsocial.atoom.space\/es\/wp-json\/wp\/v2\/event\/5889","targetHints":{"allow":["GET"]}}],"collection":[{"href":"https:\/\/ticsalutsocial.atoom.space\/es\/wp-json\/wp\/v2\/event"}],"about":[{"href":"https:\/\/ticsalutsocial.atoom.space\/es\/wp-json\/wp\/v2\/types\/event"}],"wp:attachment":[{"href":"https:\/\/ticsalutsocial.atoom.space\/es\/wp-json\/wp\/v2\/media?parent=5889"}],"wp:term":[{"taxonomy":"tipus","embeddable":true,"href":"https:\/\/ticsalutsocial.atoom.space\/es\/wp-json\/wp\/v2\/tipus?post=5889"},{"taxonomy":"topic","embeddable":true,"href":"https:\/\/ticsalutsocial.atoom.space\/es\/wp-json\/wp\/v2\/topic?post=5889"}],"curies":[{"name":"wp","href":"https:\/\/api.w.org\/{rel}","templated":true}]}}

<h4>28 de marzo de 2018</h4>
<p><strong>09:30-10:00: Recepción</strong></p>
<div>
<div><strong>10:00-10:10: Presentación</strong></div>
<ul>
<li>Marta Aymerich, Vicerrectora de la UOC</li>
<li>Imma Grau, Presidenta de la Fundación iSYS</li>
</ul>
</div>
<div>
<p><strong>10:10-11:30: MESA RESEARCH IN PROGRESS (i+d+i)</strong></p>
<p><strong>Modera</strong>: Manuel Armayones, Director de Desarrollo eHealth Center UOC<b>.</b></p>
<p>&#8211; <em>Geoepidemiologia con Google</em>. Manuel Ramos-Casals</p>
<p><em>&#8211; eMerge un proyecto europeo de VIH</em>. Ágathe León</p>
<p>&#8211; <em>Social Diabetes</em>. Víctor Bautista.</p>
<p>&#8211; <em>Geobiomet.</em>Pablo Fernández.</p>
</div>
<div>
<p><strong>11:30-12:00: CAFÉ-NETWORKING</strong></p>
</div>
<div>
<p><strong>12:00-13:15:MESA DE EXPERTOS: mHealth y BIG DATA</strong></p>
<p><strong>Modera</strong>: Antoni Sisò, Presidente CAMFiC.</p>
<p><em>&#8211; mHealth y Big Data</em>. Jordi Conesa, UOC eHealth Center.</p>
<p><em>&#8211; Ética y protección de datos</em>. Miriam Méndez: Hospital Clínic de Barcelona.</p>
<p><em>&#8211; Modelos de cesión de datos</em>. Andrea Barbiero, SalusCoop.org.</p>
<p>&#8211; <em>Conectando datos de pacientes con el Sistema de Salud</em>. Núria Abdón, Fundació TIC Salut Social.</p>
</div>
<div>
<p><strong>13:15-13:45: Nueva colección de Apps de salud y TOP05 Apps 2018-2019</strong></p>
<p><strong>Modera</strong>: Imma Grau<b>.</b></p>
<p>&#8211; Novedades de esta edición</p>
<p>&#8211; El 5º TOP-5 de Apps en salud 2018-2019</p>
<p>&#8211; Entrega de diplomas</p>
</div>
<div>
<p><strong>13:45: Copa de cava</strong></p>
</div>

<!-- This site is optimized with the Yoast SEO plugin v27.1.1 - https://yoast.com/product/yoast-seo-wordpress/ -->
<title>mHealth BCN Conference - Fundació TIC Salut i Social</title>
<meta name="robots" content="index, follow, max-snippet:-1, max-image-preview:large, max-video-preview:-1" />
<link rel="canonical" href="https://ticsalutsocial.atoom.space/es/event/mhealth-bcn-conference/" />
<meta property="og:locale" content="es_ES" />
<meta property="og:type" content="article" />
<meta property="og:title" content="mHealth BCN Conference - Fundació TIC Salut i Social" />
<meta property="og:description" content="28 de marzo de 2018 09:30-10:00: Recepción 10:00-10:10: Presentación Marta Aymerich, Vicerrectora de la UOC Imma Grau, Presidenta de la Fundación iSYS 10:10-11:30: MESA RESEARCH IN PROGRESS (i+d+i) Modera: Manuel Armayones, Director de Desarrollo eHealth Center UOC. &#8211; Geoepidemiologia con Google. Manuel Ramos-Casals &#8211; eMerge un proyecto europeo de VIH. Ágathe León &#8211; Social Diabetes. Víctor Bautista. &#8211; Geobiomet.Pablo Fernández. [&hellip;]" />
<meta property="og:url" content="https://ticsalutsocial.atoom.space/es/event/mhealth-bcn-conference/" />
<meta property="og:site_name" content="Fundació TIC Salut i Social" />
<meta property="article:modified_time" content="2021-07-21T14:25:53+00:00" />
<meta name="twitter:card" content="summary_large_image" />
<meta name="twitter:label1" content="Tiempo de lectura" />
	<meta name="twitter:data1" content="1 minuto" />
<script type="application/ld+json" class="yoast-schema-graph">{"@context":"https://schema.org","@graph":[{"@type":"WebPage","@id":"https://ticsalutsocial.atoom.space/es/event/mhealth-bcn-conference/","url":"https://ticsalutsocial.atoom.space/es/event/mhealth-bcn-conference/","name":"mHealth BCN Conference - Fundació TIC Salut i Social","isPartOf":{"@id":"https://ticsalutsocial.atoom.space/es/#website"},"datePublished":"2019-03-05T09:27:40+00:00","dateModified":"2021-07-21T14:25:53+00:00","breadcrumb":{"@id":"https://ticsalutsocial.atoom.space/es/event/mhealth-bcn-conference/#breadcrumb"},"inLanguage":"es","potentialAction":[{"@type":"ReadAction","target":["https://ticsalutsocial.atoom.space/es/event/mhealth-bcn-conference/"]}]},{"@type":"BreadcrumbList","@id":"https://ticsalutsocial.atoom.space/es/event/mhealth-bcn-conference/#breadcrumb","itemListElement":[{"@type":"ListItem","position":1,"name":"Inici","item":"https://ticsalutsocial.atoom.space/es/"},{"@type":"ListItem","position":2,"name":"mHealth BCN Conference"}]},{"@type":"WebSite","@id":"https://ticsalutsocial.atoom.space/es/#website","url":"https://ticsalutsocial.atoom.space/es/","name":"Fundació TIC Salut i Social","description":"","potentialAction":[{"@type":"SearchAction","target":{"@type":"EntryPoint","urlTemplate":"https://ticsalutsocial.atoom.space/es/?s={search_term_string}"},"query-input":{"@type":"PropertyValueSpecification","valueRequired":true,"valueName":"search_term_string"}}],"inLanguage":"es"}]}</script>
<!-- / Yoast SEO plugin. -->

mHealth BCN Conference - Fundació TIC Salut i Social

28 de marzo de 2018 09:30-10:00: Recepción 10:00-10:10: Presentación Marta Aymerich, Vicerrectora de la UOC Imma Grau, Presidenta de la Fundación iSYS 10:10-11:30: MESA RESEARCH IN PROGRESS (i+d+i) Modera: Manuel Armayones, Director de Desarrollo eHealth Center UOC. &#8211; Geoepidemiologia con Google. Manuel Ramos-Casals &#8211; eMerge un proyecto europeo de VIH. Ágathe León &#8211; Social Diabetes. Víctor Bautista. &#8211; Geobiomet.Pablo Fernández. [&hellip;]

Fundació TIC Salut i Social
