
{"id":5929,"date":"2019-07-15T12:17:54","date_gmt":"2019-07-15T10:17:54","guid":{"rendered":"https:\/\/ticsalutsocial.atoom.space\/?post_type=event&#038;p=5929"},"modified":"2021-07-21T16:26:26","modified_gmt":"2021-07-21T14:26:26","slug":"congres-internacional-de-terminologia-loinc","status":"publish","type":"event","link":"https:\/\/ticsalutsocial.atoom.space\/es\/event\/congres-internacional-de-terminologia-loinc\/","title":{"rendered":"Congr\u00e9s Internacional de Terminologia LOINC"},"content":{"rendered":"<p>Por primera vez el congreso internacional de terminolog\u00eda <span class=\"link-complex-target\">LOINC<\/span> llega a Europa.<\/p>\n<p>Desde la <em>Fundaci\u00f3 TIC Salut Social<\/em> seguimos trabajando para acercar este evento a la comunidad LOINC Europea.<\/p>\n<p>En breve actualizaremos m\u00e1s detalles.<\/p>\n","protected":false},"featured_media":4067,"menu_order":0,"template":"","meta":{"_acf_changed":false,"inline_featured_image":false},"tipus":[84],"topic":[123,117],"class_list":["post-5929","event","type-event","status-publish","has-post-thumbnail","hentry","tipus-oficina-interoperabilidad","topic-actualidad","topic-jornadas"],"acf":{"imatge":4069,"informacio":{"ubicacio":"Auditorio Tecnocampus Matar\u00f3 - Maresme","data":"23\/10\/2019","hora":"","preu":"","inscripcions":""}},"yoast_head":"<!-- This site is optimized with the Yoast SEO plugin v27.1.1 - https:\/\/yoast.com\/product\/yoast-seo-wordpress\/ -->\n<title>Congr\u00e9s Internacional de Terminologia LOINC - Fundaci\u00f3 TIC Salut i Social<\/title>\n<meta name=\"robots\" content=\"index, follow, max-snippet:-1, max-image-preview:large, max-video-preview:-1\" \/>\n<link rel=\"canonical\" href=\"https:\/\/ticsalutsocial.atoom.space\/es\/event\/congres-internacional-de-terminologia-loinc\/\" \/>\n<meta property=\"og:locale\" content=\"es_ES\" \/>\n<meta property=\"og:type\" content=\"article\" \/>\n<meta property=\"og:title\" content=\"Congr\u00e9s Internacional de Terminologia LOINC - Fundaci\u00f3 TIC Salut i Social\" \/>\n<meta property=\"og:description\" content=\"Por primera vez el congreso internacional de terminolog\u00eda LOINC llega a Europa. Desde la Fundaci\u00f3 TIC Salut Social seguimos trabajando para acercar este evento a la comunidad LOINC Europea. En breve actualizaremos m\u00e1s detalles.\" \/>\n<meta property=\"og:url\" content=\"https:\/\/ticsalutsocial.atoom.space\/es\/event\/congres-internacional-de-terminologia-loinc\/\" \/>\n<meta property=\"og:site_name\" content=\"Fundaci\u00f3 TIC Salut i Social\" \/>\n<meta property=\"article:modified_time\" content=\"2021-07-21T14:26:26+00:00\" \/>\n<meta property=\"og:image\" content=\"https:\/\/ticsalutsocial.atoom.space\/wp-content\/uploads\/2019\/09\/louis-reed-jeinkkli2po-unsplash-scaled.jpg\" \/>\n\t<meta property=\"og:image:width\" content=\"2560\" \/>\n\t<meta property=\"og:image:height\" content=\"1707\" \/>\n\t<meta property=\"og:image:type\" content=\"image\/jpeg\" \/>\n<meta name=\"twitter:card\" content=\"summary_large_image\" \/>\n<script type=\"application\/ld+json\" class=\"yoast-schema-graph\">{\"@context\":\"https:\/\/schema.org\",\"@graph\":[{\"@type\":\"WebPage\",\"@id\":\"https:\/\/ticsalutsocial.atoom.space\/es\/event\/congres-internacional-de-terminologia-loinc\/\",\"url\":\"https:\/\/ticsalutsocial.atoom.space\/es\/event\/congres-internacional-de-terminologia-loinc\/\",\"name\":\"Congr\u00e9s Internacional de Terminologia LOINC - Fundaci\u00f3 TIC Salut i Social\",\"isPartOf\":{\"@id\":\"https:\/\/ticsalutsocial.atoom.space\/es\/#website\"},\"primaryImageOfPage\":{\"@id\":\"https:\/\/ticsalutsocial.atoom.space\/es\/event\/congres-internacional-de-terminologia-loinc\/#primaryimage\"},\"image\":{\"@id\":\"https:\/\/ticsalutsocial.atoom.space\/es\/event\/congres-internacional-de-terminologia-loinc\/#primaryimage\"},\"thumbnailUrl\":\"https:\/\/ticsalutsocial.atoom.space\/wp-content\/uploads\/2019\/09\/louis-reed-jeinkkli2po-unsplash-scaled.jpg\",\"datePublished\":\"2019-07-15T10:17:54+00:00\",\"dateModified\":\"2021-07-21T14:26:26+00:00\",\"breadcrumb\":{\"@id\":\"https:\/\/ticsalutsocial.atoom.space\/es\/event\/congres-internacional-de-terminologia-loinc\/#breadcrumb\"},\"inLanguage\":\"es\",\"potentialAction\":[{\"@type\":\"ReadAction\",\"target\":[\"https:\/\/ticsalutsocial.atoom.space\/es\/event\/congres-internacional-de-terminologia-loinc\/\"]}]},{\"@type\":\"ImageObject\",\"inLanguage\":\"es\",\"@id\":\"https:\/\/ticsalutsocial.atoom.space\/es\/event\/congres-internacional-de-terminologia-loinc\/#primaryimage\",\"url\":\"https:\/\/ticsalutsocial.atoom.space\/wp-content\/uploads\/2019\/09\/louis-reed-jeinkkli2po-unsplash-scaled.jpg\",\"contentUrl\":\"https:\/\/ticsalutsocial.atoom.space\/wp-content\/uploads\/2019\/09\/louis-reed-jeinkkli2po-unsplash-scaled.jpg\",\"width\":2560,\"height\":1707},{\"@type\":\"BreadcrumbList\",\"@id\":\"https:\/\/ticsalutsocial.atoom.space\/es\/event\/congres-internacional-de-terminologia-loinc\/#breadcrumb\",\"itemListElement\":[{\"@type\":\"ListItem\",\"position\":1,\"name\":\"Inici\",\"item\":\"https:\/\/ticsalutsocial.atoom.space\/es\/\"},{\"@type\":\"ListItem\",\"position\":2,\"name\":\"Congr\u00e9s Internacional de Terminologia LOINC\"}]},{\"@type\":\"WebSite\",\"@id\":\"https:\/\/ticsalutsocial.atoom.space\/es\/#website\",\"url\":\"https:\/\/ticsalutsocial.atoom.space\/es\/\",\"name\":\"Fundaci\u00f3 TIC Salut i Social\",\"description\":\"\",\"potentialAction\":[{\"@type\":\"SearchAction\",\"target\":{\"@type\":\"EntryPoint\",\"urlTemplate\":\"https:\/\/ticsalutsocial.atoom.space\/es\/?s={search_term_string}\"},\"query-input\":{\"@type\":\"PropertyValueSpecification\",\"valueRequired\":true,\"valueName\":\"search_term_string\"}}],\"inLanguage\":\"es\"}]}<\/script>\n<!-- \/ Yoast SEO plugin. -->","yoast_head_json":{"title":"Congr\u00e9s Internacional de Terminologia LOINC - Fundaci\u00f3 TIC Salut i Social","robots":{"index":"index","follow":"follow","max-snippet":"max-snippet:-1","max-image-preview":"max-image-preview:large","max-video-preview":"max-video-preview:-1"},"canonical":"https:\/\/ticsalutsocial.atoom.space\/es\/event\/congres-internacional-de-terminologia-loinc\/","og_locale":"es_ES","og_type":"article","og_title":"Congr\u00e9s Internacional de Terminologia LOINC - Fundaci\u00f3 TIC Salut i Social","og_description":"Por primera vez el congreso internacional de terminolog\u00eda LOINC llega a Europa. Desde la Fundaci\u00f3 TIC Salut Social seguimos trabajando para acercar este evento a la comunidad LOINC Europea. En breve actualizaremos m\u00e1s detalles.","og_url":"https:\/\/ticsalutsocial.atoom.space\/es\/event\/congres-internacional-de-terminologia-loinc\/","og_site_name":"Fundaci\u00f3 TIC Salut i Social","article_modified_time":"2021-07-21T14:26:26+00:00","og_image":[{"width":2560,"height":1707,"url":"https:\/\/ticsalutsocial.atoom.space\/wp-content\/uploads\/2019\/09\/louis-reed-jeinkkli2po-unsplash-scaled.jpg","type":"image\/jpeg"}],"twitter_card":"summary_large_image","schema":{"@context":"https:\/\/schema.org","@graph":[{"@type":"WebPage","@id":"https:\/\/ticsalutsocial.atoom.space\/es\/event\/congres-internacional-de-terminologia-loinc\/","url":"https:\/\/ticsalutsocial.atoom.space\/es\/event\/congres-internacional-de-terminologia-loinc\/","name":"Congr\u00e9s Internacional de Terminologia LOINC - Fundaci\u00f3 TIC Salut i Social","isPartOf":{"@id":"https:\/\/ticsalutsocial.atoom.space\/es\/#website"},"primaryImageOfPage":{"@id":"https:\/\/ticsalutsocial.atoom.space\/es\/event\/congres-internacional-de-terminologia-loinc\/#primaryimage"},"image":{"@id":"https:\/\/ticsalutsocial.atoom.space\/es\/event\/congres-internacional-de-terminologia-loinc\/#primaryimage"},"thumbnailUrl":"https:\/\/ticsalutsocial.atoom.space\/wp-content\/uploads\/2019\/09\/louis-reed-jeinkkli2po-unsplash-scaled.jpg","datePublished":"2019-07-15T10:17:54+00:00","dateModified":"2021-07-21T14:26:26+00:00","breadcrumb":{"@id":"https:\/\/ticsalutsocial.atoom.space\/es\/event\/congres-internacional-de-terminologia-loinc\/#breadcrumb"},"inLanguage":"es","potentialAction":[{"@type":"ReadAction","target":["https:\/\/ticsalutsocial.atoom.space\/es\/event\/congres-internacional-de-terminologia-loinc\/"]}]},{"@type":"ImageObject","inLanguage":"es","@id":"https:\/\/ticsalutsocial.atoom.space\/es\/event\/congres-internacional-de-terminologia-loinc\/#primaryimage","url":"https:\/\/ticsalutsocial.atoom.space\/wp-content\/uploads\/2019\/09\/louis-reed-jeinkkli2po-unsplash-scaled.jpg","contentUrl":"https:\/\/ticsalutsocial.atoom.space\/wp-content\/uploads\/2019\/09\/louis-reed-jeinkkli2po-unsplash-scaled.jpg","width":2560,"height":1707},{"@type":"BreadcrumbList","@id":"https:\/\/ticsalutsocial.atoom.space\/es\/event\/congres-internacional-de-terminologia-loinc\/#breadcrumb","itemListElement":[{"@type":"ListItem","position":1,"name":"Inici","item":"https:\/\/ticsalutsocial.atoom.space\/es\/"},{"@type":"ListItem","position":2,"name":"Congr\u00e9s Internacional de Terminologia LOINC"}]},{"@type":"WebSite","@id":"https:\/\/ticsalutsocial.atoom.space\/es\/#website","url":"https:\/\/ticsalutsocial.atoom.space\/es\/","name":"Fundaci\u00f3 TIC Salut i Social","description":"","potentialAction":[{"@type":"SearchAction","target":{"@type":"EntryPoint","urlTemplate":"https:\/\/ticsalutsocial.atoom.space\/es\/?s={search_term_string}"},"query-input":{"@type":"PropertyValueSpecification","valueRequired":true,"valueName":"search_term_string"}}],"inLanguage":"es"}]}},"_links":{"self":[{"href":"https:\/\/ticsalutsocial.atoom.space\/es\/wp-json\/wp\/v2\/event\/5929","targetHints":{"allow":["GET"]}}],"collection":[{"href":"https:\/\/ticsalutsocial.atoom.space\/es\/wp-json\/wp\/v2\/event"}],"about":[{"href":"https:\/\/ticsalutsocial.atoom.space\/es\/wp-json\/wp\/v2\/types\/event"}],"wp:featuredmedia":[{"embeddable":true,"href":"https:\/\/ticsalutsocial.atoom.space\/es\/wp-json\/wp\/v2\/media\/4067"}],"wp:attachment":[{"href":"https:\/\/ticsalutsocial.atoom.space\/es\/wp-json\/wp\/v2\/media?parent=5929"}],"wp:term":[{"taxonomy":"tipus","embeddable":true,"href":"https:\/\/ticsalutsocial.atoom.space\/es\/wp-json\/wp\/v2\/tipus?post=5929"},{"taxonomy":"topic","embeddable":true,"href":"https:\/\/ticsalutsocial.atoom.space\/es\/wp-json\/wp\/v2\/topic?post=5929"}],"curies":[{"name":"wp","href":"https:\/\/api.w.org\/{rel}","templated":true}]}}

Congrés Internacional de Terminologia LOINC

<p>Por primera vez el congreso internacional de terminología <span class="link-complex-target">LOINC</span> llega a Europa.</p>
<p>Desde la <em>Fundació TIC Salut Social</em> seguimos trabajando para acercar este evento a la comunidad LOINC Europea.</p>
<p>En breve actualizaremos más detalles.</p>

Auditorio Tecnocampus Mataró - Maresme

<!-- This site is optimized with the Yoast SEO plugin v27.1.1 - https://yoast.com/product/yoast-seo-wordpress/ -->
<title>Congrés Internacional de Terminologia LOINC - Fundació TIC Salut i Social</title>
<meta name="robots" content="index, follow, max-snippet:-1, max-image-preview:large, max-video-preview:-1" />
<link rel="canonical" href="https://ticsalutsocial.atoom.space/es/event/congres-internacional-de-terminologia-loinc/" />
<meta property="og:locale" content="es_ES" />
<meta property="og:type" content="article" />
<meta property="og:title" content="Congrés Internacional de Terminologia LOINC - Fundació TIC Salut i Social" />
<meta property="og:description" content="Por primera vez el congreso internacional de terminología LOINC llega a Europa. Desde la Fundació TIC Salut Social seguimos trabajando para acercar este evento a la comunidad LOINC Europea. En breve actualizaremos más detalles." />
<meta property="og:url" content="https://ticsalutsocial.atoom.space/es/event/congres-internacional-de-terminologia-loinc/" />
<meta property="og:site_name" content="Fundació TIC Salut i Social" />
<meta property="article:modified_time" content="2021-07-21T14:26:26+00:00" />
<meta property="og:image" content="https://ticsalutsocial.atoom.space/wp-content/uploads/2019/09/louis-reed-jeinkkli2po-unsplash-scaled.jpg" />
	<meta property="og:image:width" content="2560" />
	<meta property="og:image:height" content="1707" />
	<meta property="og:image:type" content="image/jpeg" />
<meta name="twitter:card" content="summary_large_image" />
<script type="application/ld+json" class="yoast-schema-graph">{"@context":"https://schema.org","@graph":[{"@type":"WebPage","@id":"https://ticsalutsocial.atoom.space/es/event/congres-internacional-de-terminologia-loinc/","url":"https://ticsalutsocial.atoom.space/es/event/congres-internacional-de-terminologia-loinc/","name":"Congrés Internacional de Terminologia LOINC - Fundació TIC Salut i Social","isPartOf":{"@id":"https://ticsalutsocial.atoom.space/es/#website"},"primaryImageOfPage":{"@id":"https://ticsalutsocial.atoom.space/es/event/congres-internacional-de-terminologia-loinc/#primaryimage"},"image":{"@id":"https://ticsalutsocial.atoom.space/es/event/congres-internacional-de-terminologia-loinc/#primaryimage"},"thumbnailUrl":"https://ticsalutsocial.atoom.space/wp-content/uploads/2019/09/louis-reed-jeinkkli2po-unsplash-scaled.jpg","datePublished":"2019-07-15T10:17:54+00:00","dateModified":"2021-07-21T14:26:26+00:00","breadcrumb":{"@id":"https://ticsalutsocial.atoom.space/es/event/congres-internacional-de-terminologia-loinc/#breadcrumb"},"inLanguage":"es","potentialAction":[{"@type":"ReadAction","target":["https://ticsalutsocial.atoom.space/es/event/congres-internacional-de-terminologia-loinc/"]}]},{"@type":"ImageObject","inLanguage":"es","@id":"https://ticsalutsocial.atoom.space/es/event/congres-internacional-de-terminologia-loinc/#primaryimage","url":"https://ticsalutsocial.atoom.space/wp-content/uploads/2019/09/louis-reed-jeinkkli2po-unsplash-scaled.jpg","contentUrl":"https://ticsalutsocial.atoom.space/wp-content/uploads/2019/09/louis-reed-jeinkkli2po-unsplash-scaled.jpg","width":2560,"height":1707},{"@type":"BreadcrumbList","@id":"https://ticsalutsocial.atoom.space/es/event/congres-internacional-de-terminologia-loinc/#breadcrumb","itemListElement":[{"@type":"ListItem","position":1,"name":"Inici","item":"https://ticsalutsocial.atoom.space/es/"},{"@type":"ListItem","position":2,"name":"Congrés Internacional de Terminologia LOINC"}]},{"@type":"WebSite","@id":"https://ticsalutsocial.atoom.space/es/#website","url":"https://ticsalutsocial.atoom.space/es/","name":"Fundació TIC Salut i Social","description":"","potentialAction":[{"@type":"SearchAction","target":{"@type":"EntryPoint","urlTemplate":"https://ticsalutsocial.atoom.space/es/?s={search_term_string}"},"query-input":{"@type":"PropertyValueSpecification","valueRequired":true,"valueName":"search_term_string"}}],"inLanguage":"es"}]}</script>
<!-- / Yoast SEO plugin. -->

Congrés Internacional de Terminologia LOINC - Fundació TIC Salut i Social

Por primera vez el congreso internacional de terminología LOINC llega a Europa. Desde la Fundació TIC Salut Social seguimos trabajando para acercar este evento a la comunidad LOINC Europea. En breve actualizaremos más detalles.

Fundació TIC Salut i Social
