
{"id":5962,"date":"2019-10-14T10:00:19","date_gmt":"2019-10-14T08:00:19","guid":{"rendered":"https:\/\/ticsalutsocial.atoom.space\/?post_type=event&#038;p=5962"},"modified":"2021-07-21T16:26:48","modified_gmt":"2021-07-21T14:26:48","slug":"cicle-de-reflexio-big-data-i-serveis-socials","status":"publish","type":"event","link":"https:\/\/ticsalutsocial.atoom.space\/es\/event\/cicle-de-reflexio-big-data-i-serveis-socials\/","title":{"rendered":"Cicle de reflexi\u00f3 \u201cBig Data i Serveis Socials\u201d"},"content":{"rendered":"<p>Conocer anticipadamente cu\u00e1ndo habr\u00e1 una emergencia o qu\u00e9 evoluci\u00f3n de necesidades tendr\u00e1 la poblaci\u00f3n atendida y cu\u00e1ndo se producir\u00e1n determinados incrementos de demanda para poder estratificarlos adecuadamente, permitir\u00eda a los gestores p\u00fablicos locales, comarcales y nacionales desarrollar una estrategia m\u00e1s proactiva en la identificaci\u00f3n de las limitaciones y carencias del sistema de los servicios sociales; tomar decisiones de una manera fundamentada para adaptar el modelo organizativo a las necesidades detectadas; evitar situaciones futuras de desajuste y\/o sobresaturaci\u00f3n de servicios, las cuales generan una mala experiencia en los ciudadanos afectados e incomodidad y frustraci\u00f3n en los profesionales de los servicios p\u00fablicos; e impulsar pol\u00edticas preventivas orientadas a reducir factores de riesgo en relaci\u00f3n con las necesidades crecientes o emergentes.<\/p>\n<p>Adem\u00e1s, la estratificaci\u00f3n de poblaci\u00f3n y necesidades permitir\u00eda avanzar en la personalizaci\u00f3n de los servicios sociales por medio de recomendaciones personalizadas y proactivas para los ciudadanos que se dirigen, que har\u00edan que se sintieran m\u00e1s satisfechos y facilitar\u00edan el trabajo de los profesionales de los servicios sociales.<\/p>\n<p>&nbsp;<\/p>\n<p>Traducci\u00f3n simult\u00e1nea del ingl\u00e9s al catal\u00e1n.<\/p>\n<p>A cargo de:<\/p>\n<ul class=\"big-arrow\">\n<li><strong>Meritxell Bened\u00ed<\/strong>, directora general de Servicios Sociales, Departamento de Trabajo, Asuntos Sociales y Familias, Generalitat de Catalunya.<\/li>\n<li><strong>Tomas Lehtinen<\/strong>, Data Analytics Consultant, ciudad de Espoo (Finlandia).<\/li>\n<li><strong>Jos\u00e9 Antonio Ondiviela<\/strong>, director de Soluciones SmartCities de Microsoft Western Europe.<\/li>\n<li><strong>Josep Maria Picas<\/strong>, consultor internacional en el desarrollo de las TIC en el entorno sanitario.<\/li>\n<\/ul>\n<p>&nbsp;<\/p>\n<p>Modera:<\/p>\n<ul class=\"big-arrow\">\n<li><strong>M\u00aa \u00c0ngels Cabas\u00e9s<\/strong>, directora del Departamento de Econom\u00eda Aplicada de la Universidad de Lleida y miembro del Consejo Social de la Fundaci\u00f3 iSocial.<\/li>\n<\/ul>\n","protected":false},"featured_media":0,"menu_order":0,"template":"","meta":{"_acf_changed":false,"inline_featured_image":false},"tipus":[94],"topic":[121,127],"class_list":["post-5962","event","type-event","status-publish","hentry","tipus-integracion-social-y-sanitaria","topic-dpd-es","topic-proyectos"],"acf":{"informacio":{"ubicacio":"Palau Macaya","data":"29\/10\/2019","hora":"9:30h - 12:00h","preu":"","inscripcions":""}},"yoast_head":"<!-- This site is optimized with the Yoast SEO plugin v27.1.1 - https:\/\/yoast.com\/product\/yoast-seo-wordpress\/ -->\n<title>Cicle de reflexi\u00f3 \u201cBig Data i Serveis Socials\u201d - Fundaci\u00f3 TIC Salut i Social<\/title>\n<meta name=\"robots\" content=\"index, follow, max-snippet:-1, max-image-preview:large, max-video-preview:-1\" \/>\n<link rel=\"canonical\" href=\"https:\/\/ticsalutsocial.atoom.space\/es\/event\/cicle-de-reflexio-big-data-i-serveis-socials\/\" \/>\n<meta property=\"og:locale\" content=\"es_ES\" \/>\n<meta property=\"og:type\" content=\"article\" \/>\n<meta property=\"og:title\" content=\"Cicle de reflexi\u00f3 \u201cBig Data i Serveis Socials\u201d - Fundaci\u00f3 TIC Salut i Social\" \/>\n<meta property=\"og:description\" content=\"Conocer anticipadamente cu\u00e1ndo habr\u00e1 una emergencia o qu\u00e9 evoluci\u00f3n de necesidades tendr\u00e1 la poblaci\u00f3n atendida y cu\u00e1ndo se producir\u00e1n determinados incrementos de demanda para poder estratificarlos adecuadamente, permitir\u00eda a los gestores p\u00fablicos locales, comarcales y nacionales desarrollar una estrategia m\u00e1s proactiva en la identificaci\u00f3n de las limitaciones y carencias del sistema de los servicios sociales; [&hellip;]\" \/>\n<meta property=\"og:url\" content=\"https:\/\/ticsalutsocial.atoom.space\/es\/event\/cicle-de-reflexio-big-data-i-serveis-socials\/\" \/>\n<meta property=\"og:site_name\" content=\"Fundaci\u00f3 TIC Salut i Social\" \/>\n<meta property=\"article:modified_time\" content=\"2021-07-21T14:26:48+00:00\" \/>\n<meta name=\"twitter:card\" content=\"summary_large_image\" \/>\n<meta name=\"twitter:label1\" content=\"Tiempo de lectura\" \/>\n\t<meta name=\"twitter:data1\" content=\"1 minuto\" \/>\n<script type=\"application\/ld+json\" class=\"yoast-schema-graph\">{\"@context\":\"https:\/\/schema.org\",\"@graph\":[{\"@type\":\"WebPage\",\"@id\":\"https:\/\/ticsalutsocial.atoom.space\/es\/event\/cicle-de-reflexio-big-data-i-serveis-socials\/\",\"url\":\"https:\/\/ticsalutsocial.atoom.space\/es\/event\/cicle-de-reflexio-big-data-i-serveis-socials\/\",\"name\":\"Cicle de reflexi\u00f3 \u201cBig Data i Serveis Socials\u201d - Fundaci\u00f3 TIC Salut i Social\",\"isPartOf\":{\"@id\":\"https:\/\/ticsalutsocial.atoom.space\/es\/#website\"},\"datePublished\":\"2019-10-14T08:00:19+00:00\",\"dateModified\":\"2021-07-21T14:26:48+00:00\",\"breadcrumb\":{\"@id\":\"https:\/\/ticsalutsocial.atoom.space\/es\/event\/cicle-de-reflexio-big-data-i-serveis-socials\/#breadcrumb\"},\"inLanguage\":\"es\",\"potentialAction\":[{\"@type\":\"ReadAction\",\"target\":[\"https:\/\/ticsalutsocial.atoom.space\/es\/event\/cicle-de-reflexio-big-data-i-serveis-socials\/\"]}]},{\"@type\":\"BreadcrumbList\",\"@id\":\"https:\/\/ticsalutsocial.atoom.space\/es\/event\/cicle-de-reflexio-big-data-i-serveis-socials\/#breadcrumb\",\"itemListElement\":[{\"@type\":\"ListItem\",\"position\":1,\"name\":\"Inici\",\"item\":\"https:\/\/ticsalutsocial.atoom.space\/es\/\"},{\"@type\":\"ListItem\",\"position\":2,\"name\":\"Cicle de reflexi\u00f3 \u201cBig Data i Serveis Socials\u201d\"}]},{\"@type\":\"WebSite\",\"@id\":\"https:\/\/ticsalutsocial.atoom.space\/es\/#website\",\"url\":\"https:\/\/ticsalutsocial.atoom.space\/es\/\",\"name\":\"Fundaci\u00f3 TIC Salut i Social\",\"description\":\"\",\"potentialAction\":[{\"@type\":\"SearchAction\",\"target\":{\"@type\":\"EntryPoint\",\"urlTemplate\":\"https:\/\/ticsalutsocial.atoom.space\/es\/?s={search_term_string}\"},\"query-input\":{\"@type\":\"PropertyValueSpecification\",\"valueRequired\":true,\"valueName\":\"search_term_string\"}}],\"inLanguage\":\"es\"}]}<\/script>\n<!-- \/ Yoast SEO plugin. -->","yoast_head_json":{"title":"Cicle de reflexi\u00f3 \u201cBig Data i Serveis Socials\u201d - Fundaci\u00f3 TIC Salut i Social","robots":{"index":"index","follow":"follow","max-snippet":"max-snippet:-1","max-image-preview":"max-image-preview:large","max-video-preview":"max-video-preview:-1"},"canonical":"https:\/\/ticsalutsocial.atoom.space\/es\/event\/cicle-de-reflexio-big-data-i-serveis-socials\/","og_locale":"es_ES","og_type":"article","og_title":"Cicle de reflexi\u00f3 \u201cBig Data i Serveis Socials\u201d - Fundaci\u00f3 TIC Salut i Social","og_description":"Conocer anticipadamente cu\u00e1ndo habr\u00e1 una emergencia o qu\u00e9 evoluci\u00f3n de necesidades tendr\u00e1 la poblaci\u00f3n atendida y cu\u00e1ndo se producir\u00e1n determinados incrementos de demanda para poder estratificarlos adecuadamente, permitir\u00eda a los gestores p\u00fablicos locales, comarcales y nacionales desarrollar una estrategia m\u00e1s proactiva en la identificaci\u00f3n de las limitaciones y carencias del sistema de los servicios sociales; [&hellip;]","og_url":"https:\/\/ticsalutsocial.atoom.space\/es\/event\/cicle-de-reflexio-big-data-i-serveis-socials\/","og_site_name":"Fundaci\u00f3 TIC Salut i Social","article_modified_time":"2021-07-21T14:26:48+00:00","twitter_card":"summary_large_image","twitter_misc":{"Tiempo de lectura":"1 minuto"},"schema":{"@context":"https:\/\/schema.org","@graph":[{"@type":"WebPage","@id":"https:\/\/ticsalutsocial.atoom.space\/es\/event\/cicle-de-reflexio-big-data-i-serveis-socials\/","url":"https:\/\/ticsalutsocial.atoom.space\/es\/event\/cicle-de-reflexio-big-data-i-serveis-socials\/","name":"Cicle de reflexi\u00f3 \u201cBig Data i Serveis Socials\u201d - Fundaci\u00f3 TIC Salut i Social","isPartOf":{"@id":"https:\/\/ticsalutsocial.atoom.space\/es\/#website"},"datePublished":"2019-10-14T08:00:19+00:00","dateModified":"2021-07-21T14:26:48+00:00","breadcrumb":{"@id":"https:\/\/ticsalutsocial.atoom.space\/es\/event\/cicle-de-reflexio-big-data-i-serveis-socials\/#breadcrumb"},"inLanguage":"es","potentialAction":[{"@type":"ReadAction","target":["https:\/\/ticsalutsocial.atoom.space\/es\/event\/cicle-de-reflexio-big-data-i-serveis-socials\/"]}]},{"@type":"BreadcrumbList","@id":"https:\/\/ticsalutsocial.atoom.space\/es\/event\/cicle-de-reflexio-big-data-i-serveis-socials\/#breadcrumb","itemListElement":[{"@type":"ListItem","position":1,"name":"Inici","item":"https:\/\/ticsalutsocial.atoom.space\/es\/"},{"@type":"ListItem","position":2,"name":"Cicle de reflexi\u00f3 \u201cBig Data i Serveis Socials\u201d"}]},{"@type":"WebSite","@id":"https:\/\/ticsalutsocial.atoom.space\/es\/#website","url":"https:\/\/ticsalutsocial.atoom.space\/es\/","name":"Fundaci\u00f3 TIC Salut i Social","description":"","potentialAction":[{"@type":"SearchAction","target":{"@type":"EntryPoint","urlTemplate":"https:\/\/ticsalutsocial.atoom.space\/es\/?s={search_term_string}"},"query-input":{"@type":"PropertyValueSpecification","valueRequired":true,"valueName":"search_term_string"}}],"inLanguage":"es"}]}},"_links":{"self":[{"href":"https:\/\/ticsalutsocial.atoom.space\/es\/wp-json\/wp\/v2\/event\/5962","targetHints":{"allow":["GET"]}}],"collection":[{"href":"https:\/\/ticsalutsocial.atoom.space\/es\/wp-json\/wp\/v2\/event"}],"about":[{"href":"https:\/\/ticsalutsocial.atoom.space\/es\/wp-json\/wp\/v2\/types\/event"}],"wp:attachment":[{"href":"https:\/\/ticsalutsocial.atoom.space\/es\/wp-json\/wp\/v2\/media?parent=5962"}],"wp:term":[{"taxonomy":"tipus","embeddable":true,"href":"https:\/\/ticsalutsocial.atoom.space\/es\/wp-json\/wp\/v2\/tipus?post=5962"},{"taxonomy":"topic","embeddable":true,"href":"https:\/\/ticsalutsocial.atoom.space\/es\/wp-json\/wp\/v2\/topic?post=5962"}],"curies":[{"name":"wp","href":"https:\/\/api.w.org\/{rel}","templated":true}]}}

Cicle de reflexió “Big Data i Serveis Socials”

<p>Conocer anticipadamente cuándo habrá una emergencia o qué evolución de necesidades tendrá la población atendida y cuándo se producirán determinados incrementos de demanda para poder estratificarlos adecuadamente, permitiría a los gestores públicos locales, comarcales y nacionales desarrollar una estrategia más proactiva en la identificación de las limitaciones y carencias del sistema de los servicios sociales; tomar decisiones de una manera fundamentada para adaptar el modelo organizativo a las necesidades detectadas; evitar situaciones futuras de desajuste y/o sobresaturación de servicios, las cuales generan una mala experiencia en los ciudadanos afectados e incomodidad y frustración en los profesionales de los servicios públicos; e impulsar políticas preventivas orientadas a reducir factores de riesgo en relación con las necesidades crecientes o emergentes.</p>
<p>Además, la estratificación de población y necesidades permitiría avanzar en la personalización de los servicios sociales por medio de recomendaciones personalizadas y proactivas para los ciudadanos que se dirigen, que harían que se sintieran más satisfechos y facilitarían el trabajo de los profesionales de los servicios sociales.</p>
<p>&nbsp;</p>
<p>Traducción simultánea del inglés al catalán.</p>
<p>A cargo de:</p>
<ul class="big-arrow">
<li><strong>Meritxell Benedí</strong>, directora general de Servicios Sociales, Departamento de Trabajo, Asuntos Sociales y Familias, Generalitat de Catalunya.</li>
<li><strong>Tomas Lehtinen</strong>, Data Analytics Consultant, ciudad de Espoo (Finlandia).</li>
<li><strong>José Antonio Ondiviela</strong>, director de Soluciones SmartCities de Microsoft Western Europe.</li>
<li><strong>Josep Maria Picas</strong>, consultor internacional en el desarrollo de las TIC en el entorno sanitario.</li>
</ul>
<p>&nbsp;</p>
<p>Modera:</p>
<ul class="big-arrow">
<li><strong>Mª Àngels Cabasés</strong>, directora del Departamento de Economía Aplicada de la Universidad de Lleida y miembro del Consejo Social de la Fundació iSocial.</li>
</ul>

<!-- This site is optimized with the Yoast SEO plugin v27.1.1 - https://yoast.com/product/yoast-seo-wordpress/ -->
<title>Cicle de reflexió “Big Data i Serveis Socials” - Fundació TIC Salut i Social</title>
<meta name="robots" content="index, follow, max-snippet:-1, max-image-preview:large, max-video-preview:-1" />
<link rel="canonical" href="https://ticsalutsocial.atoom.space/es/event/cicle-de-reflexio-big-data-i-serveis-socials/" />
<meta property="og:locale" content="es_ES" />
<meta property="og:type" content="article" />
<meta property="og:title" content="Cicle de reflexió “Big Data i Serveis Socials” - Fundació TIC Salut i Social" />
<meta property="og:description" content="Conocer anticipadamente cuándo habrá una emergencia o qué evolución de necesidades tendrá la población atendida y cuándo se producirán determinados incrementos de demanda para poder estratificarlos adecuadamente, permitiría a los gestores públicos locales, comarcales y nacionales desarrollar una estrategia más proactiva en la identificación de las limitaciones y carencias del sistema de los servicios sociales; [&hellip;]" />
<meta property="og:url" content="https://ticsalutsocial.atoom.space/es/event/cicle-de-reflexio-big-data-i-serveis-socials/" />
<meta property="og:site_name" content="Fundació TIC Salut i Social" />
<meta property="article:modified_time" content="2021-07-21T14:26:48+00:00" />
<meta name="twitter:card" content="summary_large_image" />
<meta name="twitter:label1" content="Tiempo de lectura" />
	<meta name="twitter:data1" content="1 minuto" />
<script type="application/ld+json" class="yoast-schema-graph">{"@context":"https://schema.org","@graph":[{"@type":"WebPage","@id":"https://ticsalutsocial.atoom.space/es/event/cicle-de-reflexio-big-data-i-serveis-socials/","url":"https://ticsalutsocial.atoom.space/es/event/cicle-de-reflexio-big-data-i-serveis-socials/","name":"Cicle de reflexió “Big Data i Serveis Socials” - Fundació TIC Salut i Social","isPartOf":{"@id":"https://ticsalutsocial.atoom.space/es/#website"},"datePublished":"2019-10-14T08:00:19+00:00","dateModified":"2021-07-21T14:26:48+00:00","breadcrumb":{"@id":"https://ticsalutsocial.atoom.space/es/event/cicle-de-reflexio-big-data-i-serveis-socials/#breadcrumb"},"inLanguage":"es","potentialAction":[{"@type":"ReadAction","target":["https://ticsalutsocial.atoom.space/es/event/cicle-de-reflexio-big-data-i-serveis-socials/"]}]},{"@type":"BreadcrumbList","@id":"https://ticsalutsocial.atoom.space/es/event/cicle-de-reflexio-big-data-i-serveis-socials/#breadcrumb","itemListElement":[{"@type":"ListItem","position":1,"name":"Inici","item":"https://ticsalutsocial.atoom.space/es/"},{"@type":"ListItem","position":2,"name":"Cicle de reflexió “Big Data i Serveis Socials”"}]},{"@type":"WebSite","@id":"https://ticsalutsocial.atoom.space/es/#website","url":"https://ticsalutsocial.atoom.space/es/","name":"Fundació TIC Salut i Social","description":"","potentialAction":[{"@type":"SearchAction","target":{"@type":"EntryPoint","urlTemplate":"https://ticsalutsocial.atoom.space/es/?s={search_term_string}"},"query-input":{"@type":"PropertyValueSpecification","valueRequired":true,"valueName":"search_term_string"}}],"inLanguage":"es"}]}</script>
<!-- / Yoast SEO plugin. -->

Cicle de reflexió “Big Data i Serveis Socials” - Fundació TIC Salut i Social

Conocer anticipadamente cuándo habrá una emergencia o qué evolución de necesidades tendrá la población atendida y cuándo se producirán determinados incrementos de demanda para poder estratificarlos adecuadamente, permitiría a los gestores públicos locales, comarcales y nacionales desarrollar una estrategia más proactiva en la identificación de las limitaciones y carencias del sistema de los servicios sociales; [&hellip;]

Fundació TIC Salut i Social
