
{"id":5967,"date":"2019-10-14T11:52:15","date_gmt":"2019-10-14T09:52:15","guid":{"rendered":"https:\/\/ticsalutsocial.atoom.space\/?post_type=event&#038;p=5967"},"modified":"2021-07-21T16:26:52","modified_gmt":"2021-07-21T14:26:52","slug":"jornada-fem-salut-model-collaboratiu","status":"publish","type":"event","link":"https:\/\/ticsalutsocial.atoom.space\/es\/event\/jornada-fem-salut-model-collaboratiu\/","title":{"rendered":"Jornada &#8216;Fem salut&#8217; model col\u00b7laboratiu"},"content":{"rendered":"<p><strong>8.45 &#8211; 9 h<\/strong><\/p>\n<p>Benvinguda i recollida signatures<\/p>\n<p><strong>9 &#8211; 9.15 h<\/strong><\/p>\n<p>Inauguraci\u00f3<\/p>\n<p><strong>Miquel Perona<\/strong>, director del Servei d\u2019Atenci\u00f3 Prim\u00e0ria Alt Pened\u00e8s &#8211; Garraf &#8211; Baix Llobregat Nord<\/p>\n<p><strong>Blanca Muntan\u00e9<\/strong>, directora del Sector Sanitari \u00c0mbit Metropolit\u00e0 Sud<\/p>\n<p><strong>Aurora Carbonell<\/strong>, alcaldessa de Sitges<\/p>\n<p><strong>9.15 &#8211; 10 h<\/strong><\/p>\n<p>Moderador de la Jornada:<\/p>\n<p><strong>Josep M. V\u00e1zquez<\/strong>, adjunt a la direcci\u00f3 de l\u2019EAP (Equip d\u2019Atenci\u00f3 Prim\u00e0ria) Maria Bernades de Viladecans<\/p>\n<p><strong>1a taula<\/strong><\/p>\n<p><strong>Nous models de col\u00b7laboraci\u00f3<\/strong><\/p>\n<ul>\n<li>Presentaci\u00f3 model col\u00b7laboratiu<\/li>\n<\/ul>\n<p><strong>N\u00faria Camacho<\/strong>, treballadora social de Prim\u00e0ria i<\/p>\n<p><strong>S\u00edlvia Alba<\/strong>, treballadora social Ajuntament<\/p>\n<p><strong>Joan Carles Contel<\/strong>, t\u00e8cnic del Departament de Salut. Pla Atenci\u00f3 i Interacci\u00f3 Social i Sanit\u00e0ria (PAISS)<strong>\u00a0<\/strong><\/p>\n<p><strong>10 &#8211; 11 h<\/strong><\/p>\n<p><strong>2a taula<\/strong><\/p>\n<p><strong>Accions comunit\u00e0ries Equip d\u2019Atenci\u00f3 Prim\u00e0ria Sitges<\/strong><\/p>\n<ul>\n<li>INFADIMED (Inf\u00e0ncia i Dieta Mediterr\u00e0nia)<\/li>\n<\/ul>\n<p><strong>Jordi Fern\u00e1ndez<\/strong>, adjunt a la direcci\u00f3 de l\u2019equip de pediatria del Garraf<\/p>\n<ul>\n<li>Salut Buco-Dental<\/li>\n<\/ul>\n<p><strong>Rebeca Balderas<\/strong>, odont\u00f2loga de l\u2019EAP Sitges<\/p>\n<ul>\n<li>DVA (Document de Voluntats Anticipades) i Presentaci\u00f3 Nouvinguts al municipi<\/li>\n<\/ul>\n<p><strong>Honorio Carrasco<\/strong>, referent de Gesti\u00f3 i Serveis de l\u2019EAP Sitges<\/p>\n<p><strong>\u00a0<\/strong><\/p>\n<p><strong>11 &#8211; 11.30 h<\/strong><\/p>\n<p>Pausa caf\u00e8<\/p>\n<p>&nbsp;<\/p>\n<p><strong>11.30 &#8211; 12.30 h<\/strong><\/p>\n<p><strong>3a taula<\/strong><\/p>\n<p><strong>Presentaci\u00f3 recursos<\/strong><\/p>\n<p><strong>Regidoria Drets Socials, Ciutadania i Igualtat de Sitges<\/strong><\/p>\n<p><strong>S\u00edlvia Alba<\/strong>, cap de Serveis Socials<\/p>\n<p><strong>Mireia Paretas<\/strong>, cap de Drets Socials<\/p>\n<p><strong>12.30 &#8211; 13 h<\/strong><\/p>\n<p><strong>Presentaci\u00f3 Projecte mConnecta<\/strong><\/p>\n<p><strong>N\u00faria Abd\u00f3n<\/strong>, Fundaci\u00f3 TIC Salut Social (Departament de Salut)<\/p>\n<p><strong>13 &#8211; 13.30 h<\/strong><\/p>\n<p><strong>Cloenda<\/strong><\/p>\n<p><strong>Herm\u00ednia Palac\u00edn<\/strong>, directora de l\u2019EAP Sitges<\/p>\n<p><strong>J\u00falia Vig\u00f3<\/strong>, regidora de Drets Socials, Ciutadania i igualtat, i Habitatge de Sitges<\/p>\n","protected":false},"featured_media":0,"menu_order":0,"template":"","meta":{"_acf_changed":false,"inline_featured_image":false},"tipus":[],"topic":[121,123],"class_list":["post-5967","event","type-event","status-publish","hentry","topic-dpd-es","topic-actualidad"],"acf":{"informacio":{"ubicacio":"Centre Cultural Miramar","data":"15\/11\/2019","hora":"8:45 a 13:30 horas","preu":"","inscripcions":""}},"yoast_head":"<!-- This site is optimized with the Yoast SEO plugin v27.1.1 - https:\/\/yoast.com\/product\/yoast-seo-wordpress\/ -->\n<title>Jornada &#039;Fem salut&#039; model col\u00b7laboratiu - Fundaci\u00f3 TIC Salut i Social<\/title>\n<meta name=\"robots\" content=\"index, follow, max-snippet:-1, max-image-preview:large, max-video-preview:-1\" \/>\n<link rel=\"canonical\" href=\"https:\/\/ticsalutsocial.atoom.space\/es\/event\/jornada-fem-salut-model-collaboratiu\/\" \/>\n<meta property=\"og:locale\" content=\"es_ES\" \/>\n<meta property=\"og:type\" content=\"article\" \/>\n<meta property=\"og:title\" content=\"Jornada &#039;Fem salut&#039; model col\u00b7laboratiu - Fundaci\u00f3 TIC Salut i Social\" \/>\n<meta property=\"og:description\" content=\"8.45 &#8211; 9 h Benvinguda i recollida signatures 9 &#8211; 9.15 h Inauguraci\u00f3 Miquel Perona, director del Servei d\u2019Atenci\u00f3 Prim\u00e0ria Alt Pened\u00e8s &#8211; Garraf &#8211; Baix Llobregat Nord Blanca Muntan\u00e9, directora del Sector Sanitari \u00c0mbit Metropolit\u00e0 Sud Aurora Carbonell, alcaldessa de Sitges 9.15 &#8211; 10 h Moderador de la Jornada: Josep M. V\u00e1zquez, adjunt a [&hellip;]\" \/>\n<meta property=\"og:url\" content=\"https:\/\/ticsalutsocial.atoom.space\/es\/event\/jornada-fem-salut-model-collaboratiu\/\" \/>\n<meta property=\"og:site_name\" content=\"Fundaci\u00f3 TIC Salut i Social\" \/>\n<meta property=\"article:modified_time\" content=\"2021-07-21T14:26:52+00:00\" \/>\n<meta name=\"twitter:card\" content=\"summary_large_image\" \/>\n<meta name=\"twitter:label1\" content=\"Tiempo de lectura\" \/>\n\t<meta name=\"twitter:data1\" content=\"1 minuto\" \/>\n<script type=\"application\/ld+json\" class=\"yoast-schema-graph\">{\"@context\":\"https:\/\/schema.org\",\"@graph\":[{\"@type\":\"WebPage\",\"@id\":\"https:\/\/ticsalutsocial.atoom.space\/es\/event\/jornada-fem-salut-model-collaboratiu\/\",\"url\":\"https:\/\/ticsalutsocial.atoom.space\/es\/event\/jornada-fem-salut-model-collaboratiu\/\",\"name\":\"Jornada 'Fem salut' model col\u00b7laboratiu - Fundaci\u00f3 TIC Salut i Social\",\"isPartOf\":{\"@id\":\"https:\/\/ticsalutsocial.atoom.space\/es\/#website\"},\"datePublished\":\"2019-10-14T09:52:15+00:00\",\"dateModified\":\"2021-07-21T14:26:52+00:00\",\"breadcrumb\":{\"@id\":\"https:\/\/ticsalutsocial.atoom.space\/es\/event\/jornada-fem-salut-model-collaboratiu\/#breadcrumb\"},\"inLanguage\":\"es\",\"potentialAction\":[{\"@type\":\"ReadAction\",\"target\":[\"https:\/\/ticsalutsocial.atoom.space\/es\/event\/jornada-fem-salut-model-collaboratiu\/\"]}]},{\"@type\":\"BreadcrumbList\",\"@id\":\"https:\/\/ticsalutsocial.atoom.space\/es\/event\/jornada-fem-salut-model-collaboratiu\/#breadcrumb\",\"itemListElement\":[{\"@type\":\"ListItem\",\"position\":1,\"name\":\"Inici\",\"item\":\"https:\/\/ticsalutsocial.atoom.space\/es\/\"},{\"@type\":\"ListItem\",\"position\":2,\"name\":\"Jornada &#8216;Fem salut&#8217; model col\u00b7laboratiu\"}]},{\"@type\":\"WebSite\",\"@id\":\"https:\/\/ticsalutsocial.atoom.space\/es\/#website\",\"url\":\"https:\/\/ticsalutsocial.atoom.space\/es\/\",\"name\":\"Fundaci\u00f3 TIC Salut i Social\",\"description\":\"\",\"potentialAction\":[{\"@type\":\"SearchAction\",\"target\":{\"@type\":\"EntryPoint\",\"urlTemplate\":\"https:\/\/ticsalutsocial.atoom.space\/es\/?s={search_term_string}\"},\"query-input\":{\"@type\":\"PropertyValueSpecification\",\"valueRequired\":true,\"valueName\":\"search_term_string\"}}],\"inLanguage\":\"es\"}]}<\/script>\n<!-- \/ Yoast SEO plugin. -->","yoast_head_json":{"title":"Jornada 'Fem salut' model col\u00b7laboratiu - Fundaci\u00f3 TIC Salut i Social","robots":{"index":"index","follow":"follow","max-snippet":"max-snippet:-1","max-image-preview":"max-image-preview:large","max-video-preview":"max-video-preview:-1"},"canonical":"https:\/\/ticsalutsocial.atoom.space\/es\/event\/jornada-fem-salut-model-collaboratiu\/","og_locale":"es_ES","og_type":"article","og_title":"Jornada 'Fem salut' model col\u00b7laboratiu - Fundaci\u00f3 TIC Salut i Social","og_description":"8.45 &#8211; 9 h Benvinguda i recollida signatures 9 &#8211; 9.15 h Inauguraci\u00f3 Miquel Perona, director del Servei d\u2019Atenci\u00f3 Prim\u00e0ria Alt Pened\u00e8s &#8211; Garraf &#8211; Baix Llobregat Nord Blanca Muntan\u00e9, directora del Sector Sanitari \u00c0mbit Metropolit\u00e0 Sud Aurora Carbonell, alcaldessa de Sitges 9.15 &#8211; 10 h Moderador de la Jornada: Josep M. V\u00e1zquez, adjunt a [&hellip;]","og_url":"https:\/\/ticsalutsocial.atoom.space\/es\/event\/jornada-fem-salut-model-collaboratiu\/","og_site_name":"Fundaci\u00f3 TIC Salut i Social","article_modified_time":"2021-07-21T14:26:52+00:00","twitter_card":"summary_large_image","twitter_misc":{"Tiempo de lectura":"1 minuto"},"schema":{"@context":"https:\/\/schema.org","@graph":[{"@type":"WebPage","@id":"https:\/\/ticsalutsocial.atoom.space\/es\/event\/jornada-fem-salut-model-collaboratiu\/","url":"https:\/\/ticsalutsocial.atoom.space\/es\/event\/jornada-fem-salut-model-collaboratiu\/","name":"Jornada 'Fem salut' model col\u00b7laboratiu - Fundaci\u00f3 TIC Salut i Social","isPartOf":{"@id":"https:\/\/ticsalutsocial.atoom.space\/es\/#website"},"datePublished":"2019-10-14T09:52:15+00:00","dateModified":"2021-07-21T14:26:52+00:00","breadcrumb":{"@id":"https:\/\/ticsalutsocial.atoom.space\/es\/event\/jornada-fem-salut-model-collaboratiu\/#breadcrumb"},"inLanguage":"es","potentialAction":[{"@type":"ReadAction","target":["https:\/\/ticsalutsocial.atoom.space\/es\/event\/jornada-fem-salut-model-collaboratiu\/"]}]},{"@type":"BreadcrumbList","@id":"https:\/\/ticsalutsocial.atoom.space\/es\/event\/jornada-fem-salut-model-collaboratiu\/#breadcrumb","itemListElement":[{"@type":"ListItem","position":1,"name":"Inici","item":"https:\/\/ticsalutsocial.atoom.space\/es\/"},{"@type":"ListItem","position":2,"name":"Jornada &#8216;Fem salut&#8217; model col\u00b7laboratiu"}]},{"@type":"WebSite","@id":"https:\/\/ticsalutsocial.atoom.space\/es\/#website","url":"https:\/\/ticsalutsocial.atoom.space\/es\/","name":"Fundaci\u00f3 TIC Salut i Social","description":"","potentialAction":[{"@type":"SearchAction","target":{"@type":"EntryPoint","urlTemplate":"https:\/\/ticsalutsocial.atoom.space\/es\/?s={search_term_string}"},"query-input":{"@type":"PropertyValueSpecification","valueRequired":true,"valueName":"search_term_string"}}],"inLanguage":"es"}]}},"_links":{"self":[{"href":"https:\/\/ticsalutsocial.atoom.space\/es\/wp-json\/wp\/v2\/event\/5967","targetHints":{"allow":["GET"]}}],"collection":[{"href":"https:\/\/ticsalutsocial.atoom.space\/es\/wp-json\/wp\/v2\/event"}],"about":[{"href":"https:\/\/ticsalutsocial.atoom.space\/es\/wp-json\/wp\/v2\/types\/event"}],"wp:attachment":[{"href":"https:\/\/ticsalutsocial.atoom.space\/es\/wp-json\/wp\/v2\/media?parent=5967"}],"wp:term":[{"taxonomy":"tipus","embeddable":true,"href":"https:\/\/ticsalutsocial.atoom.space\/es\/wp-json\/wp\/v2\/tipus?post=5967"},{"taxonomy":"topic","embeddable":true,"href":"https:\/\/ticsalutsocial.atoom.space\/es\/wp-json\/wp\/v2\/topic?post=5967"}],"curies":[{"name":"wp","href":"https:\/\/api.w.org\/{rel}","templated":true}]}}

<p><strong>8.45 &#8211; 9 h</strong></p>
<p>Benvinguda i recollida signatures</p>
<p><strong>9 &#8211; 9.15 h</strong></p>
<p>Inauguració</p>
<p><strong>Miquel Perona</strong>, director del Servei d’Atenció Primària Alt Penedès &#8211; Garraf &#8211; Baix Llobregat Nord</p>
<p><strong>Blanca Muntané</strong>, directora del Sector Sanitari Àmbit Metropolità Sud</p>
<p><strong>Aurora Carbonell</strong>, alcaldessa de Sitges</p>
<p><strong>9.15 &#8211; 10 h</strong></p>
<p>Moderador de la Jornada:</p>
<p><strong>Josep M. Vázquez</strong>, adjunt a la direcció de l’EAP (Equip d’Atenció Primària) Maria Bernades de Viladecans</p>
<p><strong>1a taula</strong></p>
<p><strong>Nous models de col·laboració</strong></p>
<ul>
<li>Presentació model col·laboratiu</li>
</ul>
<p><strong>Núria Camacho</strong>, treballadora social de Primària i</p>
<p><strong>Sílvia Alba</strong>, treballadora social Ajuntament</p>
<p><strong>Joan Carles Contel</strong>, tècnic del Departament de Salut. Pla Atenció i Interacció Social i Sanitària (PAISS)<strong> </strong></p>
<p><strong>10 &#8211; 11 h</strong></p>
<p><strong>2a taula</strong></p>
<p><strong>Accions comunitàries Equip d’Atenció Primària Sitges</strong></p>
<ul>
<li>INFADIMED (Infància i Dieta Mediterrània)</li>
</ul>
<p><strong>Jordi Fernández</strong>, adjunt a la direcció de l’equip de pediatria del Garraf</p>
<ul>
<li>Salut Buco-Dental</li>
</ul>
<p><strong>Rebeca Balderas</strong>, odontòloga de l’EAP Sitges</p>
<ul>
<li>DVA (Document de Voluntats Anticipades) i Presentació Nouvinguts al municipi</li>
</ul>
<p><strong>Honorio Carrasco</strong>, referent de Gestió i Serveis de l’EAP Sitges</p>
<p><strong> </strong></p>
<p><strong>11 &#8211; 11.30 h</strong></p>
<p>Pausa cafè</p>
<p>&nbsp;</p>
<p><strong>11.30 &#8211; 12.30 h</strong></p>
<p><strong>3a taula</strong></p>
<p><strong>Presentació recursos</strong></p>
<p><strong>Regidoria Drets Socials, Ciutadania i Igualtat de Sitges</strong></p>
<p><strong>Sílvia Alba</strong>, cap de Serveis Socials</p>
<p><strong>Mireia Paretas</strong>, cap de Drets Socials</p>
<p><strong>12.30 &#8211; 13 h</strong></p>
<p><strong>Presentació Projecte mConnecta</strong></p>
<p><strong>Núria Abdón</strong>, Fundació TIC Salut Social (Departament de Salut)</p>
<p><strong>13 &#8211; 13.30 h</strong></p>
<p><strong>Cloenda</strong></p>
<p><strong>Hermínia Palacín</strong>, directora de l’EAP Sitges</p>
<p><strong>Júlia Vigó</strong>, regidora de Drets Socials, Ciutadania i igualtat, i Habitatge de Sitges</p>

<!-- This site is optimized with the Yoast SEO plugin v27.1.1 - https://yoast.com/product/yoast-seo-wordpress/ -->
<title>Jornada &#039;Fem salut&#039; model col·laboratiu - Fundació TIC Salut i Social</title>
<meta name="robots" content="index, follow, max-snippet:-1, max-image-preview:large, max-video-preview:-1" />
<link rel="canonical" href="https://ticsalutsocial.atoom.space/es/event/jornada-fem-salut-model-collaboratiu/" />
<meta property="og:locale" content="es_ES" />
<meta property="og:type" content="article" />
<meta property="og:title" content="Jornada &#039;Fem salut&#039; model col·laboratiu - Fundació TIC Salut i Social" />
<meta property="og:description" content="8.45 &#8211; 9 h Benvinguda i recollida signatures 9 &#8211; 9.15 h Inauguració Miquel Perona, director del Servei d’Atenció Primària Alt Penedès &#8211; Garraf &#8211; Baix Llobregat Nord Blanca Muntané, directora del Sector Sanitari Àmbit Metropolità Sud Aurora Carbonell, alcaldessa de Sitges 9.15 &#8211; 10 h Moderador de la Jornada: Josep M. Vázquez, adjunt a [&hellip;]" />
<meta property="og:url" content="https://ticsalutsocial.atoom.space/es/event/jornada-fem-salut-model-collaboratiu/" />
<meta property="og:site_name" content="Fundació TIC Salut i Social" />
<meta property="article:modified_time" content="2021-07-21T14:26:52+00:00" />
<meta name="twitter:card" content="summary_large_image" />
<meta name="twitter:label1" content="Tiempo de lectura" />
	<meta name="twitter:data1" content="1 minuto" />
<script type="application/ld+json" class="yoast-schema-graph">{"@context":"https://schema.org","@graph":[{"@type":"WebPage","@id":"https://ticsalutsocial.atoom.space/es/event/jornada-fem-salut-model-collaboratiu/","url":"https://ticsalutsocial.atoom.space/es/event/jornada-fem-salut-model-collaboratiu/","name":"Jornada 'Fem salut' model col·laboratiu - Fundació TIC Salut i Social","isPartOf":{"@id":"https://ticsalutsocial.atoom.space/es/#website"},"datePublished":"2019-10-14T09:52:15+00:00","dateModified":"2021-07-21T14:26:52+00:00","breadcrumb":{"@id":"https://ticsalutsocial.atoom.space/es/event/jornada-fem-salut-model-collaboratiu/#breadcrumb"},"inLanguage":"es","potentialAction":[{"@type":"ReadAction","target":["https://ticsalutsocial.atoom.space/es/event/jornada-fem-salut-model-collaboratiu/"]}]},{"@type":"BreadcrumbList","@id":"https://ticsalutsocial.atoom.space/es/event/jornada-fem-salut-model-collaboratiu/#breadcrumb","itemListElement":[{"@type":"ListItem","position":1,"name":"Inici","item":"https://ticsalutsocial.atoom.space/es/"},{"@type":"ListItem","position":2,"name":"Jornada &#8216;Fem salut&#8217; model col·laboratiu"}]},{"@type":"WebSite","@id":"https://ticsalutsocial.atoom.space/es/#website","url":"https://ticsalutsocial.atoom.space/es/","name":"Fundació TIC Salut i Social","description":"","potentialAction":[{"@type":"SearchAction","target":{"@type":"EntryPoint","urlTemplate":"https://ticsalutsocial.atoom.space/es/?s={search_term_string}"},"query-input":{"@type":"PropertyValueSpecification","valueRequired":true,"valueName":"search_term_string"}}],"inLanguage":"es"}]}</script>
<!-- / Yoast SEO plugin. -->

Jornada 'Fem salut' model col·laboratiu - Fundació TIC Salut i Social

8.45 &#8211; 9 h Benvinguda i recollida signatures 9 &#8211; 9.15 h Inauguració Miquel Perona, director del Servei d’Atenció Primària Alt Penedès &#8211; Garraf &#8211; Baix Llobregat Nord Blanca Muntané, directora del Sector Sanitari Àmbit Metropolità Sud Aurora Carbonell, alcaldessa de Sitges 9.15 &#8211; 10 h Moderador de la Jornada: Josep M. Vázquez, adjunt a [&hellip;]

Fundació TIC Salut i Social
