
{"id":6014,"date":"2020-02-06T13:17:22","date_gmt":"2020-02-06T11:17:22","guid":{"rendered":"https:\/\/ticsalutsocial.atoom.space\/?post_type=event&#038;p=6014"},"modified":"2021-07-21T16:27:32","modified_gmt":"2021-07-21T14:27:32","slug":"mhealth-bcn-conference-2020","status":"publish","type":"event","link":"https:\/\/ticsalutsocial.atoom.space\/es\/event\/mhealth-bcn-conference-2020\/","title":{"rendered":"mHealth BCN Conference 2020"},"content":{"rendered":"<p><strong>9:30 &#8211; 10:00 Recepci\u00f3n<\/strong><\/p>\n<div>\n<div><strong>10:00 &#8211; 10:15 Presentaci\u00f3n<\/strong><\/div>\n<ul>\n<li>Albert Barber\u00e0, Director del UOC eHealth Center<\/li>\n<li>Imma Grau, Presidenta de la Fundaci\u00f3n iSYS<\/li>\n<\/ul>\n<\/div>\n<div>\n<p><strong>10:15 &#8211; 11:25 MESA DE EXPERTOS \u201cSobre mHealth y personas\u201d<\/strong><strong>Modera<\/strong>: Carme Carrion, Profesora de Salud de la UOC<\/p>\n<ul>\n<li><em>Accesibilidad digital.\u00a0<\/em>Jordi Serratosa Carbonell, Coordinador m4Social<\/li>\n<li><em>Influyendo en el comportamiento: \u2018nudges\u2019 para mejorar la salud poblacional.\u00a0<\/em>Sergi Jim\u00e9nez-Mart\u00edn, Professor of Economics, Universitat Pompeu Fabra<\/li>\n<li><em>El sentido de los PREMS. <\/em>Joan Escarrabill, Patiet Experience, Hospital Cl\u00ednic de Barcelona<\/li>\n<li><em>Real World Data, Real World Life. <\/em>Noem\u00ed Robles, Professora de la UOC<\/li>\n<\/ul>\n<\/div>\n<div>\n<p><strong>11:25 &#8211; 11:45 CAF\u00c9-NETWORKING<\/strong><\/p>\n<\/div>\n<div>\n<p><strong>11:45 &#8211; 13:15 MESA RESEARCH IN PROGRESS<\/strong><strong>Modera<\/strong>: Josep Basora, Vicepresidente de CAMFIC<\/p>\n<ul>\n<li><em>Alfabetizaci\u00f3n en Salud en Red, <\/em>Eul\u00e0lia Hern\u00e1ndez, PsiNET de la UOC<\/li>\n<li><em>mHealth en persones adictas<\/em>. Antoni Gual, Hospital Cl\u00ednic de Barcelona<\/li>\n<li><em>PEGASO, y los estilos de vida saludables en los adolescentes.\u00a0<\/em>Elisa Puigdomenech, AQUAS<\/li>\n<li><em>Como apoyar el cambio de comportamiento mediante Apps.\u00a0<\/em>Manuel Armayones, eHealth Center Behavior Design Lab, UOC<\/li>\n<\/ul>\n<\/div>\n<div>\n<p><strong>13:15 &#8211; 13:45 Nueva colecci\u00f3n de Apps de salud y TOP05 Apps 2019-2020<\/strong><strong>Modera<\/strong>: Imma Grau, presidenta de la Fundaci\u00f3n iSYS<\/p>\n<ul>\n<li>Novedades de esta edici\u00f3n<\/li>\n<li>El 5\u00ba TOP-5 de Apps en salud 2019-2020<\/li>\n<li>Entrega de diplomas<\/li>\n<\/ul>\n<\/div>\n","protected":false},"featured_media":0,"menu_order":0,"template":"","meta":{"_acf_changed":false,"inline_featured_image":false},"tipus":[654],"topic":[125],"class_list":["post-6014","event","type-event","status-publish","hentry","tipus-activos-digitales","topic-hub-es"],"acf":{"informacio":{"ubicacio":"Movistar Centre","data":"20\/03\/2020","hora":"9:30 - 14:00","preu":"","inscripcions":""}},"yoast_head":"<!-- This site is optimized with the Yoast SEO plugin v27.1.1 - https:\/\/yoast.com\/product\/yoast-seo-wordpress\/ -->\n<title>mHealth BCN Conference 2020 - Fundaci\u00f3 TIC Salut i Social<\/title>\n<meta name=\"robots\" content=\"index, follow, max-snippet:-1, max-image-preview:large, max-video-preview:-1\" \/>\n<link rel=\"canonical\" href=\"https:\/\/ticsalutsocial.atoom.space\/es\/event\/mhealth-bcn-conference-2020\/\" \/>\n<meta property=\"og:locale\" content=\"es_ES\" \/>\n<meta property=\"og:type\" content=\"article\" \/>\n<meta property=\"og:title\" content=\"mHealth BCN Conference 2020 - Fundaci\u00f3 TIC Salut i Social\" \/>\n<meta property=\"og:description\" content=\"9:30 &#8211; 10:00 Recepci\u00f3n 10:00 &#8211; 10:15 Presentaci\u00f3n Albert Barber\u00e0, Director del UOC eHealth Center Imma Grau, Presidenta de la Fundaci\u00f3n iSYS 10:15 &#8211; 11:25 MESA DE EXPERTOS \u201cSobre mHealth y personas\u201dModera: Carme Carrion, Profesora de Salud de la UOC Accesibilidad digital.\u00a0Jordi Serratosa Carbonell, Coordinador m4Social Influyendo en el comportamiento: \u2018nudges\u2019 para mejorar la salud [&hellip;]\" \/>\n<meta property=\"og:url\" content=\"https:\/\/ticsalutsocial.atoom.space\/es\/event\/mhealth-bcn-conference-2020\/\" \/>\n<meta property=\"og:site_name\" content=\"Fundaci\u00f3 TIC Salut i Social\" \/>\n<meta property=\"article:modified_time\" content=\"2021-07-21T14:27:32+00:00\" \/>\n<meta name=\"twitter:card\" content=\"summary_large_image\" \/>\n<meta name=\"twitter:label1\" content=\"Tiempo de lectura\" \/>\n\t<meta name=\"twitter:data1\" content=\"1 minuto\" \/>\n<script type=\"application\/ld+json\" class=\"yoast-schema-graph\">{\"@context\":\"https:\/\/schema.org\",\"@graph\":[{\"@type\":\"WebPage\",\"@id\":\"https:\/\/ticsalutsocial.atoom.space\/es\/event\/mhealth-bcn-conference-2020\/\",\"url\":\"https:\/\/ticsalutsocial.atoom.space\/es\/event\/mhealth-bcn-conference-2020\/\",\"name\":\"mHealth BCN Conference 2020 - Fundaci\u00f3 TIC Salut i Social\",\"isPartOf\":{\"@id\":\"https:\/\/ticsalutsocial.atoom.space\/es\/#website\"},\"datePublished\":\"2020-02-06T11:17:22+00:00\",\"dateModified\":\"2021-07-21T14:27:32+00:00\",\"breadcrumb\":{\"@id\":\"https:\/\/ticsalutsocial.atoom.space\/es\/event\/mhealth-bcn-conference-2020\/#breadcrumb\"},\"inLanguage\":\"es\",\"potentialAction\":[{\"@type\":\"ReadAction\",\"target\":[\"https:\/\/ticsalutsocial.atoom.space\/es\/event\/mhealth-bcn-conference-2020\/\"]}]},{\"@type\":\"BreadcrumbList\",\"@id\":\"https:\/\/ticsalutsocial.atoom.space\/es\/event\/mhealth-bcn-conference-2020\/#breadcrumb\",\"itemListElement\":[{\"@type\":\"ListItem\",\"position\":1,\"name\":\"Inici\",\"item\":\"https:\/\/ticsalutsocial.atoom.space\/es\/\"},{\"@type\":\"ListItem\",\"position\":2,\"name\":\"mHealth BCN Conference 2020\"}]},{\"@type\":\"WebSite\",\"@id\":\"https:\/\/ticsalutsocial.atoom.space\/es\/#website\",\"url\":\"https:\/\/ticsalutsocial.atoom.space\/es\/\",\"name\":\"Fundaci\u00f3 TIC Salut i Social\",\"description\":\"\",\"potentialAction\":[{\"@type\":\"SearchAction\",\"target\":{\"@type\":\"EntryPoint\",\"urlTemplate\":\"https:\/\/ticsalutsocial.atoom.space\/es\/?s={search_term_string}\"},\"query-input\":{\"@type\":\"PropertyValueSpecification\",\"valueRequired\":true,\"valueName\":\"search_term_string\"}}],\"inLanguage\":\"es\"}]}<\/script>\n<!-- \/ Yoast SEO plugin. -->","yoast_head_json":{"title":"mHealth BCN Conference 2020 - Fundaci\u00f3 TIC Salut i Social","robots":{"index":"index","follow":"follow","max-snippet":"max-snippet:-1","max-image-preview":"max-image-preview:large","max-video-preview":"max-video-preview:-1"},"canonical":"https:\/\/ticsalutsocial.atoom.space\/es\/event\/mhealth-bcn-conference-2020\/","og_locale":"es_ES","og_type":"article","og_title":"mHealth BCN Conference 2020 - Fundaci\u00f3 TIC Salut i Social","og_description":"9:30 &#8211; 10:00 Recepci\u00f3n 10:00 &#8211; 10:15 Presentaci\u00f3n Albert Barber\u00e0, Director del UOC eHealth Center Imma Grau, Presidenta de la Fundaci\u00f3n iSYS 10:15 &#8211; 11:25 MESA DE EXPERTOS \u201cSobre mHealth y personas\u201dModera: Carme Carrion, Profesora de Salud de la UOC Accesibilidad digital.\u00a0Jordi Serratosa Carbonell, Coordinador m4Social Influyendo en el comportamiento: \u2018nudges\u2019 para mejorar la salud [&hellip;]","og_url":"https:\/\/ticsalutsocial.atoom.space\/es\/event\/mhealth-bcn-conference-2020\/","og_site_name":"Fundaci\u00f3 TIC Salut i Social","article_modified_time":"2021-07-21T14:27:32+00:00","twitter_card":"summary_large_image","twitter_misc":{"Tiempo de lectura":"1 minuto"},"schema":{"@context":"https:\/\/schema.org","@graph":[{"@type":"WebPage","@id":"https:\/\/ticsalutsocial.atoom.space\/es\/event\/mhealth-bcn-conference-2020\/","url":"https:\/\/ticsalutsocial.atoom.space\/es\/event\/mhealth-bcn-conference-2020\/","name":"mHealth BCN Conference 2020 - Fundaci\u00f3 TIC Salut i Social","isPartOf":{"@id":"https:\/\/ticsalutsocial.atoom.space\/es\/#website"},"datePublished":"2020-02-06T11:17:22+00:00","dateModified":"2021-07-21T14:27:32+00:00","breadcrumb":{"@id":"https:\/\/ticsalutsocial.atoom.space\/es\/event\/mhealth-bcn-conference-2020\/#breadcrumb"},"inLanguage":"es","potentialAction":[{"@type":"ReadAction","target":["https:\/\/ticsalutsocial.atoom.space\/es\/event\/mhealth-bcn-conference-2020\/"]}]},{"@type":"BreadcrumbList","@id":"https:\/\/ticsalutsocial.atoom.space\/es\/event\/mhealth-bcn-conference-2020\/#breadcrumb","itemListElement":[{"@type":"ListItem","position":1,"name":"Inici","item":"https:\/\/ticsalutsocial.atoom.space\/es\/"},{"@type":"ListItem","position":2,"name":"mHealth BCN Conference 2020"}]},{"@type":"WebSite","@id":"https:\/\/ticsalutsocial.atoom.space\/es\/#website","url":"https:\/\/ticsalutsocial.atoom.space\/es\/","name":"Fundaci\u00f3 TIC Salut i Social","description":"","potentialAction":[{"@type":"SearchAction","target":{"@type":"EntryPoint","urlTemplate":"https:\/\/ticsalutsocial.atoom.space\/es\/?s={search_term_string}"},"query-input":{"@type":"PropertyValueSpecification","valueRequired":true,"valueName":"search_term_string"}}],"inLanguage":"es"}]}},"_links":{"self":[{"href":"https:\/\/ticsalutsocial.atoom.space\/es\/wp-json\/wp\/v2\/event\/6014","targetHints":{"allow":["GET"]}}],"collection":[{"href":"https:\/\/ticsalutsocial.atoom.space\/es\/wp-json\/wp\/v2\/event"}],"about":[{"href":"https:\/\/ticsalutsocial.atoom.space\/es\/wp-json\/wp\/v2\/types\/event"}],"wp:attachment":[{"href":"https:\/\/ticsalutsocial.atoom.space\/es\/wp-json\/wp\/v2\/media?parent=6014"}],"wp:term":[{"taxonomy":"tipus","embeddable":true,"href":"https:\/\/ticsalutsocial.atoom.space\/es\/wp-json\/wp\/v2\/tipus?post=6014"},{"taxonomy":"topic","embeddable":true,"href":"https:\/\/ticsalutsocial.atoom.space\/es\/wp-json\/wp\/v2\/topic?post=6014"}],"curies":[{"name":"wp","href":"https:\/\/api.w.org\/{rel}","templated":true}]}}

<p><strong>9:30 &#8211; 10:00 Recepción</strong></p>
<div>
<div><strong>10:00 &#8211; 10:15 Presentación</strong></div>
<ul>
<li>Albert Barberà, Director del UOC eHealth Center</li>
<li>Imma Grau, Presidenta de la Fundación iSYS</li>
</ul>
</div>
<div>
<p><strong>10:15 &#8211; 11:25 MESA DE EXPERTOS “Sobre mHealth y personas”</strong><strong>Modera</strong>: Carme Carrion, Profesora de Salud de la UOC</p>
<ul>
<li><em>Accesibilidad digital. </em>Jordi Serratosa Carbonell, Coordinador m4Social</li>
<li><em>Influyendo en el comportamiento: ‘nudges’ para mejorar la salud poblacional. </em>Sergi Jiménez-Martín, Professor of Economics, Universitat Pompeu Fabra</li>
<li><em>El sentido de los PREMS. </em>Joan Escarrabill, Patiet Experience, Hospital Clínic de Barcelona</li>
<li><em>Real World Data, Real World Life. </em>Noemí Robles, Professora de la UOC</li>
</ul>
</div>
<div>
<p><strong>11:25 &#8211; 11:45 CAFÉ-NETWORKING</strong></p>
</div>
<div>
<p><strong>11:45 &#8211; 13:15 MESA RESEARCH IN PROGRESS</strong><strong>Modera</strong>: Josep Basora, Vicepresidente de CAMFIC</p>
<ul>
<li><em>Alfabetización en Salud en Red, </em>Eulàlia Hernández, PsiNET de la UOC</li>
<li><em>mHealth en persones adictas</em>. Antoni Gual, Hospital Clínic de Barcelona</li>
<li><em>PEGASO, y los estilos de vida saludables en los adolescentes. </em>Elisa Puigdomenech, AQUAS</li>
<li><em>Como apoyar el cambio de comportamiento mediante Apps. </em>Manuel Armayones, eHealth Center Behavior Design Lab, UOC</li>
</ul>
</div>
<div>
<p><strong>13:15 &#8211; 13:45 Nueva colección de Apps de salud y TOP05 Apps 2019-2020</strong><strong>Modera</strong>: Imma Grau, presidenta de la Fundación iSYS</p>
<ul>
<li>Novedades de esta edición</li>
<li>El 5º TOP-5 de Apps en salud 2019-2020</li>
<li>Entrega de diplomas</li>
</ul>
</div>

<!-- This site is optimized with the Yoast SEO plugin v27.1.1 - https://yoast.com/product/yoast-seo-wordpress/ -->
<title>mHealth BCN Conference 2020 - Fundació TIC Salut i Social</title>
<meta name="robots" content="index, follow, max-snippet:-1, max-image-preview:large, max-video-preview:-1" />
<link rel="canonical" href="https://ticsalutsocial.atoom.space/es/event/mhealth-bcn-conference-2020/" />
<meta property="og:locale" content="es_ES" />
<meta property="og:type" content="article" />
<meta property="og:title" content="mHealth BCN Conference 2020 - Fundació TIC Salut i Social" />
<meta property="og:description" content="9:30 &#8211; 10:00 Recepción 10:00 &#8211; 10:15 Presentación Albert Barberà, Director del UOC eHealth Center Imma Grau, Presidenta de la Fundación iSYS 10:15 &#8211; 11:25 MESA DE EXPERTOS “Sobre mHealth y personas”Modera: Carme Carrion, Profesora de Salud de la UOC Accesibilidad digital. Jordi Serratosa Carbonell, Coordinador m4Social Influyendo en el comportamiento: ‘nudges’ para mejorar la salud [&hellip;]" />
<meta property="og:url" content="https://ticsalutsocial.atoom.space/es/event/mhealth-bcn-conference-2020/" />
<meta property="og:site_name" content="Fundació TIC Salut i Social" />
<meta property="article:modified_time" content="2021-07-21T14:27:32+00:00" />
<meta name="twitter:card" content="summary_large_image" />
<meta name="twitter:label1" content="Tiempo de lectura" />
	<meta name="twitter:data1" content="1 minuto" />
<script type="application/ld+json" class="yoast-schema-graph">{"@context":"https://schema.org","@graph":[{"@type":"WebPage","@id":"https://ticsalutsocial.atoom.space/es/event/mhealth-bcn-conference-2020/","url":"https://ticsalutsocial.atoom.space/es/event/mhealth-bcn-conference-2020/","name":"mHealth BCN Conference 2020 - Fundació TIC Salut i Social","isPartOf":{"@id":"https://ticsalutsocial.atoom.space/es/#website"},"datePublished":"2020-02-06T11:17:22+00:00","dateModified":"2021-07-21T14:27:32+00:00","breadcrumb":{"@id":"https://ticsalutsocial.atoom.space/es/event/mhealth-bcn-conference-2020/#breadcrumb"},"inLanguage":"es","potentialAction":[{"@type":"ReadAction","target":["https://ticsalutsocial.atoom.space/es/event/mhealth-bcn-conference-2020/"]}]},{"@type":"BreadcrumbList","@id":"https://ticsalutsocial.atoom.space/es/event/mhealth-bcn-conference-2020/#breadcrumb","itemListElement":[{"@type":"ListItem","position":1,"name":"Inici","item":"https://ticsalutsocial.atoom.space/es/"},{"@type":"ListItem","position":2,"name":"mHealth BCN Conference 2020"}]},{"@type":"WebSite","@id":"https://ticsalutsocial.atoom.space/es/#website","url":"https://ticsalutsocial.atoom.space/es/","name":"Fundació TIC Salut i Social","description":"","potentialAction":[{"@type":"SearchAction","target":{"@type":"EntryPoint","urlTemplate":"https://ticsalutsocial.atoom.space/es/?s={search_term_string}"},"query-input":{"@type":"PropertyValueSpecification","valueRequired":true,"valueName":"search_term_string"}}],"inLanguage":"es"}]}</script>
<!-- / Yoast SEO plugin. -->

mHealth BCN Conference 2020 - Fundació TIC Salut i Social

9:30 &#8211; 10:00 Recepción 10:00 &#8211; 10:15 Presentación Albert Barberà, Director del UOC eHealth Center Imma Grau, Presidenta de la Fundación iSYS 10:15 &#8211; 11:25 MESA DE EXPERTOS “Sobre mHealth y personas”Modera: Carme Carrion, Profesora de Salud de la UOC Accesibilidad digital. Jordi Serratosa Carbonell, Coordinador m4Social Influyendo en el comportamiento: ‘nudges’ para mejorar la salud [&hellip;]

Fundació TIC Salut i Social
