
{"id":6019,"date":"2020-02-06T13:41:29","date_gmt":"2020-02-06T11:41:29","guid":{"rendered":"https:\/\/ticsalutsocial.atoom.space\/?post_type=event&#038;p=6019"},"modified":"2021-07-21T16:27:38","modified_gmt":"2021-07-21T14:27:38","slug":"big-data-y-servicios-sociales","status":"publish","type":"event","link":"https:\/\/ticsalutsocial.atoom.space\/es\/event\/big-data-y-servicios-sociales\/","title":{"rendered":"Big Data y Servicios Sociales"},"content":{"rendered":"<p>L\u00edmites y oportunidades de la aportaci\u00f3n del Big Data a la mejora de los Servicios Sociales\u201d<\/p>\n<ul>\n<li>Fernando Fantova, experto vasco en Servicios Sociales<\/li>\n<\/ul>\n<p>Presenta y modera: Sra. Montse Cervera, Presidenta de la Fundaci\u00f3n iSocial.<\/p>\n","protected":false},"featured_media":0,"menu_order":0,"template":"","meta":{"_acf_changed":false,"inline_featured_image":false},"tipus":[94],"topic":[127],"class_list":["post-6019","event","type-event","status-publish","hentry","tipus-integracion-social-y-sanitaria","topic-proyectos"],"acf":{"informacio":{"ubicacio":"Palau Macaya","data":"10\/03\/2020","hora":"18:00","preu":"Gratu\u00eft","inscripcions":""}},"yoast_head":"<!-- This site is optimized with the Yoast SEO plugin v27.1.1 - https:\/\/yoast.com\/product\/yoast-seo-wordpress\/ -->\n<title>Big Data y Servicios Sociales - Fundaci\u00f3 TIC Salut i Social<\/title>\n<meta name=\"robots\" content=\"index, follow, max-snippet:-1, max-image-preview:large, max-video-preview:-1\" \/>\n<link rel=\"canonical\" href=\"https:\/\/ticsalutsocial.atoom.space\/es\/event\/big-data-y-servicios-sociales\/\" \/>\n<meta property=\"og:locale\" content=\"es_ES\" \/>\n<meta property=\"og:type\" content=\"article\" \/>\n<meta property=\"og:title\" content=\"Big Data y Servicios Sociales - Fundaci\u00f3 TIC Salut i Social\" \/>\n<meta property=\"og:description\" content=\"L\u00edmites y oportunidades de la aportaci\u00f3n del Big Data a la mejora de los Servicios Sociales\u201d Fernando Fantova, experto vasco en Servicios Sociales Presenta y modera: Sra. Montse Cervera, Presidenta de la Fundaci\u00f3n iSocial.\" \/>\n<meta property=\"og:url\" content=\"https:\/\/ticsalutsocial.atoom.space\/es\/event\/big-data-y-servicios-sociales\/\" \/>\n<meta property=\"og:site_name\" content=\"Fundaci\u00f3 TIC Salut i Social\" \/>\n<meta property=\"article:modified_time\" content=\"2021-07-21T14:27:38+00:00\" \/>\n<meta name=\"twitter:card\" content=\"summary_large_image\" \/>\n<script type=\"application\/ld+json\" class=\"yoast-schema-graph\">{\"@context\":\"https:\/\/schema.org\",\"@graph\":[{\"@type\":\"WebPage\",\"@id\":\"https:\/\/ticsalutsocial.atoom.space\/es\/event\/big-data-y-servicios-sociales\/\",\"url\":\"https:\/\/ticsalutsocial.atoom.space\/es\/event\/big-data-y-servicios-sociales\/\",\"name\":\"Big Data y Servicios Sociales - Fundaci\u00f3 TIC Salut i Social\",\"isPartOf\":{\"@id\":\"https:\/\/ticsalutsocial.atoom.space\/es\/#website\"},\"datePublished\":\"2020-02-06T11:41:29+00:00\",\"dateModified\":\"2021-07-21T14:27:38+00:00\",\"breadcrumb\":{\"@id\":\"https:\/\/ticsalutsocial.atoom.space\/es\/event\/big-data-y-servicios-sociales\/#breadcrumb\"},\"inLanguage\":\"es\",\"potentialAction\":[{\"@type\":\"ReadAction\",\"target\":[\"https:\/\/ticsalutsocial.atoom.space\/es\/event\/big-data-y-servicios-sociales\/\"]}]},{\"@type\":\"BreadcrumbList\",\"@id\":\"https:\/\/ticsalutsocial.atoom.space\/es\/event\/big-data-y-servicios-sociales\/#breadcrumb\",\"itemListElement\":[{\"@type\":\"ListItem\",\"position\":1,\"name\":\"Inici\",\"item\":\"https:\/\/ticsalutsocial.atoom.space\/es\/\"},{\"@type\":\"ListItem\",\"position\":2,\"name\":\"Big Data y Servicios Sociales\"}]},{\"@type\":\"WebSite\",\"@id\":\"https:\/\/ticsalutsocial.atoom.space\/es\/#website\",\"url\":\"https:\/\/ticsalutsocial.atoom.space\/es\/\",\"name\":\"Fundaci\u00f3 TIC Salut i Social\",\"description\":\"\",\"potentialAction\":[{\"@type\":\"SearchAction\",\"target\":{\"@type\":\"EntryPoint\",\"urlTemplate\":\"https:\/\/ticsalutsocial.atoom.space\/es\/?s={search_term_string}\"},\"query-input\":{\"@type\":\"PropertyValueSpecification\",\"valueRequired\":true,\"valueName\":\"search_term_string\"}}],\"inLanguage\":\"es\"}]}<\/script>\n<!-- \/ Yoast SEO plugin. -->","yoast_head_json":{"title":"Big Data y Servicios Sociales - Fundaci\u00f3 TIC Salut i Social","robots":{"index":"index","follow":"follow","max-snippet":"max-snippet:-1","max-image-preview":"max-image-preview:large","max-video-preview":"max-video-preview:-1"},"canonical":"https:\/\/ticsalutsocial.atoom.space\/es\/event\/big-data-y-servicios-sociales\/","og_locale":"es_ES","og_type":"article","og_title":"Big Data y Servicios Sociales - Fundaci\u00f3 TIC Salut i Social","og_description":"L\u00edmites y oportunidades de la aportaci\u00f3n del Big Data a la mejora de los Servicios Sociales\u201d Fernando Fantova, experto vasco en Servicios Sociales Presenta y modera: Sra. Montse Cervera, Presidenta de la Fundaci\u00f3n iSocial.","og_url":"https:\/\/ticsalutsocial.atoom.space\/es\/event\/big-data-y-servicios-sociales\/","og_site_name":"Fundaci\u00f3 TIC Salut i Social","article_modified_time":"2021-07-21T14:27:38+00:00","twitter_card":"summary_large_image","schema":{"@context":"https:\/\/schema.org","@graph":[{"@type":"WebPage","@id":"https:\/\/ticsalutsocial.atoom.space\/es\/event\/big-data-y-servicios-sociales\/","url":"https:\/\/ticsalutsocial.atoom.space\/es\/event\/big-data-y-servicios-sociales\/","name":"Big Data y Servicios Sociales - Fundaci\u00f3 TIC Salut i Social","isPartOf":{"@id":"https:\/\/ticsalutsocial.atoom.space\/es\/#website"},"datePublished":"2020-02-06T11:41:29+00:00","dateModified":"2021-07-21T14:27:38+00:00","breadcrumb":{"@id":"https:\/\/ticsalutsocial.atoom.space\/es\/event\/big-data-y-servicios-sociales\/#breadcrumb"},"inLanguage":"es","potentialAction":[{"@type":"ReadAction","target":["https:\/\/ticsalutsocial.atoom.space\/es\/event\/big-data-y-servicios-sociales\/"]}]},{"@type":"BreadcrumbList","@id":"https:\/\/ticsalutsocial.atoom.space\/es\/event\/big-data-y-servicios-sociales\/#breadcrumb","itemListElement":[{"@type":"ListItem","position":1,"name":"Inici","item":"https:\/\/ticsalutsocial.atoom.space\/es\/"},{"@type":"ListItem","position":2,"name":"Big Data y Servicios Sociales"}]},{"@type":"WebSite","@id":"https:\/\/ticsalutsocial.atoom.space\/es\/#website","url":"https:\/\/ticsalutsocial.atoom.space\/es\/","name":"Fundaci\u00f3 TIC Salut i Social","description":"","potentialAction":[{"@type":"SearchAction","target":{"@type":"EntryPoint","urlTemplate":"https:\/\/ticsalutsocial.atoom.space\/es\/?s={search_term_string}"},"query-input":{"@type":"PropertyValueSpecification","valueRequired":true,"valueName":"search_term_string"}}],"inLanguage":"es"}]}},"_links":{"self":[{"href":"https:\/\/ticsalutsocial.atoom.space\/es\/wp-json\/wp\/v2\/event\/6019","targetHints":{"allow":["GET"]}}],"collection":[{"href":"https:\/\/ticsalutsocial.atoom.space\/es\/wp-json\/wp\/v2\/event"}],"about":[{"href":"https:\/\/ticsalutsocial.atoom.space\/es\/wp-json\/wp\/v2\/types\/event"}],"wp:attachment":[{"href":"https:\/\/ticsalutsocial.atoom.space\/es\/wp-json\/wp\/v2\/media?parent=6019"}],"wp:term":[{"taxonomy":"tipus","embeddable":true,"href":"https:\/\/ticsalutsocial.atoom.space\/es\/wp-json\/wp\/v2\/tipus?post=6019"},{"taxonomy":"topic","embeddable":true,"href":"https:\/\/ticsalutsocial.atoom.space\/es\/wp-json\/wp\/v2\/topic?post=6019"}],"curies":[{"name":"wp","href":"https:\/\/api.w.org\/{rel}","templated":true}]}}

<p>Límites y oportunidades de la aportación del Big Data a la mejora de los Servicios Sociales”</p>
<ul>
<li>Fernando Fantova, experto vasco en Servicios Sociales</li>
</ul>
<p>Presenta y modera: Sra. Montse Cervera, Presidenta de la Fundación iSocial.</p>

Gratuït

<!-- This site is optimized with the Yoast SEO plugin v27.1.1 - https://yoast.com/product/yoast-seo-wordpress/ -->
<title>Big Data y Servicios Sociales - Fundació TIC Salut i Social</title>
<meta name="robots" content="index, follow, max-snippet:-1, max-image-preview:large, max-video-preview:-1" />
<link rel="canonical" href="https://ticsalutsocial.atoom.space/es/event/big-data-y-servicios-sociales/" />
<meta property="og:locale" content="es_ES" />
<meta property="og:type" content="article" />
<meta property="og:title" content="Big Data y Servicios Sociales - Fundació TIC Salut i Social" />
<meta property="og:description" content="Límites y oportunidades de la aportación del Big Data a la mejora de los Servicios Sociales” Fernando Fantova, experto vasco en Servicios Sociales Presenta y modera: Sra. Montse Cervera, Presidenta de la Fundación iSocial." />
<meta property="og:url" content="https://ticsalutsocial.atoom.space/es/event/big-data-y-servicios-sociales/" />
<meta property="og:site_name" content="Fundació TIC Salut i Social" />
<meta property="article:modified_time" content="2021-07-21T14:27:38+00:00" />
<meta name="twitter:card" content="summary_large_image" />
<script type="application/ld+json" class="yoast-schema-graph">{"@context":"https://schema.org","@graph":[{"@type":"WebPage","@id":"https://ticsalutsocial.atoom.space/es/event/big-data-y-servicios-sociales/","url":"https://ticsalutsocial.atoom.space/es/event/big-data-y-servicios-sociales/","name":"Big Data y Servicios Sociales - Fundació TIC Salut i Social","isPartOf":{"@id":"https://ticsalutsocial.atoom.space/es/#website"},"datePublished":"2020-02-06T11:41:29+00:00","dateModified":"2021-07-21T14:27:38+00:00","breadcrumb":{"@id":"https://ticsalutsocial.atoom.space/es/event/big-data-y-servicios-sociales/#breadcrumb"},"inLanguage":"es","potentialAction":[{"@type":"ReadAction","target":["https://ticsalutsocial.atoom.space/es/event/big-data-y-servicios-sociales/"]}]},{"@type":"BreadcrumbList","@id":"https://ticsalutsocial.atoom.space/es/event/big-data-y-servicios-sociales/#breadcrumb","itemListElement":[{"@type":"ListItem","position":1,"name":"Inici","item":"https://ticsalutsocial.atoom.space/es/"},{"@type":"ListItem","position":2,"name":"Big Data y Servicios Sociales"}]},{"@type":"WebSite","@id":"https://ticsalutsocial.atoom.space/es/#website","url":"https://ticsalutsocial.atoom.space/es/","name":"Fundació TIC Salut i Social","description":"","potentialAction":[{"@type":"SearchAction","target":{"@type":"EntryPoint","urlTemplate":"https://ticsalutsocial.atoom.space/es/?s={search_term_string}"},"query-input":{"@type":"PropertyValueSpecification","valueRequired":true,"valueName":"search_term_string"}}],"inLanguage":"es"}]}</script>
<!-- / Yoast SEO plugin. -->

Big Data y Servicios Sociales - Fundació TIC Salut i Social

Límites y oportunidades de la aportación del Big Data a la mejora de los Servicios Sociales” Fernando Fantova, experto vasco en Servicios Sociales Presenta y modera: Sra. Montse Cervera, Presidenta de la Fundación iSocial.

Fundació TIC Salut i Social
