
{"id":6040,"date":"2020-05-21T10:31:45","date_gmt":"2020-05-21T08:31:45","guid":{"rendered":"https:\/\/ticsalutsocial.atoom.space\/?post_type=event&#038;p=6040"},"modified":"2021-07-21T16:27:56","modified_gmt":"2021-07-21T14:27:56","slug":"salud-digital-y-analitica-de-datos-hacia-la-nueva-normalidad-del-sistema-sanitario","status":"publish","type":"event","link":"https:\/\/ticsalutsocial.atoom.space\/es\/event\/salud-digital-y-analitica-de-datos-hacia-la-nueva-normalidad-del-sistema-sanitario\/","title":{"rendered":"Salud digital y anal\u00edtica de datos: hacia la nueva normalidad del sistema sanitario"},"content":{"rendered":"<p>El sector sanitario est\u00e1 en plena revoluci\u00f3n digital y la actual crisis del COVID no ha hecho m\u00e1s que acelerar el proceso.<\/p>\n<p>La digitalizaci\u00f3n en un contexto sanitario tiene, obviamente, fuertes implicaciones para todos los stakeholders del sector que repercuten directamente al paciente, influyendo decisivamente en nuestro sistema de salud y, por lo tanto, generando un gran impacto en la sociedad.<\/p>\n<p>Como en cualquier proceso de transformaci\u00f3n digital existen barreras que superar, pero en el marco de la salud digital la complejidad se acent\u00faa debido a la multitud de actores p\u00fablicos y privados y las inherentes implicaciones \u00e9ticas, de seguridad y regulatorias.<\/p>\n<p>En este webinar, vamos a dialogar con diferentes actores dentro de la cadena de valor acerca de \u201cla nueva normalidad\u201d del ecosistema sanitario. Nos centraremos en el impacto de distintas tendencias de e-health, como pueden ser las terapias digitales, la telemedicina o el an\u00e1lisis intensivo de los datos y analizaremos como van a contribuir a mejorar nuestro sistema sanitario, a la vez que fomentan nuevas formas de trabajo m\u00e1s \u00e1giles y colaborativas.<\/p>\n<div class=\"flex-item responsive padding\">\n<p><strong>Expertos invitados:<\/strong><\/p>\n<ul>\n<li><strong><a href=\"https:\/\/www.linkedin.com\/in\/anabelleonben\/detail\/photo\/\">Anabel Le\u00f3n,<\/a>\u00a0<\/strong>Digital Innovation Manager en Bayer<\/li>\n<li><a href=\"https:\/\/www.linkedin.com\/in\/cesarmorcillo\/\"><strong>Cesar Morcillo,<\/strong><\/a>\u00a0Director m\u00e9dico Hospital digital en Sanitas<\/li>\n<li><a href=\"https:\/\/www.linkedin.com\/in\/claracano\/\"><strong>Clara Cano<\/strong><\/a>, Head of Digital Transformation en Novartis<\/li>\n<li><strong><a href=\"https:\/\/www.linkedin.com\/in\/gemmaestrada\/\">Gemma Estrada<\/a>,<\/strong>\u00a0Director Digital Health and Technology en Ferrer<\/li>\n<li><a href=\"https:\/\/www.linkedin.com\/in\/josu%C3%A8-sallent-ribes-90576715\/\"><strong>Josu\u00e8 Sallent<\/strong><\/a>, Director de la fundaci\u00f3n TIC Salut y board member de la\u00a0<span lang=\"EN-GB\">European Health Telematics Association<\/span><\/li>\n<\/ul>\n<p><strong><span lang=\"EN-GB\">Moderador:<\/span><\/strong><\/p>\n<ul>\n<li><strong><a href=\"https:\/\/events.opinno.io\/event-detail\/linkedin.com\/in\/xaviercontijoch\/\">Xavier Contijoch<\/a><\/strong>, Director de Opinno Barcelona y Health lead<\/li>\n<\/ul>\n<p>El evento se realizar\u00e1 de forma Online a trav\u00e9s del enlace a la<a href=\"https:\/\/zoom.us\/\" target=\"_blank\" rel=\"noopener noreferrer\">\u00a0plataforma Zoom<\/a>\u00a0que recibir\u00e1s en tu correo electr\u00f3nico una vez que te registres. \u00a1Gracias!<\/p>\n<\/div>\n","protected":false},"featured_media":6037,"menu_order":0,"template":"","meta":{"_acf_changed":false,"inline_featured_image":false},"tipus":[],"topic":[121],"class_list":["post-6040","event","type-event","status-publish","has-post-thumbnail","hentry","topic-dpd-es"],"acf":{"imatge":6039,"informacio":{"ubicacio":"Webinar","data":"04\/06\/2020","hora":"17:30 UTC","preu":"","inscripcions":""}},"yoast_head":"<!-- This site is optimized with the Yoast SEO plugin v27.1.1 - https:\/\/yoast.com\/product\/yoast-seo-wordpress\/ -->\n<title>Salud digital y anal\u00edtica de datos: hacia la nueva normalidad del sistema sanitario - Fundaci\u00f3 TIC Salut i Social<\/title>\n<meta name=\"robots\" content=\"index, follow, max-snippet:-1, max-image-preview:large, max-video-preview:-1\" \/>\n<link rel=\"canonical\" href=\"https:\/\/ticsalutsocial.atoom.space\/es\/event\/salud-digital-y-analitica-de-datos-hacia-la-nueva-normalidad-del-sistema-sanitario\/\" \/>\n<meta property=\"og:locale\" content=\"es_ES\" \/>\n<meta property=\"og:type\" content=\"article\" \/>\n<meta property=\"og:title\" content=\"Salud digital y anal\u00edtica de datos: hacia la nueva normalidad del sistema sanitario - Fundaci\u00f3 TIC Salut i Social\" \/>\n<meta property=\"og:description\" content=\"El sector sanitario est\u00e1 en plena revoluci\u00f3n digital y la actual crisis del COVID no ha hecho m\u00e1s que acelerar el proceso. La digitalizaci\u00f3n en un contexto sanitario tiene, obviamente, fuertes implicaciones para todos los stakeholders del sector que repercuten directamente al paciente, influyendo decisivamente en nuestro sistema de salud y, por lo tanto, generando [&hellip;]\" \/>\n<meta property=\"og:url\" content=\"https:\/\/ticsalutsocial.atoom.space\/es\/event\/salud-digital-y-analitica-de-datos-hacia-la-nueva-normalidad-del-sistema-sanitario\/\" \/>\n<meta property=\"og:site_name\" content=\"Fundaci\u00f3 TIC Salut i Social\" \/>\n<meta property=\"article:modified_time\" content=\"2021-07-21T14:27:56+00:00\" \/>\n<meta property=\"og:image\" content=\"https:\/\/ticsalutsocial.atoom.space\/wp-content\/uploads\/2020\/05\/thumbnail.png\" \/>\n\t<meta property=\"og:image:width\" content=\"1115\" \/>\n\t<meta property=\"og:image:height\" content=\"548\" \/>\n\t<meta property=\"og:image:type\" content=\"image\/png\" \/>\n<meta name=\"twitter:card\" content=\"summary_large_image\" \/>\n<meta name=\"twitter:label1\" content=\"Tiempo de lectura\" \/>\n\t<meta name=\"twitter:data1\" content=\"1 minuto\" \/>\n<script type=\"application\/ld+json\" class=\"yoast-schema-graph\">{\"@context\":\"https:\/\/schema.org\",\"@graph\":[{\"@type\":\"WebPage\",\"@id\":\"https:\/\/ticsalutsocial.atoom.space\/es\/event\/salud-digital-y-analitica-de-datos-hacia-la-nueva-normalidad-del-sistema-sanitario\/\",\"url\":\"https:\/\/ticsalutsocial.atoom.space\/es\/event\/salud-digital-y-analitica-de-datos-hacia-la-nueva-normalidad-del-sistema-sanitario\/\",\"name\":\"Salud digital y anal\u00edtica de datos: hacia la nueva normalidad del sistema sanitario - Fundaci\u00f3 TIC Salut i Social\",\"isPartOf\":{\"@id\":\"https:\/\/ticsalutsocial.atoom.space\/es\/#website\"},\"primaryImageOfPage\":{\"@id\":\"https:\/\/ticsalutsocial.atoom.space\/es\/event\/salud-digital-y-analitica-de-datos-hacia-la-nueva-normalidad-del-sistema-sanitario\/#primaryimage\"},\"image\":{\"@id\":\"https:\/\/ticsalutsocial.atoom.space\/es\/event\/salud-digital-y-analitica-de-datos-hacia-la-nueva-normalidad-del-sistema-sanitario\/#primaryimage\"},\"thumbnailUrl\":\"https:\/\/ticsalutsocial.atoom.space\/wp-content\/uploads\/2020\/05\/thumbnail.png\",\"datePublished\":\"2020-05-21T08:31:45+00:00\",\"dateModified\":\"2021-07-21T14:27:56+00:00\",\"breadcrumb\":{\"@id\":\"https:\/\/ticsalutsocial.atoom.space\/es\/event\/salud-digital-y-analitica-de-datos-hacia-la-nueva-normalidad-del-sistema-sanitario\/#breadcrumb\"},\"inLanguage\":\"es\",\"potentialAction\":[{\"@type\":\"ReadAction\",\"target\":[\"https:\/\/ticsalutsocial.atoom.space\/es\/event\/salud-digital-y-analitica-de-datos-hacia-la-nueva-normalidad-del-sistema-sanitario\/\"]}]},{\"@type\":\"ImageObject\",\"inLanguage\":\"es\",\"@id\":\"https:\/\/ticsalutsocial.atoom.space\/es\/event\/salud-digital-y-analitica-de-datos-hacia-la-nueva-normalidad-del-sistema-sanitario\/#primaryimage\",\"url\":\"https:\/\/ticsalutsocial.atoom.space\/wp-content\/uploads\/2020\/05\/thumbnail.png\",\"contentUrl\":\"https:\/\/ticsalutsocial.atoom.space\/wp-content\/uploads\/2020\/05\/thumbnail.png\",\"width\":1115,\"height\":548},{\"@type\":\"BreadcrumbList\",\"@id\":\"https:\/\/ticsalutsocial.atoom.space\/es\/event\/salud-digital-y-analitica-de-datos-hacia-la-nueva-normalidad-del-sistema-sanitario\/#breadcrumb\",\"itemListElement\":[{\"@type\":\"ListItem\",\"position\":1,\"name\":\"Inici\",\"item\":\"https:\/\/ticsalutsocial.atoom.space\/es\/\"},{\"@type\":\"ListItem\",\"position\":2,\"name\":\"Salud digital y anal\u00edtica de datos: hacia la nueva normalidad del sistema sanitario\"}]},{\"@type\":\"WebSite\",\"@id\":\"https:\/\/ticsalutsocial.atoom.space\/es\/#website\",\"url\":\"https:\/\/ticsalutsocial.atoom.space\/es\/\",\"name\":\"Fundaci\u00f3 TIC Salut i Social\",\"description\":\"\",\"potentialAction\":[{\"@type\":\"SearchAction\",\"target\":{\"@type\":\"EntryPoint\",\"urlTemplate\":\"https:\/\/ticsalutsocial.atoom.space\/es\/?s={search_term_string}\"},\"query-input\":{\"@type\":\"PropertyValueSpecification\",\"valueRequired\":true,\"valueName\":\"search_term_string\"}}],\"inLanguage\":\"es\"}]}<\/script>\n<!-- \/ Yoast SEO plugin. -->","yoast_head_json":{"title":"Salud digital y anal\u00edtica de datos: hacia la nueva normalidad del sistema sanitario - Fundaci\u00f3 TIC Salut i Social","robots":{"index":"index","follow":"follow","max-snippet":"max-snippet:-1","max-image-preview":"max-image-preview:large","max-video-preview":"max-video-preview:-1"},"canonical":"https:\/\/ticsalutsocial.atoom.space\/es\/event\/salud-digital-y-analitica-de-datos-hacia-la-nueva-normalidad-del-sistema-sanitario\/","og_locale":"es_ES","og_type":"article","og_title":"Salud digital y anal\u00edtica de datos: hacia la nueva normalidad del sistema sanitario - Fundaci\u00f3 TIC Salut i Social","og_description":"El sector sanitario est\u00e1 en plena revoluci\u00f3n digital y la actual crisis del COVID no ha hecho m\u00e1s que acelerar el proceso. La digitalizaci\u00f3n en un contexto sanitario tiene, obviamente, fuertes implicaciones para todos los stakeholders del sector que repercuten directamente al paciente, influyendo decisivamente en nuestro sistema de salud y, por lo tanto, generando [&hellip;]","og_url":"https:\/\/ticsalutsocial.atoom.space\/es\/event\/salud-digital-y-analitica-de-datos-hacia-la-nueva-normalidad-del-sistema-sanitario\/","og_site_name":"Fundaci\u00f3 TIC Salut i Social","article_modified_time":"2021-07-21T14:27:56+00:00","og_image":[{"width":1115,"height":548,"url":"https:\/\/ticsalutsocial.atoom.space\/wp-content\/uploads\/2020\/05\/thumbnail.png","type":"image\/png"}],"twitter_card":"summary_large_image","twitter_misc":{"Tiempo de lectura":"1 minuto"},"schema":{"@context":"https:\/\/schema.org","@graph":[{"@type":"WebPage","@id":"https:\/\/ticsalutsocial.atoom.space\/es\/event\/salud-digital-y-analitica-de-datos-hacia-la-nueva-normalidad-del-sistema-sanitario\/","url":"https:\/\/ticsalutsocial.atoom.space\/es\/event\/salud-digital-y-analitica-de-datos-hacia-la-nueva-normalidad-del-sistema-sanitario\/","name":"Salud digital y anal\u00edtica de datos: hacia la nueva normalidad del sistema sanitario - Fundaci\u00f3 TIC Salut i Social","isPartOf":{"@id":"https:\/\/ticsalutsocial.atoom.space\/es\/#website"},"primaryImageOfPage":{"@id":"https:\/\/ticsalutsocial.atoom.space\/es\/event\/salud-digital-y-analitica-de-datos-hacia-la-nueva-normalidad-del-sistema-sanitario\/#primaryimage"},"image":{"@id":"https:\/\/ticsalutsocial.atoom.space\/es\/event\/salud-digital-y-analitica-de-datos-hacia-la-nueva-normalidad-del-sistema-sanitario\/#primaryimage"},"thumbnailUrl":"https:\/\/ticsalutsocial.atoom.space\/wp-content\/uploads\/2020\/05\/thumbnail.png","datePublished":"2020-05-21T08:31:45+00:00","dateModified":"2021-07-21T14:27:56+00:00","breadcrumb":{"@id":"https:\/\/ticsalutsocial.atoom.space\/es\/event\/salud-digital-y-analitica-de-datos-hacia-la-nueva-normalidad-del-sistema-sanitario\/#breadcrumb"},"inLanguage":"es","potentialAction":[{"@type":"ReadAction","target":["https:\/\/ticsalutsocial.atoom.space\/es\/event\/salud-digital-y-analitica-de-datos-hacia-la-nueva-normalidad-del-sistema-sanitario\/"]}]},{"@type":"ImageObject","inLanguage":"es","@id":"https:\/\/ticsalutsocial.atoom.space\/es\/event\/salud-digital-y-analitica-de-datos-hacia-la-nueva-normalidad-del-sistema-sanitario\/#primaryimage","url":"https:\/\/ticsalutsocial.atoom.space\/wp-content\/uploads\/2020\/05\/thumbnail.png","contentUrl":"https:\/\/ticsalutsocial.atoom.space\/wp-content\/uploads\/2020\/05\/thumbnail.png","width":1115,"height":548},{"@type":"BreadcrumbList","@id":"https:\/\/ticsalutsocial.atoom.space\/es\/event\/salud-digital-y-analitica-de-datos-hacia-la-nueva-normalidad-del-sistema-sanitario\/#breadcrumb","itemListElement":[{"@type":"ListItem","position":1,"name":"Inici","item":"https:\/\/ticsalutsocial.atoom.space\/es\/"},{"@type":"ListItem","position":2,"name":"Salud digital y anal\u00edtica de datos: hacia la nueva normalidad del sistema sanitario"}]},{"@type":"WebSite","@id":"https:\/\/ticsalutsocial.atoom.space\/es\/#website","url":"https:\/\/ticsalutsocial.atoom.space\/es\/","name":"Fundaci\u00f3 TIC Salut i Social","description":"","potentialAction":[{"@type":"SearchAction","target":{"@type":"EntryPoint","urlTemplate":"https:\/\/ticsalutsocial.atoom.space\/es\/?s={search_term_string}"},"query-input":{"@type":"PropertyValueSpecification","valueRequired":true,"valueName":"search_term_string"}}],"inLanguage":"es"}]}},"_links":{"self":[{"href":"https:\/\/ticsalutsocial.atoom.space\/es\/wp-json\/wp\/v2\/event\/6040","targetHints":{"allow":["GET"]}}],"collection":[{"href":"https:\/\/ticsalutsocial.atoom.space\/es\/wp-json\/wp\/v2\/event"}],"about":[{"href":"https:\/\/ticsalutsocial.atoom.space\/es\/wp-json\/wp\/v2\/types\/event"}],"wp:featuredmedia":[{"embeddable":true,"href":"https:\/\/ticsalutsocial.atoom.space\/es\/wp-json\/wp\/v2\/media\/6037"}],"wp:attachment":[{"href":"https:\/\/ticsalutsocial.atoom.space\/es\/wp-json\/wp\/v2\/media?parent=6040"}],"wp:term":[{"taxonomy":"tipus","embeddable":true,"href":"https:\/\/ticsalutsocial.atoom.space\/es\/wp-json\/wp\/v2\/tipus?post=6040"},{"taxonomy":"topic","embeddable":true,"href":"https:\/\/ticsalutsocial.atoom.space\/es\/wp-json\/wp\/v2\/topic?post=6040"}],"curies":[{"name":"wp","href":"https:\/\/api.w.org\/{rel}","templated":true}]}}

Salud digital y analítica de datos: hacia la nueva normalidad del sistema sanitario

<p>El sector sanitario está en plena revolución digital y la actual crisis del COVID no ha hecho más que acelerar el proceso.</p>
<p>La digitalización en un contexto sanitario tiene, obviamente, fuertes implicaciones para todos los stakeholders del sector que repercuten directamente al paciente, influyendo decisivamente en nuestro sistema de salud y, por lo tanto, generando un gran impacto en la sociedad.</p>
<p>Como en cualquier proceso de transformación digital existen barreras que superar, pero en el marco de la salud digital la complejidad se acentúa debido a la multitud de actores públicos y privados y las inherentes implicaciones éticas, de seguridad y regulatorias.</p>
<p>En este webinar, vamos a dialogar con diferentes actores dentro de la cadena de valor acerca de “la nueva normalidad” del ecosistema sanitario. Nos centraremos en el impacto de distintas tendencias de e-health, como pueden ser las terapias digitales, la telemedicina o el análisis intensivo de los datos y analizaremos como van a contribuir a mejorar nuestro sistema sanitario, a la vez que fomentan nuevas formas de trabajo más ágiles y colaborativas.</p>
<div class="flex-item responsive padding">
<p><strong>Expertos invitados:</strong></p>
<ul>
<li><strong><a href="https://www.linkedin.com/in/anabelleonben/detail/photo/">Anabel León,</a> </strong>Digital Innovation Manager en Bayer</li>
<li><a href="https://www.linkedin.com/in/cesarmorcillo/"><strong>Cesar Morcillo,</strong></a> Director médico Hospital digital en Sanitas</li>
<li><a href="https://www.linkedin.com/in/claracano/"><strong>Clara Cano</strong></a>, Head of Digital Transformation en Novartis</li>
<li><strong><a href="https://www.linkedin.com/in/gemmaestrada/">Gemma Estrada</a>,</strong> Director Digital Health and Technology en Ferrer</li>
<li><a href="https://www.linkedin.com/in/josu%C3%A8-sallent-ribes-90576715/"><strong>Josuè Sallent</strong></a>, Director de la fundación TIC Salut y board member de la <span lang="EN-GB">European Health Telematics Association</span></li>
</ul>
<p><strong><span lang="EN-GB">Moderador:</span></strong></p>
<ul>
<li><strong><a href="https://events.opinno.io/event-detail/linkedin.com/in/xaviercontijoch/">Xavier Contijoch</a></strong>, Director de Opinno Barcelona y Health lead</li>
</ul>
<p>El evento se realizará de forma Online a través del enlace a la<a href="https://zoom.us/" target="_blank" rel="noopener noreferrer"> plataforma Zoom</a> que recibirás en tu correo electrónico una vez que te registres. ¡Gracias!</p>
</div>

<!-- This site is optimized with the Yoast SEO plugin v27.1.1 - https://yoast.com/product/yoast-seo-wordpress/ -->
<title>Salud digital y analítica de datos: hacia la nueva normalidad del sistema sanitario - Fundació TIC Salut i Social</title>
<meta name="robots" content="index, follow, max-snippet:-1, max-image-preview:large, max-video-preview:-1" />
<link rel="canonical" href="https://ticsalutsocial.atoom.space/es/event/salud-digital-y-analitica-de-datos-hacia-la-nueva-normalidad-del-sistema-sanitario/" />
<meta property="og:locale" content="es_ES" />
<meta property="og:type" content="article" />
<meta property="og:title" content="Salud digital y analítica de datos: hacia la nueva normalidad del sistema sanitario - Fundació TIC Salut i Social" />
<meta property="og:description" content="El sector sanitario está en plena revolución digital y la actual crisis del COVID no ha hecho más que acelerar el proceso. La digitalización en un contexto sanitario tiene, obviamente, fuertes implicaciones para todos los stakeholders del sector que repercuten directamente al paciente, influyendo decisivamente en nuestro sistema de salud y, por lo tanto, generando [&hellip;]" />
<meta property="og:url" content="https://ticsalutsocial.atoom.space/es/event/salud-digital-y-analitica-de-datos-hacia-la-nueva-normalidad-del-sistema-sanitario/" />
<meta property="og:site_name" content="Fundació TIC Salut i Social" />
<meta property="article:modified_time" content="2021-07-21T14:27:56+00:00" />
<meta property="og:image" content="https://ticsalutsocial.atoom.space/wp-content/uploads/2020/05/thumbnail.png" />
	<meta property="og:image:width" content="1115" />
	<meta property="og:image:height" content="548" />
	<meta property="og:image:type" content="image/png" />
<meta name="twitter:card" content="summary_large_image" />
<meta name="twitter:label1" content="Tiempo de lectura" />
	<meta name="twitter:data1" content="1 minuto" />
<script type="application/ld+json" class="yoast-schema-graph">{"@context":"https://schema.org","@graph":[{"@type":"WebPage","@id":"https://ticsalutsocial.atoom.space/es/event/salud-digital-y-analitica-de-datos-hacia-la-nueva-normalidad-del-sistema-sanitario/","url":"https://ticsalutsocial.atoom.space/es/event/salud-digital-y-analitica-de-datos-hacia-la-nueva-normalidad-del-sistema-sanitario/","name":"Salud digital y analítica de datos: hacia la nueva normalidad del sistema sanitario - Fundació TIC Salut i Social","isPartOf":{"@id":"https://ticsalutsocial.atoom.space/es/#website"},"primaryImageOfPage":{"@id":"https://ticsalutsocial.atoom.space/es/event/salud-digital-y-analitica-de-datos-hacia-la-nueva-normalidad-del-sistema-sanitario/#primaryimage"},"image":{"@id":"https://ticsalutsocial.atoom.space/es/event/salud-digital-y-analitica-de-datos-hacia-la-nueva-normalidad-del-sistema-sanitario/#primaryimage"},"thumbnailUrl":"https://ticsalutsocial.atoom.space/wp-content/uploads/2020/05/thumbnail.png","datePublished":"2020-05-21T08:31:45+00:00","dateModified":"2021-07-21T14:27:56+00:00","breadcrumb":{"@id":"https://ticsalutsocial.atoom.space/es/event/salud-digital-y-analitica-de-datos-hacia-la-nueva-normalidad-del-sistema-sanitario/#breadcrumb"},"inLanguage":"es","potentialAction":[{"@type":"ReadAction","target":["https://ticsalutsocial.atoom.space/es/event/salud-digital-y-analitica-de-datos-hacia-la-nueva-normalidad-del-sistema-sanitario/"]}]},{"@type":"ImageObject","inLanguage":"es","@id":"https://ticsalutsocial.atoom.space/es/event/salud-digital-y-analitica-de-datos-hacia-la-nueva-normalidad-del-sistema-sanitario/#primaryimage","url":"https://ticsalutsocial.atoom.space/wp-content/uploads/2020/05/thumbnail.png","contentUrl":"https://ticsalutsocial.atoom.space/wp-content/uploads/2020/05/thumbnail.png","width":1115,"height":548},{"@type":"BreadcrumbList","@id":"https://ticsalutsocial.atoom.space/es/event/salud-digital-y-analitica-de-datos-hacia-la-nueva-normalidad-del-sistema-sanitario/#breadcrumb","itemListElement":[{"@type":"ListItem","position":1,"name":"Inici","item":"https://ticsalutsocial.atoom.space/es/"},{"@type":"ListItem","position":2,"name":"Salud digital y analítica de datos: hacia la nueva normalidad del sistema sanitario"}]},{"@type":"WebSite","@id":"https://ticsalutsocial.atoom.space/es/#website","url":"https://ticsalutsocial.atoom.space/es/","name":"Fundació TIC Salut i Social","description":"","potentialAction":[{"@type":"SearchAction","target":{"@type":"EntryPoint","urlTemplate":"https://ticsalutsocial.atoom.space/es/?s={search_term_string}"},"query-input":{"@type":"PropertyValueSpecification","valueRequired":true,"valueName":"search_term_string"}}],"inLanguage":"es"}]}</script>
<!-- / Yoast SEO plugin. -->

Salud digital y analítica de datos: hacia la nueva normalidad del sistema sanitario - Fundació TIC Salut i Social

El sector sanitario está en plena revolución digital y la actual crisis del COVID no ha hecho más que acelerar el proceso. La digitalización en un contexto sanitario tiene, obviamente, fuertes implicaciones para todos los stakeholders del sector que repercuten directamente al paciente, influyendo decisivamente en nuestro sistema de salud y, por lo tanto, generando [&hellip;]

Fundació TIC Salut i Social
