
{"id":6110,"date":"2021-02-16T15:45:48","date_gmt":"2021-02-16T13:45:48","guid":{"rendered":"https:\/\/ticsalutsocial.atoom.space\/?post_type=event&#038;p=6110"},"modified":"2021-07-21T16:28:33","modified_gmt":"2021-07-21T14:28:33","slug":"mhealth-bcn-conference-2021","status":"publish","type":"event","link":"https:\/\/ticsalutsocial.atoom.space\/es\/event\/mhealth-bcn-conference-2021\/","title":{"rendered":"mHealth BCN conference 2021"},"content":{"rendered":"<h4>La\u00a0<a href=\"https:\/\/www.fundacionisys.org\/es\/\">Fundaci\u00f3n iSYS<\/a>, con el apoyo del\u00a0eHealth Center de la UOC, organiza la tercera edici\u00f3n de la\u00a0mHealth BCN Conference, un espacio de debate y encuentro para investigadores e investigadoras y personas expertas en intervenciones de salud m\u00f3vil.<\/h4>\n<h4><\/h4>\n<h4>Programa 25 de febrero de 2021<\/h4>\n<div>\n<div><strong>16:00-16:15: Presentaci\u00f3n<\/strong><\/div>\n<ul>\n<li>Albert Barber\u00e0, Director del eHealth Center de la UOC.<\/li>\n<li>Imma Grau, Presidenta de la Fundaci\u00f3n iSYS.<\/li>\n<li>Jordi Mestres, Vice-President CAMFiC.<\/li>\n<\/ul>\n<\/div>\n<div>\n<p><strong>16:15-17:30:\u00a0MESA DE EXPERTOS \u00abSobre mHealth y personas\u00bb<\/strong><strong>Modera<\/strong>: Manuel Armayones, Director de Desarrollo eHealth Center Behaviour Design Lab, de la UOC<b>.\u00a0<\/b><\/p>\n<p>&#8211;\u00a0<em>Influyendo en el comportamiento: \u00abnudges\u00bb para mejorar la salud poblacional.<\/em>\u00a0<strong>Sergi Jim\u00e9nez- Martin.\u00a0<\/strong>Professor of Economics, Universitat Pompeu Fabra.<\/p>\n<p><em>&#8211; El sentido de los PREMS.\u00a0<\/em><strong>Joan Escarrabill.<\/strong> Patient Experience, Hospital Cl\u00ednic de Barcelona.<\/p>\n<p>&#8211;\u00a0<em>Apps de soporte a los tratamientos de adicciones.<\/em>\u00a0<strong>Hugo L\u00f3pez.<\/strong> Unitat de Conductes Addictives. Hospital C\u00ednic.<\/p>\n<\/div>\n<div>\n<p><strong>17:30-18:30: MESA RESEARCH IN PROGRESS<\/strong><\/p>\n<p><strong>Modera<\/strong>: Iris Alarc\u00f3n, Secretaria de CAMFiC.<\/p>\n<p><em>&#8211; Alfabetitzaci\u00f3n en Salud en Red.\u00a0\u00a0<\/em><strong>Eul\u00e0lia Hern\u00e1ndez.<\/strong> PsiNET de la UOC.<\/p>\n<p><em>&#8211; Design Thinking e innovaci\u00f3n en salud digital.\u00a0<\/em><strong>Merc\u00e9 Bonjorn.<\/strong><em>\u00a0<\/em>Ph.D. per la University of Southern Denmark, Nov. 2020.<\/p>\n<p><em>&#8211; Telemedicina en tiempos de covid.\u00a0<\/em><strong>Josep Vidal.<\/strong> Coordinador ICS central.<\/p>\n<\/div>\n<div>\n<p><strong>18:30-19:00: Presetaci\u00f3n Colecci\u00f3n 2020-2021 de Apps de salud y TOP5<\/strong><\/p>\n<p>&#8211; Resumen anual.<\/p>\n<p>&#8211; Presentaci\u00f3n del TOP5.<\/p>\n<\/div>\n","protected":false},"featured_media":0,"menu_order":0,"template":"","meta":{"_acf_changed":false,"inline_featured_image":false},"tipus":[],"topic":[],"class_list":["post-6110","event","type-event","status-publish","hentry"],"acf":{"informacio":{"ubicacio":"Online","data":"25\/02\/2021","hora":"16:30 - 19:00","preu":"","inscripcions":""}},"yoast_head":"<!-- This site is optimized with the Yoast SEO plugin v27.1.1 - https:\/\/yoast.com\/product\/yoast-seo-wordpress\/ -->\n<title>mHealth BCN conference 2021 - Fundaci\u00f3 TIC Salut i Social<\/title>\n<meta name=\"robots\" content=\"index, follow, max-snippet:-1, max-image-preview:large, max-video-preview:-1\" \/>\n<link rel=\"canonical\" href=\"https:\/\/ticsalutsocial.atoom.space\/es\/event\/mhealth-bcn-conference-2021\/\" \/>\n<meta property=\"og:locale\" content=\"es_ES\" \/>\n<meta property=\"og:type\" content=\"article\" \/>\n<meta property=\"og:title\" content=\"mHealth BCN conference 2021 - Fundaci\u00f3 TIC Salut i Social\" \/>\n<meta property=\"og:description\" content=\"La\u00a0Fundaci\u00f3n iSYS, con el apoyo del\u00a0eHealth Center de la UOC, organiza la tercera edici\u00f3n de la\u00a0mHealth BCN Conference, un espacio de debate y encuentro para investigadores e investigadoras y personas expertas en intervenciones de salud m\u00f3vil. Programa 25 de febrero de 2021 16:00-16:15: Presentaci\u00f3n Albert Barber\u00e0, Director del eHealth Center de la UOC. Imma Grau, [&hellip;]\" \/>\n<meta property=\"og:url\" content=\"https:\/\/ticsalutsocial.atoom.space\/es\/event\/mhealth-bcn-conference-2021\/\" \/>\n<meta property=\"og:site_name\" content=\"Fundaci\u00f3 TIC Salut i Social\" \/>\n<meta property=\"article:modified_time\" content=\"2021-07-21T14:28:33+00:00\" \/>\n<meta name=\"twitter:card\" content=\"summary_large_image\" \/>\n<meta name=\"twitter:label1\" content=\"Tiempo de lectura\" \/>\n\t<meta name=\"twitter:data1\" content=\"1 minuto\" \/>\n<script type=\"application\/ld+json\" class=\"yoast-schema-graph\">{\"@context\":\"https:\/\/schema.org\",\"@graph\":[{\"@type\":\"WebPage\",\"@id\":\"https:\/\/ticsalutsocial.atoom.space\/es\/event\/mhealth-bcn-conference-2021\/\",\"url\":\"https:\/\/ticsalutsocial.atoom.space\/es\/event\/mhealth-bcn-conference-2021\/\",\"name\":\"mHealth BCN conference 2021 - Fundaci\u00f3 TIC Salut i Social\",\"isPartOf\":{\"@id\":\"https:\/\/ticsalutsocial.atoom.space\/es\/#website\"},\"datePublished\":\"2021-02-16T13:45:48+00:00\",\"dateModified\":\"2021-07-21T14:28:33+00:00\",\"breadcrumb\":{\"@id\":\"https:\/\/ticsalutsocial.atoom.space\/es\/event\/mhealth-bcn-conference-2021\/#breadcrumb\"},\"inLanguage\":\"es\",\"potentialAction\":[{\"@type\":\"ReadAction\",\"target\":[\"https:\/\/ticsalutsocial.atoom.space\/es\/event\/mhealth-bcn-conference-2021\/\"]}]},{\"@type\":\"BreadcrumbList\",\"@id\":\"https:\/\/ticsalutsocial.atoom.space\/es\/event\/mhealth-bcn-conference-2021\/#breadcrumb\",\"itemListElement\":[{\"@type\":\"ListItem\",\"position\":1,\"name\":\"Inici\",\"item\":\"https:\/\/ticsalutsocial.atoom.space\/es\/\"},{\"@type\":\"ListItem\",\"position\":2,\"name\":\"mHealth BCN conference 2021\"}]},{\"@type\":\"WebSite\",\"@id\":\"https:\/\/ticsalutsocial.atoom.space\/es\/#website\",\"url\":\"https:\/\/ticsalutsocial.atoom.space\/es\/\",\"name\":\"Fundaci\u00f3 TIC Salut i Social\",\"description\":\"\",\"potentialAction\":[{\"@type\":\"SearchAction\",\"target\":{\"@type\":\"EntryPoint\",\"urlTemplate\":\"https:\/\/ticsalutsocial.atoom.space\/es\/?s={search_term_string}\"},\"query-input\":{\"@type\":\"PropertyValueSpecification\",\"valueRequired\":true,\"valueName\":\"search_term_string\"}}],\"inLanguage\":\"es\"}]}<\/script>\n<!-- \/ Yoast SEO plugin. -->","yoast_head_json":{"title":"mHealth BCN conference 2021 - Fundaci\u00f3 TIC Salut i Social","robots":{"index":"index","follow":"follow","max-snippet":"max-snippet:-1","max-image-preview":"max-image-preview:large","max-video-preview":"max-video-preview:-1"},"canonical":"https:\/\/ticsalutsocial.atoom.space\/es\/event\/mhealth-bcn-conference-2021\/","og_locale":"es_ES","og_type":"article","og_title":"mHealth BCN conference 2021 - Fundaci\u00f3 TIC Salut i Social","og_description":"La\u00a0Fundaci\u00f3n iSYS, con el apoyo del\u00a0eHealth Center de la UOC, organiza la tercera edici\u00f3n de la\u00a0mHealth BCN Conference, un espacio de debate y encuentro para investigadores e investigadoras y personas expertas en intervenciones de salud m\u00f3vil. Programa 25 de febrero de 2021 16:00-16:15: Presentaci\u00f3n Albert Barber\u00e0, Director del eHealth Center de la UOC. Imma Grau, [&hellip;]","og_url":"https:\/\/ticsalutsocial.atoom.space\/es\/event\/mhealth-bcn-conference-2021\/","og_site_name":"Fundaci\u00f3 TIC Salut i Social","article_modified_time":"2021-07-21T14:28:33+00:00","twitter_card":"summary_large_image","twitter_misc":{"Tiempo de lectura":"1 minuto"},"schema":{"@context":"https:\/\/schema.org","@graph":[{"@type":"WebPage","@id":"https:\/\/ticsalutsocial.atoom.space\/es\/event\/mhealth-bcn-conference-2021\/","url":"https:\/\/ticsalutsocial.atoom.space\/es\/event\/mhealth-bcn-conference-2021\/","name":"mHealth BCN conference 2021 - Fundaci\u00f3 TIC Salut i Social","isPartOf":{"@id":"https:\/\/ticsalutsocial.atoom.space\/es\/#website"},"datePublished":"2021-02-16T13:45:48+00:00","dateModified":"2021-07-21T14:28:33+00:00","breadcrumb":{"@id":"https:\/\/ticsalutsocial.atoom.space\/es\/event\/mhealth-bcn-conference-2021\/#breadcrumb"},"inLanguage":"es","potentialAction":[{"@type":"ReadAction","target":["https:\/\/ticsalutsocial.atoom.space\/es\/event\/mhealth-bcn-conference-2021\/"]}]},{"@type":"BreadcrumbList","@id":"https:\/\/ticsalutsocial.atoom.space\/es\/event\/mhealth-bcn-conference-2021\/#breadcrumb","itemListElement":[{"@type":"ListItem","position":1,"name":"Inici","item":"https:\/\/ticsalutsocial.atoom.space\/es\/"},{"@type":"ListItem","position":2,"name":"mHealth BCN conference 2021"}]},{"@type":"WebSite","@id":"https:\/\/ticsalutsocial.atoom.space\/es\/#website","url":"https:\/\/ticsalutsocial.atoom.space\/es\/","name":"Fundaci\u00f3 TIC Salut i Social","description":"","potentialAction":[{"@type":"SearchAction","target":{"@type":"EntryPoint","urlTemplate":"https:\/\/ticsalutsocial.atoom.space\/es\/?s={search_term_string}"},"query-input":{"@type":"PropertyValueSpecification","valueRequired":true,"valueName":"search_term_string"}}],"inLanguage":"es"}]}},"_links":{"self":[{"href":"https:\/\/ticsalutsocial.atoom.space\/es\/wp-json\/wp\/v2\/event\/6110","targetHints":{"allow":["GET"]}}],"collection":[{"href":"https:\/\/ticsalutsocial.atoom.space\/es\/wp-json\/wp\/v2\/event"}],"about":[{"href":"https:\/\/ticsalutsocial.atoom.space\/es\/wp-json\/wp\/v2\/types\/event"}],"wp:attachment":[{"href":"https:\/\/ticsalutsocial.atoom.space\/es\/wp-json\/wp\/v2\/media?parent=6110"}],"wp:term":[{"taxonomy":"tipus","embeddable":true,"href":"https:\/\/ticsalutsocial.atoom.space\/es\/wp-json\/wp\/v2\/tipus?post=6110"},{"taxonomy":"topic","embeddable":true,"href":"https:\/\/ticsalutsocial.atoom.space\/es\/wp-json\/wp\/v2\/topic?post=6110"}],"curies":[{"name":"wp","href":"https:\/\/api.w.org\/{rel}","templated":true}]}}

<h4>La <a href="https://www.fundacionisys.org/es/">Fundación iSYS</a>, con el apoyo del eHealth Center de la UOC, organiza la tercera edición de la mHealth BCN Conference, un espacio de debate y encuentro para investigadores e investigadoras y personas expertas en intervenciones de salud móvil.</h4>
<h4></h4>
<h4>Programa 25 de febrero de 2021</h4>
<div>
<div><strong>16:00-16:15: Presentación</strong></div>
<ul>
<li>Albert Barberà, Director del eHealth Center de la UOC.</li>
<li>Imma Grau, Presidenta de la Fundación iSYS.</li>
<li>Jordi Mestres, Vice-President CAMFiC.</li>
</ul>
</div>
<div>
<p><strong>16:15-17:30: MESA DE EXPERTOS «Sobre mHealth y personas»</strong><strong>Modera</strong>: Manuel Armayones, Director de Desarrollo eHealth Center Behaviour Design Lab, de la UOC<b>. </b></p>
<p>&#8211; <em>Influyendo en el comportamiento: «nudges» para mejorar la salud poblacional.</em> <strong>Sergi Jiménez- Martin. </strong>Professor of Economics, Universitat Pompeu Fabra.</p>
<p><em>&#8211; El sentido de los PREMS. </em><strong>Joan Escarrabill.</strong> Patient Experience, Hospital Clínic de Barcelona.</p>
<p>&#8211; <em>Apps de soporte a los tratamientos de adicciones.</em> <strong>Hugo López.</strong> Unitat de Conductes Addictives. Hospital Cínic.</p>
</div>
<div>
<p><strong>17:30-18:30: MESA RESEARCH IN PROGRESS</strong></p>
<p><strong>Modera</strong>: Iris Alarcón, Secretaria de CAMFiC.</p>
<p><em>&#8211; Alfabetitzación en Salud en Red.  </em><strong>Eulàlia Hernández.</strong> PsiNET de la UOC.</p>
<p><em>&#8211; Design Thinking e innovación en salud digital. </em><strong>Mercé Bonjorn.</strong><em> </em>Ph.D. per la University of Southern Denmark, Nov. 2020.</p>
<p><em>&#8211; Telemedicina en tiempos de covid. </em><strong>Josep Vidal.</strong> Coordinador ICS central.</p>
</div>
<div>
<p><strong>18:30-19:00: Presetación Colección 2020-2021 de Apps de salud y TOP5</strong></p>
<p>&#8211; Resumen anual.</p>
<p>&#8211; Presentación del TOP5.</p>
</div>

<!-- This site is optimized with the Yoast SEO plugin v27.1.1 - https://yoast.com/product/yoast-seo-wordpress/ -->
<title>mHealth BCN conference 2021 - Fundació TIC Salut i Social</title>
<meta name="robots" content="index, follow, max-snippet:-1, max-image-preview:large, max-video-preview:-1" />
<link rel="canonical" href="https://ticsalutsocial.atoom.space/es/event/mhealth-bcn-conference-2021/" />
<meta property="og:locale" content="es_ES" />
<meta property="og:type" content="article" />
<meta property="og:title" content="mHealth BCN conference 2021 - Fundació TIC Salut i Social" />
<meta property="og:description" content="La Fundación iSYS, con el apoyo del eHealth Center de la UOC, organiza la tercera edición de la mHealth BCN Conference, un espacio de debate y encuentro para investigadores e investigadoras y personas expertas en intervenciones de salud móvil. Programa 25 de febrero de 2021 16:00-16:15: Presentación Albert Barberà, Director del eHealth Center de la UOC. Imma Grau, [&hellip;]" />
<meta property="og:url" content="https://ticsalutsocial.atoom.space/es/event/mhealth-bcn-conference-2021/" />
<meta property="og:site_name" content="Fundació TIC Salut i Social" />
<meta property="article:modified_time" content="2021-07-21T14:28:33+00:00" />
<meta name="twitter:card" content="summary_large_image" />
<meta name="twitter:label1" content="Tiempo de lectura" />
	<meta name="twitter:data1" content="1 minuto" />
<script type="application/ld+json" class="yoast-schema-graph">{"@context":"https://schema.org","@graph":[{"@type":"WebPage","@id":"https://ticsalutsocial.atoom.space/es/event/mhealth-bcn-conference-2021/","url":"https://ticsalutsocial.atoom.space/es/event/mhealth-bcn-conference-2021/","name":"mHealth BCN conference 2021 - Fundació TIC Salut i Social","isPartOf":{"@id":"https://ticsalutsocial.atoom.space/es/#website"},"datePublished":"2021-02-16T13:45:48+00:00","dateModified":"2021-07-21T14:28:33+00:00","breadcrumb":{"@id":"https://ticsalutsocial.atoom.space/es/event/mhealth-bcn-conference-2021/#breadcrumb"},"inLanguage":"es","potentialAction":[{"@type":"ReadAction","target":["https://ticsalutsocial.atoom.space/es/event/mhealth-bcn-conference-2021/"]}]},{"@type":"BreadcrumbList","@id":"https://ticsalutsocial.atoom.space/es/event/mhealth-bcn-conference-2021/#breadcrumb","itemListElement":[{"@type":"ListItem","position":1,"name":"Inici","item":"https://ticsalutsocial.atoom.space/es/"},{"@type":"ListItem","position":2,"name":"mHealth BCN conference 2021"}]},{"@type":"WebSite","@id":"https://ticsalutsocial.atoom.space/es/#website","url":"https://ticsalutsocial.atoom.space/es/","name":"Fundació TIC Salut i Social","description":"","potentialAction":[{"@type":"SearchAction","target":{"@type":"EntryPoint","urlTemplate":"https://ticsalutsocial.atoom.space/es/?s={search_term_string}"},"query-input":{"@type":"PropertyValueSpecification","valueRequired":true,"valueName":"search_term_string"}}],"inLanguage":"es"}]}</script>
<!-- / Yoast SEO plugin. -->

mHealth BCN conference 2021 - Fundació TIC Salut i Social

La Fundación iSYS, con el apoyo del eHealth Center de la UOC, organiza la tercera edición de la mHealth BCN Conference, un espacio de debate y encuentro para investigadores e investigadoras y personas expertas en intervenciones de salud móvil. Programa 25 de febrero de 2021 16:00-16:15: Presentación Albert Barberà, Director del eHealth Center de la UOC. Imma Grau, [&hellip;]

Fundació TIC Salut i Social
