
{"id":13864,"date":"2021-07-07T17:39:13","date_gmt":"2021-07-07T15:39:13","guid":{"rendered":"https:\/\/ticsalutsocial.atoom.space\/intelligencia-artificial\/"},"modified":"2024-02-27T17:20:02","modified_gmt":"2024-02-27T15:20:02","slug":"intelligencia-artificial","status":"publish","type":"page","link":"https:\/\/ticsalutsocial.atoom.space\/es\/que-fem\/intelligencia-artificial\/","title":{"rendered":"Inteligencia artificial"},"content":{"rendered":"","protected":false},"excerpt":{"rendered":"","protected":false},"author":21,"featured_media":0,"parent":24861,"menu_order":0,"comment_status":"closed","ping_status":"closed","template":"page-templates\/ia.php","meta":{"_acf_changed":false,"inline_featured_image":false,"footnotes":""},"tipus":[879],"class_list":["post-13864","page","type-page","status-publish","hentry","tipus-inteligencia-artificial"],"acf":{"tipus_plantilla":"seccions","template_objectius":{"cont_principal":"","imatge":false,"cont_seguent":{"titol":"","contingut":""},"seccio_llistat":{"titol":"","llistat":false},"objectius":{"titol":"","objectius":false},"documents":false},"template_seccions":{"objectius":{"titol":"","objectius":[{"icona":false,"texte":"<p>El \u00c1rea de Inteligencia Artificial de la Fundaci\u00f3n TIC Salud Social est\u00e1 formada por un equipo multidisciplinar de profesionales provenientes de \u00e1mbitos como la Ingenier\u00eda Biom\u00e9dica, las Matem\u00e1ticas o las Telecomunicaciones, entre otros.<\/p>\n"},{"icona":false,"texte":"<p>Els principals objectius de l\u2019\u00c0rea s\u00f3n coordinar i executar les accions per al desplegament del <a href=\"https:\/\/iasalut.cat\/\" target=\"_blank\" rel=\"noopener\">Programa Salut\/IA<\/a>, i participar en projectes d\u2019intel\u00b7lig\u00e8ncia artificial (IA) finan\u00e7ats amb fons competitius que aportin un alt valor.<\/p>\n"}]},"cont_flex":[{"acf_fc_layout":"texte_gradient","mostrar_numero":false,"backcolor":"gris","titol":"","texte_superior":"<h1>Programa Salud\/IA<\/h1>\n","texte_gradient":{"titol":"","contingut":"El Diario Oficial de la Generalidad de Catalu\u00f1a public\u00f3 la resoluci\u00f3n SLT\/954\/2023, de 19 de marzo de 2023, por la que se crea el Programa para la promoci\u00f3n y desarrollo de la Inteligencia Artificial en el Sistema de Salud.","icona":false},"texte_inferior":"<h2>Misi\u00f3n, visi\u00f3n y Valores del Programa<\/h2>\n<ul>\n<li><strong>-Misi\u00f3n: <\/strong>Creaci\u00f3n de un entorno facilitador por la innovaci\u00f3n en el \u00e1mbito de la Salud mediante el desarrollo e implementaci\u00f3n de soluciones de IA para la mejora de la atenci\u00f3n a la ciudadan\u00eda y soporte a los profesionales de la Salud.<\/li>\n<li><strong>-Visi\u00f3n: <\/strong>Liderar la implantaci\u00f3n de soluciones de IA, para contribuir a la mejora de la Calidad Asistencial y la Sostenibilidad del sistema de Salud, poniendo en valor el conocimiento generado por el SISCAT.<\/li>\n<li><strong>-Valores: <\/strong>Transparencia, eficiencia, innovaci\u00f3n, compromiso, participaci\u00f3n, respeto, sostenibilidad.<\/li>\n<\/ul>\n<h2><\/h2>\n<h2>L\u00edneas estrat\u00e9gicas del Programa Salud\/IA<\/h2>\n<p>El Programa Salud\/IA gira en torno a ocho l\u00edneas estrat\u00e9gicas, empezadas en tres ejes de actuaci\u00f3n: la innovaci\u00f3n (l\u00edneas 1, 2 y 3), la evaluaci\u00f3n (l\u00edneas 4 y 5) y la implementaci\u00f3n (l\u00edneas 6, 7 y 8).<\/p>\n<p><img loading=\"lazy\" decoding=\"async\" class=\"size-medium wp-image-23738 alignnone\" src=\"https:\/\/ticsalutsocial.atoom.space\/wp-content\/uploads\/2023\/11\/eixos-programa-salut-ia-300x298.png\" alt=\"\" width=\"300\" height=\"298\" srcset=\"https:\/\/ticsalutsocial.atoom.space\/wp-content\/uploads\/2023\/11\/eixos-programa-salut-ia-300x298.png 300w, https:\/\/ticsalutsocial.atoom.space\/wp-content\/uploads\/2023\/11\/eixos-programa-salut-ia-150x150.png 150w, https:\/\/ticsalutsocial.atoom.space\/wp-content\/uploads\/2023\/11\/eixos-programa-salut-ia.png 324w\" sizes=\"auto, (max-width: 300px) 100vw, 300px\" \/><\/p>\n<p>&nbsp;<\/p>\n<ol>\n<li><strong>Lanzamiento de retos de IA para cubrir necesidades del Sistema de Salud que pueden ser resueltas mediante IA.<\/strong><\/li>\n<li><strong>Apoyo a iniciativas para impulsar aquellas que aporten un alto valor en el \u00e1mbito del ecosistema catal\u00e1n.<\/strong><\/li>\n<li><strong>Observatorio IA en salud para monitorizar el despliegue de la IA en Salud y actuar como puerta de entrada de las iniciativas en IA<\/strong><\/li>\n<li><strong>Sistema de evaluaci\u00f3n de soluciones a implantar basada en la evidencia y validaci\u00f3n t\u00e9cnica con datos reales.<\/strong><\/li>\n<li><strong>Evaluaci\u00f3n continua de las soluciones implantadas y reentrenamiento peri\u00f3dico de las herramientas.<\/strong><\/li>\n<li><strong>Integraci\u00f3n tecnol\u00f3gica, gobernanza de los datos, orquestaci\u00f3n de modelos de IA y monitorizaci\u00f3n de la IA.<\/strong><\/li>\n<li><strong>Formaci\u00f3n a profesionales mediante la estructuraci\u00f3n de un Plan Formativo en IA en funci\u00f3n de las necesidades y perfiles y la implementaci\u00f3n de los retos.<\/strong><\/li>\n<li><strong>Comunicaci\u00f3n para dar a conocer el alcance del Programa entre los p\u00fablicos a los que se dirige.<\/strong><\/li>\n<\/ol>\n<p>&nbsp;<\/p>\n"},{"acf_fc_layout":"varis_llistats","mostrar_numero":false,"backcolor":"blanc","titol":"Proyectos de IA financiados con fondos competitivos","texte":"<h2><strong>INCISIVE<\/strong><\/h2>\n<p><a href=\"https:\/\/incisive-project.eu\/\" target=\"_blank\" rel=\"noopener\"><img loading=\"lazy\" decoding=\"async\" class=\"wp-image-23727 alignnone\" src=\"https:\/\/ticsalutsocial.atoom.space\/wp-content\/uploads\/2023\/11\/Incisive_Blue-300x135.png\" alt=\"\" width=\"182\" height=\"82\" srcset=\"https:\/\/ticsalutsocial.atoom.space\/wp-content\/uploads\/2023\/11\/Incisive_Blue-300x135.png 300w, https:\/\/ticsalutsocial.atoom.space\/wp-content\/uploads\/2023\/11\/Incisive_Blue-1024x461.png 1024w, https:\/\/ticsalutsocial.atoom.space\/wp-content\/uploads\/2023\/11\/Incisive_Blue-768x346.png 768w, https:\/\/ticsalutsocial.atoom.space\/wp-content\/uploads\/2023\/11\/Incisive_Blue-1536x692.png 1536w, https:\/\/ticsalutsocial.atoom.space\/wp-content\/uploads\/2023\/11\/Incisive_Blue.png 1721w\" sizes=\"auto, (max-width: 182px) 100vw, 182px\" \/><\/a><\/p>\n<p>En el proyecto INCISIVE trabajan desde 2020 m\u00e1s de 25 universidades, entidades y empresas de toda Europa con dos objetivos principales. Por un lado, establecer un repositorio federado de imagen m\u00e9dica digital y datos cl\u00ednicos del c\u00e1ncer que permita compartir los datos de forma segura de acuerdo con los requisitos \u00e9ticos, legales y de privacidad. Y por otro, crear una caja de herramientas basada en inteligencia artificial que permita mejorar la detecci\u00f3n por imagen m\u00e9dica y la toma de decisiones. La Fundaci\u00f3n TIC Salud Social lidera las tareas de explicabilidad, interoperabilidad y comunicaci\u00f3n del proyecto, facilitando el repositorio centralizado temporal. El \u00c1rea de Inteligencia Artificial tambi\u00e9n participa en reuniones consultivas con la Comisi\u00f3n Europea y colabora activamente en el cluster AI4HI: Artificial Intelligence for Health Imaging.<\/p>\n<h2><\/h2>\n<h2><strong>COMFORTAGE<\/strong><\/h2>\n<p>El proyecto COMFORTAGE busca establecer un marco integral para la prevenci\u00f3n, monitorizaci\u00f3n y gesti\u00f3n de enfermedades relacionadas con el envejecimiento. El objetivo es facilitar la integraci\u00f3n de diversas fuentes de datos para mejorar la toma de decisiones cl\u00ednicas y fomentar la investigaci\u00f3n en salud y bienestar. El proyecto se pondr\u00e1 en marcha pr\u00f3ximamente.<\/p>\n","llistats":[{"titol":"","llista":false}],"documents":false},{"acf_fc_layout":"texte","mostrar_numero":false,"backcolor":"gris","titol":"","texte":""}]},"finalitzat":false,"ancora":"intelligencia-artificial"},"yoast_head":"<!-- This site is optimized with the Yoast SEO plugin v27.1.1 - https:\/\/yoast.com\/product\/yoast-seo-wordpress\/ -->\n<title>Inteligencia artificial - Fundaci\u00f3 TIC Salut i Social<\/title>\n<meta name=\"robots\" content=\"index, follow, max-snippet:-1, max-image-preview:large, max-video-preview:-1\" \/>\n<link rel=\"canonical\" href=\"https:\/\/ticsalutsocial.atoom.space\/es\/que-fem\/intelligencia-artificial\/\" \/>\n<meta property=\"og:locale\" content=\"es_ES\" \/>\n<meta property=\"og:type\" content=\"article\" \/>\n<meta property=\"og:title\" content=\"Inteligencia artificial - Fundaci\u00f3 TIC Salut i Social\" \/>\n<meta property=\"og:url\" content=\"https:\/\/ticsalutsocial.atoom.space\/es\/que-fem\/intelligencia-artificial\/\" \/>\n<meta property=\"og:site_name\" content=\"Fundaci\u00f3 TIC Salut i Social\" \/>\n<meta property=\"article:modified_time\" content=\"2024-02-27T15:20:02+00:00\" \/>\n<meta name=\"twitter:card\" content=\"summary_large_image\" \/>\n<script type=\"application\/ld+json\" class=\"yoast-schema-graph\">{\"@context\":\"https:\/\/schema.org\",\"@graph\":[{\"@type\":\"WebPage\",\"@id\":\"https:\/\/ticsalutsocial.atoom.space\/es\/que-fem\/intelligencia-artificial\/\",\"url\":\"https:\/\/ticsalutsocial.atoom.space\/es\/que-fem\/intelligencia-artificial\/\",\"name\":\"Inteligencia artificial - Fundaci\u00f3 TIC Salut i Social\",\"isPartOf\":{\"@id\":\"https:\/\/ticsalutsocial.atoom.space\/es\/#website\"},\"datePublished\":\"2021-07-07T15:39:13+00:00\",\"dateModified\":\"2024-02-27T15:20:02+00:00\",\"breadcrumb\":{\"@id\":\"https:\/\/ticsalutsocial.atoom.space\/es\/que-fem\/intelligencia-artificial\/#breadcrumb\"},\"inLanguage\":\"es\",\"potentialAction\":[{\"@type\":\"ReadAction\",\"target\":[\"https:\/\/ticsalutsocial.atoom.space\/es\/que-fem\/intelligencia-artificial\/\"]}]},{\"@type\":\"BreadcrumbList\",\"@id\":\"https:\/\/ticsalutsocial.atoom.space\/es\/que-fem\/intelligencia-artificial\/#breadcrumb\",\"itemListElement\":[{\"@type\":\"ListItem\",\"position\":1,\"name\":\"Inici\",\"item\":\"https:\/\/ticsalutsocial.atoom.space\/es\/\"},{\"@type\":\"ListItem\",\"position\":2,\"name\":\"Que Fem\",\"item\":\"https:\/\/ticsalutsocial.atoom.space\/es\/que-fem\/\"},{\"@type\":\"ListItem\",\"position\":3,\"name\":\"Inteligencia artificial\"}]},{\"@type\":\"WebSite\",\"@id\":\"https:\/\/ticsalutsocial.atoom.space\/es\/#website\",\"url\":\"https:\/\/ticsalutsocial.atoom.space\/es\/\",\"name\":\"Fundaci\u00f3 TIC Salut i Social\",\"description\":\"\",\"potentialAction\":[{\"@type\":\"SearchAction\",\"target\":{\"@type\":\"EntryPoint\",\"urlTemplate\":\"https:\/\/ticsalutsocial.atoom.space\/es\/?s={search_term_string}\"},\"query-input\":{\"@type\":\"PropertyValueSpecification\",\"valueRequired\":true,\"valueName\":\"search_term_string\"}}],\"inLanguage\":\"es\"}]}<\/script>\n<!-- \/ Yoast SEO plugin. -->","yoast_head_json":{"title":"Inteligencia artificial - Fundaci\u00f3 TIC Salut i Social","robots":{"index":"index","follow":"follow","max-snippet":"max-snippet:-1","max-image-preview":"max-image-preview:large","max-video-preview":"max-video-preview:-1"},"canonical":"https:\/\/ticsalutsocial.atoom.space\/es\/que-fem\/intelligencia-artificial\/","og_locale":"es_ES","og_type":"article","og_title":"Inteligencia artificial - Fundaci\u00f3 TIC Salut i Social","og_url":"https:\/\/ticsalutsocial.atoom.space\/es\/que-fem\/intelligencia-artificial\/","og_site_name":"Fundaci\u00f3 TIC Salut i Social","article_modified_time":"2024-02-27T15:20:02+00:00","twitter_card":"summary_large_image","schema":{"@context":"https:\/\/schema.org","@graph":[{"@type":"WebPage","@id":"https:\/\/ticsalutsocial.atoom.space\/es\/que-fem\/intelligencia-artificial\/","url":"https:\/\/ticsalutsocial.atoom.space\/es\/que-fem\/intelligencia-artificial\/","name":"Inteligencia artificial - Fundaci\u00f3 TIC Salut i Social","isPartOf":{"@id":"https:\/\/ticsalutsocial.atoom.space\/es\/#website"},"datePublished":"2021-07-07T15:39:13+00:00","dateModified":"2024-02-27T15:20:02+00:00","breadcrumb":{"@id":"https:\/\/ticsalutsocial.atoom.space\/es\/que-fem\/intelligencia-artificial\/#breadcrumb"},"inLanguage":"es","potentialAction":[{"@type":"ReadAction","target":["https:\/\/ticsalutsocial.atoom.space\/es\/que-fem\/intelligencia-artificial\/"]}]},{"@type":"BreadcrumbList","@id":"https:\/\/ticsalutsocial.atoom.space\/es\/que-fem\/intelligencia-artificial\/#breadcrumb","itemListElement":[{"@type":"ListItem","position":1,"name":"Inici","item":"https:\/\/ticsalutsocial.atoom.space\/es\/"},{"@type":"ListItem","position":2,"name":"Que Fem","item":"https:\/\/ticsalutsocial.atoom.space\/es\/que-fem\/"},{"@type":"ListItem","position":3,"name":"Inteligencia artificial"}]},{"@type":"WebSite","@id":"https:\/\/ticsalutsocial.atoom.space\/es\/#website","url":"https:\/\/ticsalutsocial.atoom.space\/es\/","name":"Fundaci\u00f3 TIC Salut i Social","description":"","potentialAction":[{"@type":"SearchAction","target":{"@type":"EntryPoint","urlTemplate":"https:\/\/ticsalutsocial.atoom.space\/es\/?s={search_term_string}"},"query-input":{"@type":"PropertyValueSpecification","valueRequired":true,"valueName":"search_term_string"}}],"inLanguage":"es"}]}},"_links":{"self":[{"href":"https:\/\/ticsalutsocial.atoom.space\/es\/wp-json\/wp\/v2\/pages\/13864","targetHints":{"allow":["GET"]}}],"collection":[{"href":"https:\/\/ticsalutsocial.atoom.space\/es\/wp-json\/wp\/v2\/pages"}],"about":[{"href":"https:\/\/ticsalutsocial.atoom.space\/es\/wp-json\/wp\/v2\/types\/page"}],"author":[{"embeddable":true,"href":"https:\/\/ticsalutsocial.atoom.space\/es\/wp-json\/wp\/v2\/users\/21"}],"replies":[{"embeddable":true,"href":"https:\/\/ticsalutsocial.atoom.space\/es\/wp-json\/wp\/v2\/comments?post=13864"}],"version-history":[{"count":6,"href":"https:\/\/ticsalutsocial.atoom.space\/es\/wp-json\/wp\/v2\/pages\/13864\/revisions"}],"predecessor-version":[{"id":25610,"href":"https:\/\/ticsalutsocial.atoom.space\/es\/wp-json\/wp\/v2\/pages\/13864\/revisions\/25610"}],"up":[{"embeddable":true,"href":"https:\/\/ticsalutsocial.atoom.space\/es\/wp-json\/wp\/v2\/pages\/24861"}],"wp:attachment":[{"href":"https:\/\/ticsalutsocial.atoom.space\/es\/wp-json\/wp\/v2\/media?parent=13864"}],"wp:term":[{"taxonomy":"tipus","embeddable":true,"href":"https:\/\/ticsalutsocial.atoom.space\/es\/wp-json\/wp\/v2\/tipus?post=13864"}],"curies":[{"name":"wp","href":"https:\/\/api.w.org\/{rel}","templated":true}]}}

<p>El Área de Inteligencia Artificial de la Fundación TIC Salud Social está formada por un equipo multidisciplinar de profesionales provenientes de ámbitos como la Ingeniería Biomédica, las Matemáticas o las Telecomunicaciones, entre otros.</p>

<p>Els principals objectius de l’Àrea són coordinar i executar les accions per al desplegament del <a href="https://iasalut.cat/" target="_blank" rel="noopener">Programa Salut/IA</a>, i participar en projectes d’intel·ligència artificial (IA) finançats amb fons competitius que aportin un alt valor.</p>

El Diario Oficial de la Generalidad de Cataluña publicó la resolución SLT/954/2023, de 19 de marzo de 2023, por la que se crea el Programa para la promoción y desarrollo de la Inteligencia Artificial en el Sistema de Salud.

<h2>Misión, visión y Valores del Programa</h2>
<ul>
<li><strong>-Misión: </strong>Creación de un entorno facilitador por la innovación en el ámbito de la Salud mediante el desarrollo e implementación de soluciones de IA para la mejora de la atención a la ciudadanía y soporte a los profesionales de la Salud.</li>
<li><strong>-Visión: </strong>Liderar la implantación de soluciones de IA, para contribuir a la mejora de la Calidad Asistencial y la Sostenibilidad del sistema de Salud, poniendo en valor el conocimiento generado por el SISCAT.</li>
<li><strong>-Valores: </strong>Transparencia, eficiencia, innovación, compromiso, participación, respeto, sostenibilidad.</li>
</ul>
<h2></h2>
<h2>Líneas estratégicas del Programa Salud/IA</h2>
<p>El Programa Salud/IA gira en torno a ocho líneas estratégicas, empezadas en tres ejes de actuación: la innovación (líneas 1, 2 y 3), la evaluación (líneas 4 y 5) y la implementación (líneas 6, 7 y 8).</p>
<p><img loading="lazy" decoding="async" class="size-medium wp-image-23738 alignnone" src="https://ticsalutsocial.atoom.space/wp-content/uploads/2023/11/eixos-programa-salut-ia-300x298.png" alt="" width="300" height="298" srcset="https://ticsalutsocial.atoom.space/wp-content/uploads/2023/11/eixos-programa-salut-ia-300x298.png 300w, https://ticsalutsocial.atoom.space/wp-content/uploads/2023/11/eixos-programa-salut-ia-150x150.png 150w, https://ticsalutsocial.atoom.space/wp-content/uploads/2023/11/eixos-programa-salut-ia.png 324w" sizes="auto, (max-width: 300px) 100vw, 300px" /></p>
<p>&nbsp;</p>
<ol>
<li><strong>Lanzamiento de retos de IA para cubrir necesidades del Sistema de Salud que pueden ser resueltas mediante IA.</strong></li>
<li><strong>Apoyo a iniciativas para impulsar aquellas que aporten un alto valor en el ámbito del ecosistema catalán.</strong></li>
<li><strong>Observatorio IA en salud para monitorizar el despliegue de la IA en Salud y actuar como puerta de entrada de las iniciativas en IA</strong></li>
<li><strong>Sistema de evaluación de soluciones a implantar basada en la evidencia y validación técnica con datos reales.</strong></li>
<li><strong>Evaluación continua de las soluciones implantadas y reentrenamiento periódico de las herramientas.</strong></li>
<li><strong>Integración tecnológica, gobernanza de los datos, orquestación de modelos de IA y monitorización de la IA.</strong></li>
<li><strong>Formación a profesionales mediante la estructuración de un Plan Formativo en IA en función de las necesidades y perfiles y la implementación de los retos.</strong></li>
<li><strong>Comunicación para dar a conocer el alcance del Programa entre los públicos a los que se dirige.</strong></li>
</ol>
<p>&nbsp;</p>

<h2><strong>INCISIVE</strong></h2>
<p><a href="https://incisive-project.eu/" target="_blank" rel="noopener"><img loading="lazy" decoding="async" class="wp-image-23727 alignnone" src="https://ticsalutsocial.atoom.space/wp-content/uploads/2023/11/Incisive_Blue-300x135.png" alt="" width="182" height="82" srcset="https://ticsalutsocial.atoom.space/wp-content/uploads/2023/11/Incisive_Blue-300x135.png 300w, https://ticsalutsocial.atoom.space/wp-content/uploads/2023/11/Incisive_Blue-1024x461.png 1024w, https://ticsalutsocial.atoom.space/wp-content/uploads/2023/11/Incisive_Blue-768x346.png 768w, https://ticsalutsocial.atoom.space/wp-content/uploads/2023/11/Incisive_Blue-1536x692.png 1536w, https://ticsalutsocial.atoom.space/wp-content/uploads/2023/11/Incisive_Blue.png 1721w" sizes="auto, (max-width: 182px) 100vw, 182px" /></a></p>
<p>En el proyecto INCISIVE trabajan desde 2020 más de 25 universidades, entidades y empresas de toda Europa con dos objetivos principales. Por un lado, establecer un repositorio federado de imagen médica digital y datos clínicos del cáncer que permita compartir los datos de forma segura de acuerdo con los requisitos éticos, legales y de privacidad. Y por otro, crear una caja de herramientas basada en inteligencia artificial que permita mejorar la detección por imagen médica y la toma de decisiones. La Fundación TIC Salud Social lidera las tareas de explicabilidad, interoperabilidad y comunicación del proyecto, facilitando el repositorio centralizado temporal. El Área de Inteligencia Artificial también participa en reuniones consultivas con la Comisión Europea y colabora activamente en el cluster AI4HI: Artificial Intelligence for Health Imaging.</p>
<h2></h2>
<h2><strong>COMFORTAGE</strong></h2>
<p>El proyecto COMFORTAGE busca establecer un marco integral para la prevención, monitorización y gestión de enfermedades relacionadas con el envejecimiento. El objetivo es facilitar la integración de diversas fuentes de datos para mejorar la toma de decisiones clínicas y fomentar la investigación en salud y bienestar. El proyecto se pondrá en marcha próximamente.</p>

<!-- This site is optimized with the Yoast SEO plugin v27.1.1 - https://yoast.com/product/yoast-seo-wordpress/ -->
<title>Inteligencia artificial - Fundació TIC Salut i Social</title>
<meta name="robots" content="index, follow, max-snippet:-1, max-image-preview:large, max-video-preview:-1" />
<link rel="canonical" href="https://ticsalutsocial.atoom.space/es/que-fem/intelligencia-artificial/" />
<meta property="og:locale" content="es_ES" />
<meta property="og:type" content="article" />
<meta property="og:title" content="Inteligencia artificial - Fundació TIC Salut i Social" />
<meta property="og:url" content="https://ticsalutsocial.atoom.space/es/que-fem/intelligencia-artificial/" />
<meta property="og:site_name" content="Fundació TIC Salut i Social" />
<meta property="article:modified_time" content="2024-02-27T15:20:02+00:00" />
<meta name="twitter:card" content="summary_large_image" />
<script type="application/ld+json" class="yoast-schema-graph">{"@context":"https://schema.org","@graph":[{"@type":"WebPage","@id":"https://ticsalutsocial.atoom.space/es/que-fem/intelligencia-artificial/","url":"https://ticsalutsocial.atoom.space/es/que-fem/intelligencia-artificial/","name":"Inteligencia artificial - Fundació TIC Salut i Social","isPartOf":{"@id":"https://ticsalutsocial.atoom.space/es/#website"},"datePublished":"2021-07-07T15:39:13+00:00","dateModified":"2024-02-27T15:20:02+00:00","breadcrumb":{"@id":"https://ticsalutsocial.atoom.space/es/que-fem/intelligencia-artificial/#breadcrumb"},"inLanguage":"es","potentialAction":[{"@type":"ReadAction","target":["https://ticsalutsocial.atoom.space/es/que-fem/intelligencia-artificial/"]}]},{"@type":"BreadcrumbList","@id":"https://ticsalutsocial.atoom.space/es/que-fem/intelligencia-artificial/#breadcrumb","itemListElement":[{"@type":"ListItem","position":1,"name":"Inici","item":"https://ticsalutsocial.atoom.space/es/"},{"@type":"ListItem","position":2,"name":"Que Fem","item":"https://ticsalutsocial.atoom.space/es/que-fem/"},{"@type":"ListItem","position":3,"name":"Inteligencia artificial"}]},{"@type":"WebSite","@id":"https://ticsalutsocial.atoom.space/es/#website","url":"https://ticsalutsocial.atoom.space/es/","name":"Fundació TIC Salut i Social","description":"","potentialAction":[{"@type":"SearchAction","target":{"@type":"EntryPoint","urlTemplate":"https://ticsalutsocial.atoom.space/es/?s={search_term_string}"},"query-input":{"@type":"PropertyValueSpecification","valueRequired":true,"valueName":"search_term_string"}}],"inLanguage":"es"}]}</script>
<!-- / Yoast SEO plugin. -->

Inteligencia artificial - Fundació TIC Salut i Social

Fundació TIC Salut i Social
