
{"id":13869,"date":"2022-07-29T09:45:14","date_gmt":"2022-07-29T07:45:14","guid":{"rendered":"https:\/\/ticsalutsocial.atoom.space\/model-davaluacio\/"},"modified":"2024-02-27T17:13:12","modified_gmt":"2024-02-27T15:13:12","slug":"model-davaluacio","status":"publish","type":"page","link":"https:\/\/ticsalutsocial.atoom.space\/es\/model-davaluacio\/","title":{"rendered":"Modelo de evaluaci\u00f3n"},"content":{"rendered":"","protected":false},"excerpt":{"rendered":"","protected":false},"author":12,"featured_media":0,"parent":0,"menu_order":0,"comment_status":"closed","ping_status":"closed","template":"page-templates\/models.php","meta":{"_acf_changed":false,"inline_featured_image":false,"footnotes":""},"tipus":[],"class_list":["post-13869","page","type-page","status-publish","hentry"],"acf":{"finalitzat":false,"tipus_plantilla":"seccions","template_objectius":{"cont_principal":"","imatge":false,"cont_seguent":{"titol":"","contingut":""},"seccio_llistat":{"titol":"","llistat":false},"objectius":{"titol":"","objectius":false},"documents":false},"template_seccions":{"objectius":{"titol":"OBJETIVOS ESPEC\u00cdFICOS","objectius":[{"icona":false,"texte":"<p><strong>Medir<\/strong> el valor a\u00f1adido aportado por la iniciativa implementada.<\/p>\n"},{"icona":false,"texte":"<p><strong>Identificar<\/strong> los elementos cr\u00edticos de la iniciativa tanto en su dise\u00f1o como en su implementaci\u00f3n.<\/p>\n"},{"icona":false,"texte":"<p><strong>Analizar<\/strong> los resultados e impactos de la iniciativa, as\u00ed como su eficacia y eficiencia.<\/p>\n"},{"icona":false,"texte":"<p><strong>Posibilitar<\/strong> la transferencia de conocimiento promoviendo la r\u00e9plica de buenas pr\u00e1cticas en situaciones an\u00e1logas.<\/p>\n"}]},"cont_flex":[{"acf_fc_layout":"texte","mostrar_numero":false,"backcolor":"gris","titol":"Evaluaci\u00f3n","texte":"<p class=\"p1\">En el contexto de la evaluaci\u00f3n de las soluciones digitales de atenci\u00f3n no presencial, el marco de referencia en Catalu\u00f1a se basa en la adaptaci\u00f3n de modelos internacionales: <em>Model for Assessment of Telemedicine Applications (MAST)<\/em> y la gu\u00eda para evaluar el impacto de la telesalud y la teleasistencia del <em>Scottish Center for Telehealth and Telecare (SCTT)<\/em> y se orienta a llevar a cabo un proceso hol\u00edstico de evaluaci\u00f3n que contemple todas las fases de la iniciativa, desde la identificaci\u00f3n de la necesidad y el dise\u00f1o de la soluci\u00f3n, pasando por su desarrollo e incorporaci\u00f3n a la pr\u00e1ctica asistencial y, por \u00faltimo, la obtenci\u00f3n de resultados y an\u00e1lisis del impacto obtenido:<\/p>\n<p><img loading=\"lazy\" decoding=\"async\" class=\"aligncenter wp-image-14192 size-large\" src=\"https:\/\/ticsalutsocial.atoom.space\/wp-content\/uploads\/2022\/09\/avaluacio-1024x397.png\" alt=\"\" width=\"1024\" height=\"397\" srcset=\"https:\/\/ticsalutsocial.atoom.space\/wp-content\/uploads\/2022\/09\/avaluacio-1024x397.png 1024w, https:\/\/ticsalutsocial.atoom.space\/wp-content\/uploads\/2022\/09\/avaluacio-300x116.png 300w, https:\/\/ticsalutsocial.atoom.space\/wp-content\/uploads\/2022\/09\/avaluacio-768x298.png 768w, https:\/\/ticsalutsocial.atoom.space\/wp-content\/uploads\/2022\/09\/avaluacio.png 1166w\" sizes=\"auto, (max-width: 1024px) 100vw, 1024px\" \/><\/p>\n<p>&nbsp;<\/p>\n"},{"acf_fc_layout":"bloc_acordio","mostrar_numero":false,"backcolor":"gris","titol":"Actores, dominios de evaluaci\u00f3n y casos de uso","introduccio":"<p class=\"p1\">El marco de evaluaci\u00f3n contempla distintos ejes: los actores de inter\u00e9s que intervienen en el uso de la soluci\u00f3n digital, las diferentes dimensiones a considerar en la evaluaci\u00f3n y los casos concretos de uso de la soluci\u00f3n evaluada:<\/p>\n<p><img loading=\"lazy\" decoding=\"async\" class=\"aligncenter wp-image-14195 size-full\" src=\"https:\/\/ticsalutsocial.atoom.space\/wp-content\/uploads\/2022\/09\/avaluacio1.png\" alt=\"\" width=\"513\" height=\"524\" srcset=\"https:\/\/ticsalutsocial.atoom.space\/wp-content\/uploads\/2022\/09\/avaluacio1.png 513w, https:\/\/ticsalutsocial.atoom.space\/wp-content\/uploads\/2022\/09\/avaluacio1-294x300.png 294w\" sizes=\"auto, (max-width: 513px) 100vw, 513px\" \/><\/p>\n","acordio":[{"titol":"Dimensi\u00f3n cl\u00ednica y de salud","contingut":"<p>Mide la capacidad del servicio para mejorar el estado de salud de la persona (frenar la progresi\u00f3n de la enfermedad, la fragilidad o la p\u00e9rdida de independencia o acelerar la rehabilitaci\u00f3n o autogesti\u00f3n de la enfermedad o patolog\u00eda).<\/p>\n","quiz":false,"preguntes_quiz":false,"resultats_general":false,"info_resultats":false,"formulari":false,"formulari_shortcode":""},{"titol":"Dimensi\u00f3n econ\u00f3mica y efectividad","contingut":"<p>evaluaci\u00f3n de los gastos y ganancias con la implementaci\u00f3n del servicio y los an\u00e1lisis de coste-beneficio (ACB), de minimizaci\u00f3n de costes (AMC), coste-efectividad (ACE), de coste-consecuencia.<\/p>\n","quiz":false,"preguntes_quiz":false,"resultats_general":false,"info_resultats":false,"formulari":false,"formulari_shortcode":""},{"titol":"Dimensi\u00f3n de gesti\u00f3n de procesos,\u00a0organizacional y de liderazgo","contingut":"<p>Considera qu\u00e9 tipos de recursos y procesos deben crearse u organizarse en el momento de implementar una nueva iniciativa y qu\u00e9 tipos de cambios o consecuencias puede producir su uso.<\/p>\n","quiz":false,"preguntes_quiz":false,"resultats_general":false,"info_resultats":false,"formulari":false,"formulari_shortcode":""},{"titol":"Dimensi\u00f3n de experiencia del usuario","contingut":"<p>Mide entre otros la percepci\u00f3n y satisfacci\u00f3n de los diferentes agentes implicados en relaci\u00f3n con el servicio digital de atenci\u00f3n no presencial.<\/p>\n","quiz":false,"preguntes_quiz":false,"resultats_general":false,"info_resultats":false,"formulari":false,"formulari_shortcode":""},{"titol":"Dimensi\u00f3n sociocultural, \u00e9tica y legal","contingut":"<p>Evaluaci\u00f3n de los aspectos en los que influye la iniciativa social, \u00e9tica y legal tanto para la soluci\u00f3n digital como para el servicio.<\/p>\n","quiz":false,"preguntes_quiz":false,"resultats_general":false,"info_resultats":false,"formulari":false,"formulari_shortcode":""},{"titol":"Dimensi\u00f3n funcional y tecnol\u00f3gica","contingut":"<p>eval\u00faa aspectos como la seguridad, la privacidad y protecci\u00f3n de datos, la usabilidad, fiabilidad, etc.<\/p>\n","quiz":false,"preguntes_quiz":false,"resultats_general":false,"info_resultats":false,"formulari":false,"formulari_shortcode":""}],"texte":""}]}},"yoast_head":"<!-- This site is optimized with the Yoast SEO plugin v27.1.1 - https:\/\/yoast.com\/product\/yoast-seo-wordpress\/ -->\n<title>Modelo de evaluaci\u00f3n - Fundaci\u00f3 TIC Salut i Social<\/title>\n<meta name=\"robots\" content=\"index, follow, max-snippet:-1, max-image-preview:large, max-video-preview:-1\" \/>\n<link rel=\"canonical\" href=\"https:\/\/ticsalutsocial.atoom.space\/es\/model-davaluacio\/\" \/>\n<meta property=\"og:locale\" content=\"es_ES\" \/>\n<meta property=\"og:type\" content=\"article\" \/>\n<meta property=\"og:title\" content=\"Modelo de evaluaci\u00f3n - Fundaci\u00f3 TIC Salut i Social\" \/>\n<meta property=\"og:url\" content=\"https:\/\/ticsalutsocial.atoom.space\/es\/model-davaluacio\/\" \/>\n<meta property=\"og:site_name\" content=\"Fundaci\u00f3 TIC Salut i Social\" \/>\n<meta property=\"article:modified_time\" content=\"2024-02-27T15:13:12+00:00\" \/>\n<meta name=\"twitter:card\" content=\"summary_large_image\" \/>\n<script type=\"application\/ld+json\" class=\"yoast-schema-graph\">{\"@context\":\"https:\/\/schema.org\",\"@graph\":[{\"@type\":\"WebPage\",\"@id\":\"https:\/\/ticsalutsocial.atoom.space\/es\/model-davaluacio\/\",\"url\":\"https:\/\/ticsalutsocial.atoom.space\/es\/model-davaluacio\/\",\"name\":\"Modelo de evaluaci\u00f3n - Fundaci\u00f3 TIC Salut i Social\",\"isPartOf\":{\"@id\":\"https:\/\/ticsalutsocial.atoom.space\/es\/#website\"},\"datePublished\":\"2022-07-29T07:45:14+00:00\",\"dateModified\":\"2024-02-27T15:13:12+00:00\",\"breadcrumb\":{\"@id\":\"https:\/\/ticsalutsocial.atoom.space\/es\/model-davaluacio\/#breadcrumb\"},\"inLanguage\":\"es\",\"potentialAction\":[{\"@type\":\"ReadAction\",\"target\":[\"https:\/\/ticsalutsocial.atoom.space\/es\/model-davaluacio\/\"]}]},{\"@type\":\"BreadcrumbList\",\"@id\":\"https:\/\/ticsalutsocial.atoom.space\/es\/model-davaluacio\/#breadcrumb\",\"itemListElement\":[{\"@type\":\"ListItem\",\"position\":1,\"name\":\"Inici\",\"item\":\"https:\/\/ticsalutsocial.atoom.space\/es\/\"},{\"@type\":\"ListItem\",\"position\":2,\"name\":\"Modelo de evaluaci\u00f3n\"}]},{\"@type\":\"WebSite\",\"@id\":\"https:\/\/ticsalutsocial.atoom.space\/es\/#website\",\"url\":\"https:\/\/ticsalutsocial.atoom.space\/es\/\",\"name\":\"Fundaci\u00f3 TIC Salut i Social\",\"description\":\"\",\"potentialAction\":[{\"@type\":\"SearchAction\",\"target\":{\"@type\":\"EntryPoint\",\"urlTemplate\":\"https:\/\/ticsalutsocial.atoom.space\/es\/?s={search_term_string}\"},\"query-input\":{\"@type\":\"PropertyValueSpecification\",\"valueRequired\":true,\"valueName\":\"search_term_string\"}}],\"inLanguage\":\"es\"}]}<\/script>\n<!-- \/ Yoast SEO plugin. -->","yoast_head_json":{"title":"Modelo de evaluaci\u00f3n - Fundaci\u00f3 TIC Salut i Social","robots":{"index":"index","follow":"follow","max-snippet":"max-snippet:-1","max-image-preview":"max-image-preview:large","max-video-preview":"max-video-preview:-1"},"canonical":"https:\/\/ticsalutsocial.atoom.space\/es\/model-davaluacio\/","og_locale":"es_ES","og_type":"article","og_title":"Modelo de evaluaci\u00f3n - Fundaci\u00f3 TIC Salut i Social","og_url":"https:\/\/ticsalutsocial.atoom.space\/es\/model-davaluacio\/","og_site_name":"Fundaci\u00f3 TIC Salut i Social","article_modified_time":"2024-02-27T15:13:12+00:00","twitter_card":"summary_large_image","schema":{"@context":"https:\/\/schema.org","@graph":[{"@type":"WebPage","@id":"https:\/\/ticsalutsocial.atoom.space\/es\/model-davaluacio\/","url":"https:\/\/ticsalutsocial.atoom.space\/es\/model-davaluacio\/","name":"Modelo de evaluaci\u00f3n - Fundaci\u00f3 TIC Salut i Social","isPartOf":{"@id":"https:\/\/ticsalutsocial.atoom.space\/es\/#website"},"datePublished":"2022-07-29T07:45:14+00:00","dateModified":"2024-02-27T15:13:12+00:00","breadcrumb":{"@id":"https:\/\/ticsalutsocial.atoom.space\/es\/model-davaluacio\/#breadcrumb"},"inLanguage":"es","potentialAction":[{"@type":"ReadAction","target":["https:\/\/ticsalutsocial.atoom.space\/es\/model-davaluacio\/"]}]},{"@type":"BreadcrumbList","@id":"https:\/\/ticsalutsocial.atoom.space\/es\/model-davaluacio\/#breadcrumb","itemListElement":[{"@type":"ListItem","position":1,"name":"Inici","item":"https:\/\/ticsalutsocial.atoom.space\/es\/"},{"@type":"ListItem","position":2,"name":"Modelo de evaluaci\u00f3n"}]},{"@type":"WebSite","@id":"https:\/\/ticsalutsocial.atoom.space\/es\/#website","url":"https:\/\/ticsalutsocial.atoom.space\/es\/","name":"Fundaci\u00f3 TIC Salut i Social","description":"","potentialAction":[{"@type":"SearchAction","target":{"@type":"EntryPoint","urlTemplate":"https:\/\/ticsalutsocial.atoom.space\/es\/?s={search_term_string}"},"query-input":{"@type":"PropertyValueSpecification","valueRequired":true,"valueName":"search_term_string"}}],"inLanguage":"es"}]}},"_links":{"self":[{"href":"https:\/\/ticsalutsocial.atoom.space\/es\/wp-json\/wp\/v2\/pages\/13869","targetHints":{"allow":["GET"]}}],"collection":[{"href":"https:\/\/ticsalutsocial.atoom.space\/es\/wp-json\/wp\/v2\/pages"}],"about":[{"href":"https:\/\/ticsalutsocial.atoom.space\/es\/wp-json\/wp\/v2\/types\/page"}],"author":[{"embeddable":true,"href":"https:\/\/ticsalutsocial.atoom.space\/es\/wp-json\/wp\/v2\/users\/12"}],"replies":[{"embeddable":true,"href":"https:\/\/ticsalutsocial.atoom.space\/es\/wp-json\/wp\/v2\/comments?post=13869"}],"version-history":[{"count":9,"href":"https:\/\/ticsalutsocial.atoom.space\/es\/wp-json\/wp\/v2\/pages\/13869\/revisions"}],"predecessor-version":[{"id":25608,"href":"https:\/\/ticsalutsocial.atoom.space\/es\/wp-json\/wp\/v2\/pages\/13869\/revisions\/25608"}],"wp:attachment":[{"href":"https:\/\/ticsalutsocial.atoom.space\/es\/wp-json\/wp\/v2\/media?parent=13869"}],"wp:term":[{"taxonomy":"tipus","embeddable":true,"href":"https:\/\/ticsalutsocial.atoom.space\/es\/wp-json\/wp\/v2\/tipus?post=13869"}],"curies":[{"name":"wp","href":"https:\/\/api.w.org\/{rel}","templated":true}]}}

Modelo de evaluación

OBJETIVOS ESPECÍFICOS

<p><strong>Medir</strong> el valor añadido aportado por la iniciativa implementada.</p>

<p><strong>Identificar</strong> los elementos críticos de la iniciativa tanto en su diseño como en su implementación.</p>

<p><strong>Analizar</strong> los resultados e impactos de la iniciativa, así como su eficacia y eficiencia.</p>

<p><strong>Posibilitar</strong> la transferencia de conocimiento promoviendo la réplica de buenas prácticas en situaciones análogas.</p>

Evaluación

<p class="p1">En el contexto de la evaluación de las soluciones digitales de atención no presencial, el marco de referencia en Cataluña se basa en la adaptación de modelos internacionales: <em>Model for Assessment of Telemedicine Applications (MAST)</em> y la guía para evaluar el impacto de la telesalud y la teleasistencia del <em>Scottish Center for Telehealth and Telecare (SCTT)</em> y se orienta a llevar a cabo un proceso holístico de evaluación que contemple todas las fases de la iniciativa, desde la identificación de la necesidad y el diseño de la solución, pasando por su desarrollo e incorporación a la práctica asistencial y, por último, la obtención de resultados y análisis del impacto obtenido:</p>
<p><img loading="lazy" decoding="async" class="aligncenter wp-image-14192 size-large" src="https://ticsalutsocial.atoom.space/wp-content/uploads/2022/09/avaluacio-1024x397.png" alt="" width="1024" height="397" srcset="https://ticsalutsocial.atoom.space/wp-content/uploads/2022/09/avaluacio-1024x397.png 1024w, https://ticsalutsocial.atoom.space/wp-content/uploads/2022/09/avaluacio-300x116.png 300w, https://ticsalutsocial.atoom.space/wp-content/uploads/2022/09/avaluacio-768x298.png 768w, https://ticsalutsocial.atoom.space/wp-content/uploads/2022/09/avaluacio.png 1166w" sizes="auto, (max-width: 1024px) 100vw, 1024px" /></p>
<p>&nbsp;</p>

Actores, dominios de evaluación y casos de uso

<p class="p1">El marco de evaluación contempla distintos ejes: los actores de interés que intervienen en el uso de la solución digital, las diferentes dimensiones a considerar en la evaluación y los casos concretos de uso de la solución evaluada:</p>
<p><img loading="lazy" decoding="async" class="aligncenter wp-image-14195 size-full" src="https://ticsalutsocial.atoom.space/wp-content/uploads/2022/09/avaluacio1.png" alt="" width="513" height="524" srcset="https://ticsalutsocial.atoom.space/wp-content/uploads/2022/09/avaluacio1.png 513w, https://ticsalutsocial.atoom.space/wp-content/uploads/2022/09/avaluacio1-294x300.png 294w" sizes="auto, (max-width: 513px) 100vw, 513px" /></p>

Dimensión clínica y de salud

<p>Mide la capacidad del servicio para mejorar el estado de salud de la persona (frenar la progresión de la enfermedad, la fragilidad o la pérdida de independencia o acelerar la rehabilitación o autogestión de la enfermedad o patología).</p>

Dimensión económica y efectividad

<p>evaluación de los gastos y ganancias con la implementación del servicio y los análisis de coste-beneficio (ACB), de minimización de costes (AMC), coste-efectividad (ACE), de coste-consecuencia.</p>

Dimensión de gestión de procesos, organizacional y de liderazgo

<p>Considera qué tipos de recursos y procesos deben crearse u organizarse en el momento de implementar una nueva iniciativa y qué tipos de cambios o consecuencias puede producir su uso.</p>

Dimensión de experiencia del usuario

<p>Mide entre otros la percepción y satisfacción de los diferentes agentes implicados en relación con el servicio digital de atención no presencial.</p>

Dimensión sociocultural, ética y legal

<p>Evaluación de los aspectos en los que influye la iniciativa social, ética y legal tanto para la solución digital como para el servicio.</p>

Dimensión funcional y tecnológica

<p>evalúa aspectos como la seguridad, la privacidad y protección de datos, la usabilidad, fiabilidad, etc.</p>

<!-- This site is optimized with the Yoast SEO plugin v27.1.1 - https://yoast.com/product/yoast-seo-wordpress/ -->
<title>Modelo de evaluación - Fundació TIC Salut i Social</title>
<meta name="robots" content="index, follow, max-snippet:-1, max-image-preview:large, max-video-preview:-1" />
<link rel="canonical" href="https://ticsalutsocial.atoom.space/es/model-davaluacio/" />
<meta property="og:locale" content="es_ES" />
<meta property="og:type" content="article" />
<meta property="og:title" content="Modelo de evaluación - Fundació TIC Salut i Social" />
<meta property="og:url" content="https://ticsalutsocial.atoom.space/es/model-davaluacio/" />
<meta property="og:site_name" content="Fundació TIC Salut i Social" />
<meta property="article:modified_time" content="2024-02-27T15:13:12+00:00" />
<meta name="twitter:card" content="summary_large_image" />
<script type="application/ld+json" class="yoast-schema-graph">{"@context":"https://schema.org","@graph":[{"@type":"WebPage","@id":"https://ticsalutsocial.atoom.space/es/model-davaluacio/","url":"https://ticsalutsocial.atoom.space/es/model-davaluacio/","name":"Modelo de evaluación - Fundació TIC Salut i Social","isPartOf":{"@id":"https://ticsalutsocial.atoom.space/es/#website"},"datePublished":"2022-07-29T07:45:14+00:00","dateModified":"2024-02-27T15:13:12+00:00","breadcrumb":{"@id":"https://ticsalutsocial.atoom.space/es/model-davaluacio/#breadcrumb"},"inLanguage":"es","potentialAction":[{"@type":"ReadAction","target":["https://ticsalutsocial.atoom.space/es/model-davaluacio/"]}]},{"@type":"BreadcrumbList","@id":"https://ticsalutsocial.atoom.space/es/model-davaluacio/#breadcrumb","itemListElement":[{"@type":"ListItem","position":1,"name":"Inici","item":"https://ticsalutsocial.atoom.space/es/"},{"@type":"ListItem","position":2,"name":"Modelo de evaluación"}]},{"@type":"WebSite","@id":"https://ticsalutsocial.atoom.space/es/#website","url":"https://ticsalutsocial.atoom.space/es/","name":"Fundació TIC Salut i Social","description":"","potentialAction":[{"@type":"SearchAction","target":{"@type":"EntryPoint","urlTemplate":"https://ticsalutsocial.atoom.space/es/?s={search_term_string}"},"query-input":{"@type":"PropertyValueSpecification","valueRequired":true,"valueName":"search_term_string"}}],"inLanguage":"es"}]}</script>
<!-- / Yoast SEO plugin. -->

Modelo de evaluación - Fundació TIC Salut i Social

Fundació TIC Salut i Social
