
{"id":25571,"date":"2024-01-26T10:02:45","date_gmt":"2024-01-26T08:02:45","guid":{"rendered":"https:\/\/ticsalutsocial.atoom.space\/que-fem\/atencio-digital-personalitzada\/"},"modified":"2024-02-27T14:42:33","modified_gmt":"2024-02-27T12:42:33","slug":"atencio-digital-personalitzada","status":"publish","type":"page","link":"https:\/\/ticsalutsocial.atoom.space\/es\/que-fem\/atencio-digital-personalitzada\/","title":{"rendered":"Atenci\u00f3n digital personalizada"},"content":{"rendered":"","protected":false},"excerpt":{"rendered":"","protected":false},"author":21,"featured_media":0,"parent":24861,"menu_order":0,"comment_status":"closed","ping_status":"closed","template":"page-templates\/ia.php","meta":{"_acf_changed":false,"inline_featured_image":false,"footnotes":""},"tipus":[],"class_list":["post-25571","page","type-page","status-publish","hentry"],"acf":{"finalitzat":false,"tipus_plantilla":"seccions","template_objectius":{"cont_principal":"","imatge":false,"cont_seguent":{"titol":"","contingut":""},"seccio_llistat":{"titol":"","llistat":false},"objectius":{"titol":"","objectius":false},"documents":false},"template_seccions":{"objectius":{"titol":"","objectius":[{"icona":false,"texte":"<p>EL \u00c1rea de Atenci\u00f3n Digital Personalizada impulsa el uso de la tecnolog\u00eda en los procesos asistenciales para que acontezcan m\u00e1s proactivos, participativos, colaborativos, inteligentes y personalizados, y\u00a0 asegurar el adelanto del sistema de salud.<\/p>\n"},{"icona":false,"texte":"<p>EL \u00c1rea de Atenci\u00f3n Digital Personalizada centra sus esfuerzos en las herramientas tecnol\u00f3gicas que aproximen el modelo asistencial al de la <strong>Medicina Personalizada de Precisi\u00f3n y la e-Health.<\/strong><\/p>\n"}]},"cont_flex":[{"acf_fc_layout":"video","mostrar_numero":true,"backcolor":"blanc","titol":"<br \/>\r\nObjetivos del \u00e1rea","texte_intro":"<ul>\n<li><strong>Definir, dise\u00f1ar y desarrollar protocolos<\/strong> y herramientas tecnol\u00f3gicas que garanticen el seguimiento personalizado, proactivo y estandarizado del ciudadano.<\/li>\n<li><strong>Potenciar la eficiencia y la accesibilidad<\/strong> de los servicios tecnol\u00f3gicos de asistencia construy\u00e9ndolos de una mirada modular que comprenda tanto determinantes moleculares como ambientales.<\/li>\n<li><strong>Implementar modelos<\/strong> integrativos de detecci\u00f3n, diagn\u00f3stico, tratamiento y seguimiento del paciente.<\/li>\n<li><strong>Evaluar soluciones tecnol\u00f3gica<\/strong>s que adecuen la atenci\u00f3n sanitaria y social a las necesidades del sistema, centr\u00e1ndose en el individuo y la poblaci\u00f3n.<\/li>\n<\/ul>\n","nom_video":"","data_video":"","img_prev":false,"url_video":"","texte_inferior":"","documents":false,"texte_adicional":"","documents_adicionals":false}]},"frase_intro":""},"yoast_head":"<!-- This site is optimized with the Yoast SEO plugin v27.1.1 - https:\/\/yoast.com\/product\/yoast-seo-wordpress\/ -->\n<title>Atenci\u00f3n digital personalizada - Fundaci\u00f3 TIC Salut i Social<\/title>\n<meta name=\"robots\" content=\"index, follow, max-snippet:-1, max-image-preview:large, max-video-preview:-1\" \/>\n<link rel=\"canonical\" href=\"https:\/\/ticsalutsocial.atoom.space\/es\/que-fem\/atencio-digital-personalitzada\/\" \/>\n<meta property=\"og:locale\" content=\"es_ES\" \/>\n<meta property=\"og:type\" content=\"article\" \/>\n<meta property=\"og:title\" content=\"Atenci\u00f3n digital personalizada - Fundaci\u00f3 TIC Salut i Social\" \/>\n<meta property=\"og:url\" content=\"https:\/\/ticsalutsocial.atoom.space\/es\/que-fem\/atencio-digital-personalitzada\/\" \/>\n<meta property=\"og:site_name\" content=\"Fundaci\u00f3 TIC Salut i Social\" \/>\n<meta property=\"article:modified_time\" content=\"2024-02-27T12:42:33+00:00\" \/>\n<meta name=\"twitter:card\" content=\"summary_large_image\" \/>\n<script type=\"application\/ld+json\" class=\"yoast-schema-graph\">{\"@context\":\"https:\/\/schema.org\",\"@graph\":[{\"@type\":\"WebPage\",\"@id\":\"https:\/\/ticsalutsocial.atoom.space\/es\/que-fem\/atencio-digital-personalitzada\/\",\"url\":\"https:\/\/ticsalutsocial.atoom.space\/es\/que-fem\/atencio-digital-personalitzada\/\",\"name\":\"Atenci\u00f3n digital personalizada - Fundaci\u00f3 TIC Salut i Social\",\"isPartOf\":{\"@id\":\"https:\/\/ticsalutsocial.atoom.space\/es\/#website\"},\"datePublished\":\"2024-01-26T08:02:45+00:00\",\"dateModified\":\"2024-02-27T12:42:33+00:00\",\"breadcrumb\":{\"@id\":\"https:\/\/ticsalutsocial.atoom.space\/es\/que-fem\/atencio-digital-personalitzada\/#breadcrumb\"},\"inLanguage\":\"es\",\"potentialAction\":[{\"@type\":\"ReadAction\",\"target\":[\"https:\/\/ticsalutsocial.atoom.space\/es\/que-fem\/atencio-digital-personalitzada\/\"]}]},{\"@type\":\"BreadcrumbList\",\"@id\":\"https:\/\/ticsalutsocial.atoom.space\/es\/que-fem\/atencio-digital-personalitzada\/#breadcrumb\",\"itemListElement\":[{\"@type\":\"ListItem\",\"position\":1,\"name\":\"Inici\",\"item\":\"https:\/\/ticsalutsocial.atoom.space\/es\/\"},{\"@type\":\"ListItem\",\"position\":2,\"name\":\"Que Fem\",\"item\":\"https:\/\/ticsalutsocial.atoom.space\/es\/que-fem\/\"},{\"@type\":\"ListItem\",\"position\":3,\"name\":\"Atenci\u00f3n digital personalizada\"}]},{\"@type\":\"WebSite\",\"@id\":\"https:\/\/ticsalutsocial.atoom.space\/es\/#website\",\"url\":\"https:\/\/ticsalutsocial.atoom.space\/es\/\",\"name\":\"Fundaci\u00f3 TIC Salut i Social\",\"description\":\"\",\"potentialAction\":[{\"@type\":\"SearchAction\",\"target\":{\"@type\":\"EntryPoint\",\"urlTemplate\":\"https:\/\/ticsalutsocial.atoom.space\/es\/?s={search_term_string}\"},\"query-input\":{\"@type\":\"PropertyValueSpecification\",\"valueRequired\":true,\"valueName\":\"search_term_string\"}}],\"inLanguage\":\"es\"}]}<\/script>\n<!-- \/ Yoast SEO plugin. -->","yoast_head_json":{"title":"Atenci\u00f3n digital personalizada - Fundaci\u00f3 TIC Salut i Social","robots":{"index":"index","follow":"follow","max-snippet":"max-snippet:-1","max-image-preview":"max-image-preview:large","max-video-preview":"max-video-preview:-1"},"canonical":"https:\/\/ticsalutsocial.atoom.space\/es\/que-fem\/atencio-digital-personalitzada\/","og_locale":"es_ES","og_type":"article","og_title":"Atenci\u00f3n digital personalizada - Fundaci\u00f3 TIC Salut i Social","og_url":"https:\/\/ticsalutsocial.atoom.space\/es\/que-fem\/atencio-digital-personalitzada\/","og_site_name":"Fundaci\u00f3 TIC Salut i Social","article_modified_time":"2024-02-27T12:42:33+00:00","twitter_card":"summary_large_image","schema":{"@context":"https:\/\/schema.org","@graph":[{"@type":"WebPage","@id":"https:\/\/ticsalutsocial.atoom.space\/es\/que-fem\/atencio-digital-personalitzada\/","url":"https:\/\/ticsalutsocial.atoom.space\/es\/que-fem\/atencio-digital-personalitzada\/","name":"Atenci\u00f3n digital personalizada - Fundaci\u00f3 TIC Salut i Social","isPartOf":{"@id":"https:\/\/ticsalutsocial.atoom.space\/es\/#website"},"datePublished":"2024-01-26T08:02:45+00:00","dateModified":"2024-02-27T12:42:33+00:00","breadcrumb":{"@id":"https:\/\/ticsalutsocial.atoom.space\/es\/que-fem\/atencio-digital-personalitzada\/#breadcrumb"},"inLanguage":"es","potentialAction":[{"@type":"ReadAction","target":["https:\/\/ticsalutsocial.atoom.space\/es\/que-fem\/atencio-digital-personalitzada\/"]}]},{"@type":"BreadcrumbList","@id":"https:\/\/ticsalutsocial.atoom.space\/es\/que-fem\/atencio-digital-personalitzada\/#breadcrumb","itemListElement":[{"@type":"ListItem","position":1,"name":"Inici","item":"https:\/\/ticsalutsocial.atoom.space\/es\/"},{"@type":"ListItem","position":2,"name":"Que Fem","item":"https:\/\/ticsalutsocial.atoom.space\/es\/que-fem\/"},{"@type":"ListItem","position":3,"name":"Atenci\u00f3n digital personalizada"}]},{"@type":"WebSite","@id":"https:\/\/ticsalutsocial.atoom.space\/es\/#website","url":"https:\/\/ticsalutsocial.atoom.space\/es\/","name":"Fundaci\u00f3 TIC Salut i Social","description":"","potentialAction":[{"@type":"SearchAction","target":{"@type":"EntryPoint","urlTemplate":"https:\/\/ticsalutsocial.atoom.space\/es\/?s={search_term_string}"},"query-input":{"@type":"PropertyValueSpecification","valueRequired":true,"valueName":"search_term_string"}}],"inLanguage":"es"}]}},"_links":{"self":[{"href":"https:\/\/ticsalutsocial.atoom.space\/es\/wp-json\/wp\/v2\/pages\/25571","targetHints":{"allow":["GET"]}}],"collection":[{"href":"https:\/\/ticsalutsocial.atoom.space\/es\/wp-json\/wp\/v2\/pages"}],"about":[{"href":"https:\/\/ticsalutsocial.atoom.space\/es\/wp-json\/wp\/v2\/types\/page"}],"author":[{"embeddable":true,"href":"https:\/\/ticsalutsocial.atoom.space\/es\/wp-json\/wp\/v2\/users\/21"}],"replies":[{"embeddable":true,"href":"https:\/\/ticsalutsocial.atoom.space\/es\/wp-json\/wp\/v2\/comments?post=25571"}],"version-history":[{"count":2,"href":"https:\/\/ticsalutsocial.atoom.space\/es\/wp-json\/wp\/v2\/pages\/25571\/revisions"}],"predecessor-version":[{"id":25573,"href":"https:\/\/ticsalutsocial.atoom.space\/es\/wp-json\/wp\/v2\/pages\/25571\/revisions\/25573"}],"up":[{"embeddable":true,"href":"https:\/\/ticsalutsocial.atoom.space\/es\/wp-json\/wp\/v2\/pages\/24861"}],"wp:attachment":[{"href":"https:\/\/ticsalutsocial.atoom.space\/es\/wp-json\/wp\/v2\/media?parent=25571"}],"wp:term":[{"taxonomy":"tipus","embeddable":true,"href":"https:\/\/ticsalutsocial.atoom.space\/es\/wp-json\/wp\/v2\/tipus?post=25571"}],"curies":[{"name":"wp","href":"https:\/\/api.w.org\/{rel}","templated":true}]}}

Atención digital personalizada

<p>EL Área de Atención Digital Personalizada impulsa el uso de la tecnología en los procesos asistenciales para que acontezcan más proactivos, participativos, colaborativos, inteligentes y personalizados, y  asegurar el adelanto del sistema de salud.</p>

<p>EL Área de Atención Digital Personalizada centra sus esfuerzos en las herramientas tecnológicas que aproximen el modelo asistencial al de la <strong>Medicina Personalizada de Precisión y la e-Health.</strong></p>

<br />
Objetivos del área

<ul>
<li><strong>Definir, diseñar y desarrollar protocolos</strong> y herramientas tecnológicas que garanticen el seguimiento personalizado, proactivo y estandarizado del ciudadano.</li>
<li><strong>Potenciar la eficiencia y la accesibilidad</strong> de los servicios tecnológicos de asistencia construyéndolos de una mirada modular que comprenda tanto determinantes moleculares como ambientales.</li>
<li><strong>Implementar modelos</strong> integrativos de detección, diagnóstico, tratamiento y seguimiento del paciente.</li>
<li><strong>Evaluar soluciones tecnológica</strong>s que adecuen la atención sanitaria y social a las necesidades del sistema, centrándose en el individuo y la población.</li>
</ul>

<!-- This site is optimized with the Yoast SEO plugin v27.1.1 - https://yoast.com/product/yoast-seo-wordpress/ -->
<title>Atención digital personalizada - Fundació TIC Salut i Social</title>
<meta name="robots" content="index, follow, max-snippet:-1, max-image-preview:large, max-video-preview:-1" />
<link rel="canonical" href="https://ticsalutsocial.atoom.space/es/que-fem/atencio-digital-personalitzada/" />
<meta property="og:locale" content="es_ES" />
<meta property="og:type" content="article" />
<meta property="og:title" content="Atención digital personalizada - Fundació TIC Salut i Social" />
<meta property="og:url" content="https://ticsalutsocial.atoom.space/es/que-fem/atencio-digital-personalitzada/" />
<meta property="og:site_name" content="Fundació TIC Salut i Social" />
<meta property="article:modified_time" content="2024-02-27T12:42:33+00:00" />
<meta name="twitter:card" content="summary_large_image" />
<script type="application/ld+json" class="yoast-schema-graph">{"@context":"https://schema.org","@graph":[{"@type":"WebPage","@id":"https://ticsalutsocial.atoom.space/es/que-fem/atencio-digital-personalitzada/","url":"https://ticsalutsocial.atoom.space/es/que-fem/atencio-digital-personalitzada/","name":"Atención digital personalizada - Fundació TIC Salut i Social","isPartOf":{"@id":"https://ticsalutsocial.atoom.space/es/#website"},"datePublished":"2024-01-26T08:02:45+00:00","dateModified":"2024-02-27T12:42:33+00:00","breadcrumb":{"@id":"https://ticsalutsocial.atoom.space/es/que-fem/atencio-digital-personalitzada/#breadcrumb"},"inLanguage":"es","potentialAction":[{"@type":"ReadAction","target":["https://ticsalutsocial.atoom.space/es/que-fem/atencio-digital-personalitzada/"]}]},{"@type":"BreadcrumbList","@id":"https://ticsalutsocial.atoom.space/es/que-fem/atencio-digital-personalitzada/#breadcrumb","itemListElement":[{"@type":"ListItem","position":1,"name":"Inici","item":"https://ticsalutsocial.atoom.space/es/"},{"@type":"ListItem","position":2,"name":"Que Fem","item":"https://ticsalutsocial.atoom.space/es/que-fem/"},{"@type":"ListItem","position":3,"name":"Atención digital personalizada"}]},{"@type":"WebSite","@id":"https://ticsalutsocial.atoom.space/es/#website","url":"https://ticsalutsocial.atoom.space/es/","name":"Fundació TIC Salut i Social","description":"","potentialAction":[{"@type":"SearchAction","target":{"@type":"EntryPoint","urlTemplate":"https://ticsalutsocial.atoom.space/es/?s={search_term_string}"},"query-input":{"@type":"PropertyValueSpecification","valueRequired":true,"valueName":"search_term_string"}}],"inLanguage":"es"}]}</script>
<!-- / Yoast SEO plugin. -->

Atención digital personalizada - Fundació TIC Salut i Social

Fundació TIC Salut i Social
