
{"id":25587,"date":"2024-01-22T16:30:59","date_gmt":"2024-01-22T14:30:59","guid":{"rendered":"https:\/\/ticsalutsocial.atoom.space\/que-fem\/integracio-social-i-sanitaria\/"},"modified":"2024-02-27T15:48:21","modified_gmt":"2024-02-27T13:48:21","slug":"integracio-social-i-sanitaria","status":"publish","type":"page","link":"https:\/\/ticsalutsocial.atoom.space\/es\/que-fem\/integracio-social-i-sanitaria\/","title":{"rendered":"Integraci\u00f3n social y sanitaria"},"content":{"rendered":"","protected":false},"excerpt":{"rendered":"","protected":false},"author":21,"featured_media":0,"parent":24861,"menu_order":0,"comment_status":"closed","ping_status":"closed","template":"page-templates\/ambit-social.php","meta":{"_acf_changed":false,"inline_featured_image":false,"footnotes":""},"tipus":[94],"class_list":["post-25587","page","type-page","status-publish","hentry","tipus-integracion-social-y-sanitaria"],"acf":{"finalitzat":false,"tipus_plantilla":"seccions","template_objectius":{"cont_principal":"","imatge":false,"cont_seguent":{"titol":"","contingut":""},"seccio_llistat":{"titol":"","llistat":false},"objectius":{"titol":"","objectius":false},"documents":false},"frase_intro":"<h2>Integraci\u00f3n social y sanitaria<\/h2>\n","template_seccions":{"objectius":{"titol":"","objectius":false},"cont_flex":[{"acf_fc_layout":"texte","mostrar_numero":true,"backcolor":"gris","titol":"Integraci\u00f3n social y sanitaria","texte":"<p>En el marco del Plan de Gobierno 2013-2016, mediante Acuerdo GOV\/120\/2013, para crear el Plan interdepartamental de interacci\u00f3n de los servicios sanitarios y sociales.<br \/>\nPosteriormente se profundiz\u00f3 en el modelo dise\u00f1ado y, mediante el Acuerdo GOV\/28\/2014, de 25 de febrero, se cre\u00f3 el Plan interdepartamental de atenci\u00f3n e interacci\u00f3n social y sanitaria (PIAISS) como expresi\u00f3n de la voluntad del Gobierno ir un paso m\u00e1s all\u00e1 en la interacci\u00f3n entre los servicios sanitarios y sociales y la apuesta por un modelo asistencial centrado en las personas.<\/p>\n<p>En el Plan de Gobierno para la XII legislatura, aprobado el 25 septiembre de 2018, se pone de manifiesto la necesidad de desplegar una estrategia \u00fanica de atenci\u00f3n integrada social y sanitaria debido a las necesidades sanitarias y sociales de la poblaci\u00f3n, especialmente para aquellas personas que son mayores o tienen necesidades complejas. Esta estrategia debe promover la autonom\u00eda personal y facilitar la permanencia en el entorno habitual y la inclusi\u00f3n social de estas personas. Para alcanzar este objetivo es necesario reforzar el valor de la atenci\u00f3n integral e integrada a las personas y el valor de la eficiencia y la calidad del modelo de provisi\u00f3n, promoviendo el encaje de los servicios sanitarios y sociales, lo que determina la conveniencia de redefinir el PIAISS, que se sustituye por el nuevo Plan de Atenci\u00f3n Integrada Social y Sanitaria (PAISS).<\/p>\n"},{"acf_fc_layout":"texte","mostrar_numero":true,"backcolor":"blanc","titol":"HISS - Hubos de Innovaci\u00f3n Social y Sanitaria en Catalu\u00f1a","texte":"<p>El HISS cuenta con una red de colaboradores clave en el ecosistema de innovaci\u00f3n social y sanitaria que nos permite acercar nuestros proyectos a aquellos stakeholders que m\u00e1s pueden beneficiarse y acelerar su desarrollo.<\/p>\n<p>Asimismo, permite a las diferentes entidades conocer y acercarse a aquellos proyectos que se est\u00e1n desarrollando en Catalu\u00f1a y que pueden dar soluci\u00f3n a los retos con los que se encuentran en su d\u00eda a d\u00eda.<\/p>\n<p>La Fundaci\u00f3n forma parte del comit\u00e9 ejecutivo y del comit\u00e9 de direcci\u00f3n del HISS del Consorcio Sanitario de Terrassa:<\/p>\n<p><a class=\"consult-btn\" style=\"text-decoration: none;\" href=\"https:\/\/www.hiss.cat\/col-laboradors\/\" target=\"_blank\" rel=\"noopener\">Visita la web<\/a><\/p>\n<p>&nbsp;<\/p>\n<h3>Colaboratorios de salud y bienestar de Catalu\u00f1a<\/h3>\n<p>En el marco de los <em><strong>HISS<\/strong><\/em>, la Fundaci\u00f3n participa en las jornadas de trabajo del <strong><em>Colaboratorio salud y bienestar de Catalu\u00f1a<\/em><\/strong> junto con el resto de entidades, empresas y ciudadan\u00eda participantes.<\/p>\n<p>Los <strong><em>colabos<\/em> <\/strong>son laboratorios de innovaci\u00f3n social para promover, impulsar, dise\u00f1ar y validar los usos y el impacto positivo de las tecnolog\u00edas digitales dirigidas a la salud y al bienestar de las personas.<\/p>\n<p>Identifican a agentes innovadores de todo el territorio catal\u00e1n para ponerlos en contacto como grupo motor y para incubar ideas, impulsar sesiones de trabajo, debates, proyectos y otras iniciativas de colaboraci\u00f3n y trabajo en red.<\/p>\n<p>Para ampliar informaci\u00f3n referente a esta iniciativa se puede acceder al siguiente enlace:<\/p>\n<p><a class=\"consult-btn\" style=\"text-decoration: none;\" href=\"https:\/\/colabscatalunya.cat\/\" target=\"_blank\" rel=\"noopener\">Visita el web<\/a><\/p>\n"},{"acf_fc_layout":"texte","mostrar_numero":true,"backcolor":"gris","titol":"Informaci\u00f3n y proyectos relacionados","texte":"<p><a class=\"consult-btn consult-btn-mult\" href=\"https:\/\/salutweb.gencat.cat\/ca\/site\/aiss\/inici\/\" target=\"_blank\" rel=\"noopener\">Agencia de Integraci\u00f3n Social y Sanitaria de Catalu\u00f1a<\/a><br \/>\n<a class=\"consult-btn consult-btn-mult\" href=\"https:\/\/salut.conselharan.org\/ca\/model-acp\/\" target=\"_blank\" rel=\"noopener\">Proyecto de Aran<\/a><\/p>\n"}]}},"yoast_head":"<!-- This site is optimized with the Yoast SEO plugin v27.1.1 - https:\/\/yoast.com\/product\/yoast-seo-wordpress\/ -->\n<title>Integraci\u00f3n social y sanitaria - Fundaci\u00f3 TIC Salut i Social<\/title>\n<meta name=\"robots\" content=\"index, follow, max-snippet:-1, max-image-preview:large, max-video-preview:-1\" \/>\n<link rel=\"canonical\" href=\"https:\/\/ticsalutsocial.atoom.space\/es\/que-fem\/integracio-social-i-sanitaria\/\" \/>\n<meta property=\"og:locale\" content=\"es_ES\" \/>\n<meta property=\"og:type\" content=\"article\" \/>\n<meta property=\"og:title\" content=\"Integraci\u00f3n social y sanitaria - Fundaci\u00f3 TIC Salut i Social\" \/>\n<meta property=\"og:url\" content=\"https:\/\/ticsalutsocial.atoom.space\/es\/que-fem\/integracio-social-i-sanitaria\/\" \/>\n<meta property=\"og:site_name\" content=\"Fundaci\u00f3 TIC Salut i Social\" \/>\n<meta property=\"article:modified_time\" content=\"2024-02-27T13:48:21+00:00\" \/>\n<meta name=\"twitter:card\" content=\"summary_large_image\" \/>\n<script type=\"application\/ld+json\" class=\"yoast-schema-graph\">{\"@context\":\"https:\/\/schema.org\",\"@graph\":[{\"@type\":\"WebPage\",\"@id\":\"https:\/\/ticsalutsocial.atoom.space\/es\/que-fem\/integracio-social-i-sanitaria\/\",\"url\":\"https:\/\/ticsalutsocial.atoom.space\/es\/que-fem\/integracio-social-i-sanitaria\/\",\"name\":\"Integraci\u00f3n social y sanitaria - Fundaci\u00f3 TIC Salut i Social\",\"isPartOf\":{\"@id\":\"https:\/\/ticsalutsocial.atoom.space\/es\/#website\"},\"datePublished\":\"2024-01-22T14:30:59+00:00\",\"dateModified\":\"2024-02-27T13:48:21+00:00\",\"breadcrumb\":{\"@id\":\"https:\/\/ticsalutsocial.atoom.space\/es\/que-fem\/integracio-social-i-sanitaria\/#breadcrumb\"},\"inLanguage\":\"es\",\"potentialAction\":[{\"@type\":\"ReadAction\",\"target\":[\"https:\/\/ticsalutsocial.atoom.space\/es\/que-fem\/integracio-social-i-sanitaria\/\"]}]},{\"@type\":\"BreadcrumbList\",\"@id\":\"https:\/\/ticsalutsocial.atoom.space\/es\/que-fem\/integracio-social-i-sanitaria\/#breadcrumb\",\"itemListElement\":[{\"@type\":\"ListItem\",\"position\":1,\"name\":\"Inici\",\"item\":\"https:\/\/ticsalutsocial.atoom.space\/es\/\"},{\"@type\":\"ListItem\",\"position\":2,\"name\":\"Que Fem\",\"item\":\"https:\/\/ticsalutsocial.atoom.space\/es\/que-fem\/\"},{\"@type\":\"ListItem\",\"position\":3,\"name\":\"Integraci\u00f3n social y sanitaria\"}]},{\"@type\":\"WebSite\",\"@id\":\"https:\/\/ticsalutsocial.atoom.space\/es\/#website\",\"url\":\"https:\/\/ticsalutsocial.atoom.space\/es\/\",\"name\":\"Fundaci\u00f3 TIC Salut i Social\",\"description\":\"\",\"potentialAction\":[{\"@type\":\"SearchAction\",\"target\":{\"@type\":\"EntryPoint\",\"urlTemplate\":\"https:\/\/ticsalutsocial.atoom.space\/es\/?s={search_term_string}\"},\"query-input\":{\"@type\":\"PropertyValueSpecification\",\"valueRequired\":true,\"valueName\":\"search_term_string\"}}],\"inLanguage\":\"es\"}]}<\/script>\n<!-- \/ Yoast SEO plugin. -->","yoast_head_json":{"title":"Integraci\u00f3n social y sanitaria - Fundaci\u00f3 TIC Salut i Social","robots":{"index":"index","follow":"follow","max-snippet":"max-snippet:-1","max-image-preview":"max-image-preview:large","max-video-preview":"max-video-preview:-1"},"canonical":"https:\/\/ticsalutsocial.atoom.space\/es\/que-fem\/integracio-social-i-sanitaria\/","og_locale":"es_ES","og_type":"article","og_title":"Integraci\u00f3n social y sanitaria - Fundaci\u00f3 TIC Salut i Social","og_url":"https:\/\/ticsalutsocial.atoom.space\/es\/que-fem\/integracio-social-i-sanitaria\/","og_site_name":"Fundaci\u00f3 TIC Salut i Social","article_modified_time":"2024-02-27T13:48:21+00:00","twitter_card":"summary_large_image","schema":{"@context":"https:\/\/schema.org","@graph":[{"@type":"WebPage","@id":"https:\/\/ticsalutsocial.atoom.space\/es\/que-fem\/integracio-social-i-sanitaria\/","url":"https:\/\/ticsalutsocial.atoom.space\/es\/que-fem\/integracio-social-i-sanitaria\/","name":"Integraci\u00f3n social y sanitaria - Fundaci\u00f3 TIC Salut i Social","isPartOf":{"@id":"https:\/\/ticsalutsocial.atoom.space\/es\/#website"},"datePublished":"2024-01-22T14:30:59+00:00","dateModified":"2024-02-27T13:48:21+00:00","breadcrumb":{"@id":"https:\/\/ticsalutsocial.atoom.space\/es\/que-fem\/integracio-social-i-sanitaria\/#breadcrumb"},"inLanguage":"es","potentialAction":[{"@type":"ReadAction","target":["https:\/\/ticsalutsocial.atoom.space\/es\/que-fem\/integracio-social-i-sanitaria\/"]}]},{"@type":"BreadcrumbList","@id":"https:\/\/ticsalutsocial.atoom.space\/es\/que-fem\/integracio-social-i-sanitaria\/#breadcrumb","itemListElement":[{"@type":"ListItem","position":1,"name":"Inici","item":"https:\/\/ticsalutsocial.atoom.space\/es\/"},{"@type":"ListItem","position":2,"name":"Que Fem","item":"https:\/\/ticsalutsocial.atoom.space\/es\/que-fem\/"},{"@type":"ListItem","position":3,"name":"Integraci\u00f3n social y sanitaria"}]},{"@type":"WebSite","@id":"https:\/\/ticsalutsocial.atoom.space\/es\/#website","url":"https:\/\/ticsalutsocial.atoom.space\/es\/","name":"Fundaci\u00f3 TIC Salut i Social","description":"","potentialAction":[{"@type":"SearchAction","target":{"@type":"EntryPoint","urlTemplate":"https:\/\/ticsalutsocial.atoom.space\/es\/?s={search_term_string}"},"query-input":{"@type":"PropertyValueSpecification","valueRequired":true,"valueName":"search_term_string"}}],"inLanguage":"es"}]}},"_links":{"self":[{"href":"https:\/\/ticsalutsocial.atoom.space\/es\/wp-json\/wp\/v2\/pages\/25587","targetHints":{"allow":["GET"]}}],"collection":[{"href":"https:\/\/ticsalutsocial.atoom.space\/es\/wp-json\/wp\/v2\/pages"}],"about":[{"href":"https:\/\/ticsalutsocial.atoom.space\/es\/wp-json\/wp\/v2\/types\/page"}],"author":[{"embeddable":true,"href":"https:\/\/ticsalutsocial.atoom.space\/es\/wp-json\/wp\/v2\/users\/21"}],"replies":[{"embeddable":true,"href":"https:\/\/ticsalutsocial.atoom.space\/es\/wp-json\/wp\/v2\/comments?post=25587"}],"version-history":[{"count":2,"href":"https:\/\/ticsalutsocial.atoom.space\/es\/wp-json\/wp\/v2\/pages\/25587\/revisions"}],"predecessor-version":[{"id":25588,"href":"https:\/\/ticsalutsocial.atoom.space\/es\/wp-json\/wp\/v2\/pages\/25587\/revisions\/25588"}],"up":[{"embeddable":true,"href":"https:\/\/ticsalutsocial.atoom.space\/es\/wp-json\/wp\/v2\/pages\/24861"}],"wp:attachment":[{"href":"https:\/\/ticsalutsocial.atoom.space\/es\/wp-json\/wp\/v2\/media?parent=25587"}],"wp:term":[{"taxonomy":"tipus","embeddable":true,"href":"https:\/\/ticsalutsocial.atoom.space\/es\/wp-json\/wp\/v2\/tipus?post=25587"}],"curies":[{"name":"wp","href":"https:\/\/api.w.org\/{rel}","templated":true}]}}

Integración social y sanitaria

<h2>Integración social y sanitaria</h2>

<p>En el marco del Plan de Gobierno 2013-2016, mediante Acuerdo GOV/120/2013, para crear el Plan interdepartamental de interacción de los servicios sanitarios y sociales.<br />
Posteriormente se profundizó en el modelo diseñado y, mediante el Acuerdo GOV/28/2014, de 25 de febrero, se creó el Plan interdepartamental de atención e interacción social y sanitaria (PIAISS) como expresión de la voluntad del Gobierno ir un paso más allá en la interacción entre los servicios sanitarios y sociales y la apuesta por un modelo asistencial centrado en las personas.</p>
<p>En el Plan de Gobierno para la XII legislatura, aprobado el 25 septiembre de 2018, se pone de manifiesto la necesidad de desplegar una estrategia única de atención integrada social y sanitaria debido a las necesidades sanitarias y sociales de la población, especialmente para aquellas personas que son mayores o tienen necesidades complejas. Esta estrategia debe promover la autonomía personal y facilitar la permanencia en el entorno habitual y la inclusión social de estas personas. Para alcanzar este objetivo es necesario reforzar el valor de la atención integral e integrada a las personas y el valor de la eficiencia y la calidad del modelo de provisión, promoviendo el encaje de los servicios sanitarios y sociales, lo que determina la conveniencia de redefinir el PIAISS, que se sustituye por el nuevo Plan de Atención Integrada Social y Sanitaria (PAISS).</p>

HISS - Hubos de Innovación Social y Sanitaria en Cataluña

<p>El HISS cuenta con una red de colaboradores clave en el ecosistema de innovación social y sanitaria que nos permite acercar nuestros proyectos a aquellos stakeholders que más pueden beneficiarse y acelerar su desarrollo.</p>
<p>Asimismo, permite a las diferentes entidades conocer y acercarse a aquellos proyectos que se están desarrollando en Cataluña y que pueden dar solución a los retos con los que se encuentran en su día a día.</p>
<p>La Fundación forma parte del comité ejecutivo y del comité de dirección del HISS del Consorcio Sanitario de Terrassa:</p>
<p><a class="consult-btn" style="text-decoration: none;" href="https://www.hiss.cat/col-laboradors/" target="_blank" rel="noopener">Visita la web</a></p>
<p>&nbsp;</p>
<h3>Colaboratorios de salud y bienestar de Cataluña</h3>
<p>En el marco de los <em><strong>HISS</strong></em>, la Fundación participa en las jornadas de trabajo del <strong><em>Colaboratorio salud y bienestar de Cataluña</em></strong> junto con el resto de entidades, empresas y ciudadanía participantes.</p>
<p>Los <strong><em>colabos</em> </strong>son laboratorios de innovación social para promover, impulsar, diseñar y validar los usos y el impacto positivo de las tecnologías digitales dirigidas a la salud y al bienestar de las personas.</p>
<p>Identifican a agentes innovadores de todo el territorio catalán para ponerlos en contacto como grupo motor y para incubar ideas, impulsar sesiones de trabajo, debates, proyectos y otras iniciativas de colaboración y trabajo en red.</p>
<p>Para ampliar información referente a esta iniciativa se puede acceder al siguiente enlace:</p>
<p><a class="consult-btn" style="text-decoration: none;" href="https://colabscatalunya.cat/" target="_blank" rel="noopener">Visita el web</a></p>

Información y proyectos relacionados

<p><a class="consult-btn consult-btn-mult" href="https://salutweb.gencat.cat/ca/site/aiss/inici/" target="_blank" rel="noopener">Agencia de Integración Social y Sanitaria de Cataluña</a><br />
<a class="consult-btn consult-btn-mult" href="https://salut.conselharan.org/ca/model-acp/" target="_blank" rel="noopener">Proyecto de Aran</a></p>

<!-- This site is optimized with the Yoast SEO plugin v27.1.1 - https://yoast.com/product/yoast-seo-wordpress/ -->
<title>Integración social y sanitaria - Fundació TIC Salut i Social</title>
<meta name="robots" content="index, follow, max-snippet:-1, max-image-preview:large, max-video-preview:-1" />
<link rel="canonical" href="https://ticsalutsocial.atoom.space/es/que-fem/integracio-social-i-sanitaria/" />
<meta property="og:locale" content="es_ES" />
<meta property="og:type" content="article" />
<meta property="og:title" content="Integración social y sanitaria - Fundació TIC Salut i Social" />
<meta property="og:url" content="https://ticsalutsocial.atoom.space/es/que-fem/integracio-social-i-sanitaria/" />
<meta property="og:site_name" content="Fundació TIC Salut i Social" />
<meta property="article:modified_time" content="2024-02-27T13:48:21+00:00" />
<meta name="twitter:card" content="summary_large_image" />
<script type="application/ld+json" class="yoast-schema-graph">{"@context":"https://schema.org","@graph":[{"@type":"WebPage","@id":"https://ticsalutsocial.atoom.space/es/que-fem/integracio-social-i-sanitaria/","url":"https://ticsalutsocial.atoom.space/es/que-fem/integracio-social-i-sanitaria/","name":"Integración social y sanitaria - Fundació TIC Salut i Social","isPartOf":{"@id":"https://ticsalutsocial.atoom.space/es/#website"},"datePublished":"2024-01-22T14:30:59+00:00","dateModified":"2024-02-27T13:48:21+00:00","breadcrumb":{"@id":"https://ticsalutsocial.atoom.space/es/que-fem/integracio-social-i-sanitaria/#breadcrumb"},"inLanguage":"es","potentialAction":[{"@type":"ReadAction","target":["https://ticsalutsocial.atoom.space/es/que-fem/integracio-social-i-sanitaria/"]}]},{"@type":"BreadcrumbList","@id":"https://ticsalutsocial.atoom.space/es/que-fem/integracio-social-i-sanitaria/#breadcrumb","itemListElement":[{"@type":"ListItem","position":1,"name":"Inici","item":"https://ticsalutsocial.atoom.space/es/"},{"@type":"ListItem","position":2,"name":"Que Fem","item":"https://ticsalutsocial.atoom.space/es/que-fem/"},{"@type":"ListItem","position":3,"name":"Integración social y sanitaria"}]},{"@type":"WebSite","@id":"https://ticsalutsocial.atoom.space/es/#website","url":"https://ticsalutsocial.atoom.space/es/","name":"Fundació TIC Salut i Social","description":"","potentialAction":[{"@type":"SearchAction","target":{"@type":"EntryPoint","urlTemplate":"https://ticsalutsocial.atoom.space/es/?s={search_term_string}"},"query-input":{"@type":"PropertyValueSpecification","valueRequired":true,"valueName":"search_term_string"}}],"inLanguage":"es"}]}</script>
<!-- / Yoast SEO plugin. -->

Integración social y sanitaria - Fundació TIC Salut i Social

Fundació TIC Salut i Social
