
{"id":31460,"date":"2025-02-25T12:30:33","date_gmt":"2025-02-25T10:30:33","guid":{"rendered":"https:\/\/ticsalutsocial.atoom.space\/que-fem\/imatge-medica-digital\/introduccion\/"},"modified":"2025-06-06T12:21:53","modified_gmt":"2025-06-06T10:21:53","slug":"introduccion","status":"publish","type":"page","link":"https:\/\/ticsalutsocial.atoom.space\/es\/que-fem\/imatge-medica-digital\/introduccion\/","title":{"rendered":"Introducci\u00f3n"},"content":{"rendered":"\n<p>El Departamento de Salud se dot\u00f3 en el a\u00f1o 2018 del Sistema de Imagen M\u00e9dica Digital de Catalu\u00f1a (SIMDCAT) un entorno seguro y tecnol\u00f3gicamente avanzado donde almacenar y compartir servicios de imagen m\u00e9dica digital entre las entidades del sistema sanitario integral de utilizaci\u00f3n p\u00fablica de Catalu\u00f1a (SISCAT).\r\n<\/p>\n\n\n\n<p>SIMDCAT tambi\u00e9n permite disponer de servicios y recursos digitales basados en una misma arquitectura de software de manera segura y deslocalizada como cloud service para hacer accesibles las im\u00e1genes m\u00e9dicas digitales desde los diferentes historiales electr\u00f3nicos de salud de manera descentralizada.\r\n<\/p>\n\n\n\n<p>El avance r\u00e1pido de la tecnolog\u00eda y la consolidaci\u00f3n de disciplinas como la inteligencia artificial posicionan la imagen m\u00e9dica digital como una fuente de informaci\u00f3n de datos cl\u00ednicos relevante para desarrollar modelos de asistencia sanitaria basados en la predicci\u00f3n precoz y la prevenci\u00f3n, Por lo tanto permiten mejorar la actual cartera de servicios asistenciales en t\u00e9rminos de equidad, eficiencia y sostenibilidad sist\u00e9mica.\r\n<\/p>\n\n\n\n<h2 class=\"wp-block-heading\">Noticias destacadas<\/h2>\n\n\n\n<style>\n    .relnews--list .relnews--list-wrapper {\n        display: flex;\n        gap: 2em;\n    }\n    .relnews--list .relnews--news {\n        width: calc(33.33% - 1em);\n    }\n    .relnews--list .relnews--img img {\n        width: 100%;\n        height: 200px;\n        object-fit: cover;\n        border-radius: 3px;\n    }\n    .relnews--list .relnews--title {\n        font-family: 'HelveticaNowDisplay-Regular';\n        font-size: 20px;\n        line-height: 28px;\n        color: #231f20;\n    }\n    .relnews--list .relnews--news:hover .relnews--title {\n        font-weight: bold;\n    }\n    @media (max-width: 782px) {\n        .relnews--list .relnews--list-wrapper {\n            flex-direction: column;\n        }\n        .relnews--list .relnews--news {\n            width: 100%;\n        }\n    }\n<\/style>\n\n<div class=\"relnews--list\">\n    <div class=\"relnews--list-wrapper\">\n            <\/div>\n<\/div>\n","protected":false},"excerpt":{"rendered":"<p>El Departamento de Salud se dot\u00f3 en el a\u00f1o 2018 del Sistema de Imagen M\u00e9dica Digital de Catalu\u00f1a (SIMDCAT) un entorno seguro y tecnol\u00f3gicamente avanzado donde almacenar y compartir servicios de imagen m\u00e9dica digital entre las entidades del sistema sanitario integral de utilizaci\u00f3n p\u00fablica de Catalu\u00f1a (SISCAT). SIMDCAT tambi\u00e9n permite disponer de servicios y recursos [&hellip;]<\/p>\n","protected":false},"author":21,"featured_media":0,"parent":25581,"menu_order":0,"comment_status":"closed","ping_status":"closed","template":"page-templates\/section--imatge-medica.php","meta":{"_acf_changed":false,"inline_featured_image":false,"footnotes":""},"tipus":[],"class_list":["post-31460","page","type-page","status-publish","hentry"],"acf":[],"yoast_head":"<!-- This site is optimized with the Yoast SEO plugin v27.1.1 - https:\/\/yoast.com\/product\/yoast-seo-wordpress\/ -->\n<title>Introducci\u00f3n - Fundaci\u00f3 TIC Salut i Social<\/title>\n<meta name=\"robots\" content=\"index, follow, max-snippet:-1, max-image-preview:large, max-video-preview:-1\" \/>\n<link rel=\"canonical\" href=\"https:\/\/ticsalutsocial.atoom.space\/es\/que-fem\/imatge-medica-digital\/introduccion\/\" \/>\n<meta property=\"og:locale\" content=\"es_ES\" \/>\n<meta property=\"og:type\" content=\"article\" \/>\n<meta property=\"og:title\" content=\"Introducci\u00f3n - Fundaci\u00f3 TIC Salut i Social\" \/>\n<meta property=\"og:description\" content=\"El Departamento de Salud se dot\u00f3 en el a\u00f1o 2018 del Sistema de Imagen M\u00e9dica Digital de Catalu\u00f1a (SIMDCAT) un entorno seguro y tecnol\u00f3gicamente avanzado donde almacenar y compartir servicios de imagen m\u00e9dica digital entre las entidades del sistema sanitario integral de utilizaci\u00f3n p\u00fablica de Catalu\u00f1a (SISCAT). SIMDCAT tambi\u00e9n permite disponer de servicios y recursos [&hellip;]\" \/>\n<meta property=\"og:url\" content=\"https:\/\/ticsalutsocial.atoom.space\/es\/que-fem\/imatge-medica-digital\/introduccion\/\" \/>\n<meta property=\"og:site_name\" content=\"Fundaci\u00f3 TIC Salut i Social\" \/>\n<meta property=\"article:modified_time\" content=\"2025-06-06T10:21:53+00:00\" \/>\n<meta name=\"twitter:card\" content=\"summary_large_image\" \/>\n<meta name=\"twitter:label1\" content=\"Tiempo de lectura\" \/>\n\t<meta name=\"twitter:data1\" content=\"1 minuto\" \/>\n<script type=\"application\/ld+json\" class=\"yoast-schema-graph\">{\"@context\":\"https:\/\/schema.org\",\"@graph\":[{\"@type\":\"WebPage\",\"@id\":\"https:\/\/ticsalutsocial.atoom.space\/es\/que-fem\/imatge-medica-digital\/introduccion\/\",\"url\":\"https:\/\/ticsalutsocial.atoom.space\/es\/que-fem\/imatge-medica-digital\/introduccion\/\",\"name\":\"Introducci\u00f3n - Fundaci\u00f3 TIC Salut i Social\",\"isPartOf\":{\"@id\":\"https:\/\/ticsalutsocial.atoom.space\/es\/#website\"},\"datePublished\":\"2025-02-25T10:30:33+00:00\",\"dateModified\":\"2025-06-06T10:21:53+00:00\",\"breadcrumb\":{\"@id\":\"https:\/\/ticsalutsocial.atoom.space\/es\/que-fem\/imatge-medica-digital\/introduccion\/#breadcrumb\"},\"inLanguage\":\"es\",\"potentialAction\":[{\"@type\":\"ReadAction\",\"target\":[\"https:\/\/ticsalutsocial.atoom.space\/es\/que-fem\/imatge-medica-digital\/introduccion\/\"]}]},{\"@type\":\"BreadcrumbList\",\"@id\":\"https:\/\/ticsalutsocial.atoom.space\/es\/que-fem\/imatge-medica-digital\/introduccion\/#breadcrumb\",\"itemListElement\":[{\"@type\":\"ListItem\",\"position\":1,\"name\":\"Inici\",\"item\":\"https:\/\/ticsalutsocial.atoom.space\/es\/\"},{\"@type\":\"ListItem\",\"position\":2,\"name\":\"Que Fem\",\"item\":\"https:\/\/ticsalutsocial.atoom.space\/es\/que-fem\/\"},{\"@type\":\"ListItem\",\"position\":3,\"name\":\"Imagen m\u00e9dica digital\",\"item\":\"https:\/\/ticsalutsocial.atoom.space\/es\/que-fem\/imatge-medica-digital\/\"},{\"@type\":\"ListItem\",\"position\":4,\"name\":\"Introducci\u00f3n\"}]},{\"@type\":\"WebSite\",\"@id\":\"https:\/\/ticsalutsocial.atoom.space\/es\/#website\",\"url\":\"https:\/\/ticsalutsocial.atoom.space\/es\/\",\"name\":\"Fundaci\u00f3 TIC Salut i Social\",\"description\":\"\",\"potentialAction\":[{\"@type\":\"SearchAction\",\"target\":{\"@type\":\"EntryPoint\",\"urlTemplate\":\"https:\/\/ticsalutsocial.atoom.space\/es\/?s={search_term_string}\"},\"query-input\":{\"@type\":\"PropertyValueSpecification\",\"valueRequired\":true,\"valueName\":\"search_term_string\"}}],\"inLanguage\":\"es\"}]}<\/script>\n<!-- \/ Yoast SEO plugin. -->","yoast_head_json":{"title":"Introducci\u00f3n - Fundaci\u00f3 TIC Salut i Social","robots":{"index":"index","follow":"follow","max-snippet":"max-snippet:-1","max-image-preview":"max-image-preview:large","max-video-preview":"max-video-preview:-1"},"canonical":"https:\/\/ticsalutsocial.atoom.space\/es\/que-fem\/imatge-medica-digital\/introduccion\/","og_locale":"es_ES","og_type":"article","og_title":"Introducci\u00f3n - Fundaci\u00f3 TIC Salut i Social","og_description":"El Departamento de Salud se dot\u00f3 en el a\u00f1o 2018 del Sistema de Imagen M\u00e9dica Digital de Catalu\u00f1a (SIMDCAT) un entorno seguro y tecnol\u00f3gicamente avanzado donde almacenar y compartir servicios de imagen m\u00e9dica digital entre las entidades del sistema sanitario integral de utilizaci\u00f3n p\u00fablica de Catalu\u00f1a (SISCAT). SIMDCAT tambi\u00e9n permite disponer de servicios y recursos [&hellip;]","og_url":"https:\/\/ticsalutsocial.atoom.space\/es\/que-fem\/imatge-medica-digital\/introduccion\/","og_site_name":"Fundaci\u00f3 TIC Salut i Social","article_modified_time":"2025-06-06T10:21:53+00:00","twitter_card":"summary_large_image","twitter_misc":{"Tiempo de lectura":"1 minuto"},"schema":{"@context":"https:\/\/schema.org","@graph":[{"@type":"WebPage","@id":"https:\/\/ticsalutsocial.atoom.space\/es\/que-fem\/imatge-medica-digital\/introduccion\/","url":"https:\/\/ticsalutsocial.atoom.space\/es\/que-fem\/imatge-medica-digital\/introduccion\/","name":"Introducci\u00f3n - Fundaci\u00f3 TIC Salut i Social","isPartOf":{"@id":"https:\/\/ticsalutsocial.atoom.space\/es\/#website"},"datePublished":"2025-02-25T10:30:33+00:00","dateModified":"2025-06-06T10:21:53+00:00","breadcrumb":{"@id":"https:\/\/ticsalutsocial.atoom.space\/es\/que-fem\/imatge-medica-digital\/introduccion\/#breadcrumb"},"inLanguage":"es","potentialAction":[{"@type":"ReadAction","target":["https:\/\/ticsalutsocial.atoom.space\/es\/que-fem\/imatge-medica-digital\/introduccion\/"]}]},{"@type":"BreadcrumbList","@id":"https:\/\/ticsalutsocial.atoom.space\/es\/que-fem\/imatge-medica-digital\/introduccion\/#breadcrumb","itemListElement":[{"@type":"ListItem","position":1,"name":"Inici","item":"https:\/\/ticsalutsocial.atoom.space\/es\/"},{"@type":"ListItem","position":2,"name":"Que Fem","item":"https:\/\/ticsalutsocial.atoom.space\/es\/que-fem\/"},{"@type":"ListItem","position":3,"name":"Imagen m\u00e9dica digital","item":"https:\/\/ticsalutsocial.atoom.space\/es\/que-fem\/imatge-medica-digital\/"},{"@type":"ListItem","position":4,"name":"Introducci\u00f3n"}]},{"@type":"WebSite","@id":"https:\/\/ticsalutsocial.atoom.space\/es\/#website","url":"https:\/\/ticsalutsocial.atoom.space\/es\/","name":"Fundaci\u00f3 TIC Salut i Social","description":"","potentialAction":[{"@type":"SearchAction","target":{"@type":"EntryPoint","urlTemplate":"https:\/\/ticsalutsocial.atoom.space\/es\/?s={search_term_string}"},"query-input":{"@type":"PropertyValueSpecification","valueRequired":true,"valueName":"search_term_string"}}],"inLanguage":"es"}]}},"_links":{"self":[{"href":"https:\/\/ticsalutsocial.atoom.space\/es\/wp-json\/wp\/v2\/pages\/31460","targetHints":{"allow":["GET"]}}],"collection":[{"href":"https:\/\/ticsalutsocial.atoom.space\/es\/wp-json\/wp\/v2\/pages"}],"about":[{"href":"https:\/\/ticsalutsocial.atoom.space\/es\/wp-json\/wp\/v2\/types\/page"}],"author":[{"embeddable":true,"href":"https:\/\/ticsalutsocial.atoom.space\/es\/wp-json\/wp\/v2\/users\/21"}],"replies":[{"embeddable":true,"href":"https:\/\/ticsalutsocial.atoom.space\/es\/wp-json\/wp\/v2\/comments?post=31460"}],"version-history":[{"count":2,"href":"https:\/\/ticsalutsocial.atoom.space\/es\/wp-json\/wp\/v2\/pages\/31460\/revisions"}],"predecessor-version":[{"id":32535,"href":"https:\/\/ticsalutsocial.atoom.space\/es\/wp-json\/wp\/v2\/pages\/31460\/revisions\/32535"}],"up":[{"embeddable":true,"href":"https:\/\/ticsalutsocial.atoom.space\/es\/wp-json\/wp\/v2\/pages\/25581"}],"wp:attachment":[{"href":"https:\/\/ticsalutsocial.atoom.space\/es\/wp-json\/wp\/v2\/media?parent=31460"}],"wp:term":[{"taxonomy":"tipus","embeddable":true,"href":"https:\/\/ticsalutsocial.atoom.space\/es\/wp-json\/wp\/v2\/tipus?post=31460"}],"curies":[{"name":"wp","href":"https:\/\/api.w.org\/{rel}","templated":true}]}}

Introducción

<p>El Departamento de Salud se dotó en el año 2018 del Sistema de Imagen Médica Digital de Cataluña (SIMDCAT) un entorno seguro y tecnológicamente avanzado donde almacenar y compartir servicios de imagen médica digital entre las entidades del sistema sanitario integral de utilización pública de Cataluña (SISCAT).
</p>



<p>SIMDCAT también permite disponer de servicios y recursos digitales basados en una misma arquitectura de software de manera segura y deslocalizada como cloud service para hacer accesibles las imágenes médicas digitales desde los diferentes historiales electrónicos de salud de manera descentralizada.
</p>



<p>El avance rápido de la tecnología y la consolidación de disciplinas como la inteligencia artificial posicionan la imagen médica digital como una fuente de información de datos clínicos relevante para desarrollar modelos de asistencia sanitaria basados en la predicción precoz y la prevención, Por lo tanto permiten mejorar la actual cartera de servicios asistenciales en términos de equidad, eficiencia y sostenibilidad sistémica.
</p>



<h2 class="wp-block-heading">Noticias destacadas</h2>



<style>
    .relnews--list .relnews--list-wrapper {
        display: flex;
        gap: 2em;
    }
    .relnews--list .relnews--news {
        width: calc(33.33% - 1em);
    }
    .relnews--list .relnews--img img {
        width: 100%;
        height: 200px;
        object-fit: cover;
        border-radius: 3px;
    }
    .relnews--list .relnews--title {
        font-family: 'HelveticaNowDisplay-Regular';
        font-size: 20px;
        line-height: 28px;
        color: #231f20;
    }
    .relnews--list .relnews--news:hover .relnews--title {
        font-weight: bold;
    }
    @media (max-width: 782px) {
        .relnews--list .relnews--list-wrapper {
            flex-direction: column;
        }
        .relnews--list .relnews--news {
            width: 100%;
        }
    }
</style>

<div class="relnews--list">
    <div class="relnews--list-wrapper">
            </div>
</div>

<p>El Departamento de Salud se dotó en el año 2018 del Sistema de Imagen Médica Digital de Cataluña (SIMDCAT) un entorno seguro y tecnológicamente avanzado donde almacenar y compartir servicios de imagen médica digital entre las entidades del sistema sanitario integral de utilización pública de Cataluña (SISCAT). SIMDCAT también permite disponer de servicios y recursos [&hellip;]</p>

<!-- This site is optimized with the Yoast SEO plugin v27.1.1 - https://yoast.com/product/yoast-seo-wordpress/ -->
<title>Introducción - Fundació TIC Salut i Social</title>
<meta name="robots" content="index, follow, max-snippet:-1, max-image-preview:large, max-video-preview:-1" />
<link rel="canonical" href="https://ticsalutsocial.atoom.space/es/que-fem/imatge-medica-digital/introduccion/" />
<meta property="og:locale" content="es_ES" />
<meta property="og:type" content="article" />
<meta property="og:title" content="Introducción - Fundació TIC Salut i Social" />
<meta property="og:description" content="El Departamento de Salud se dotó en el año 2018 del Sistema de Imagen Médica Digital de Cataluña (SIMDCAT) un entorno seguro y tecnológicamente avanzado donde almacenar y compartir servicios de imagen médica digital entre las entidades del sistema sanitario integral de utilización pública de Cataluña (SISCAT). SIMDCAT también permite disponer de servicios y recursos [&hellip;]" />
<meta property="og:url" content="https://ticsalutsocial.atoom.space/es/que-fem/imatge-medica-digital/introduccion/" />
<meta property="og:site_name" content="Fundació TIC Salut i Social" />
<meta property="article:modified_time" content="2025-06-06T10:21:53+00:00" />
<meta name="twitter:card" content="summary_large_image" />
<meta name="twitter:label1" content="Tiempo de lectura" />
	<meta name="twitter:data1" content="1 minuto" />
<script type="application/ld+json" class="yoast-schema-graph">{"@context":"https://schema.org","@graph":[{"@type":"WebPage","@id":"https://ticsalutsocial.atoom.space/es/que-fem/imatge-medica-digital/introduccion/","url":"https://ticsalutsocial.atoom.space/es/que-fem/imatge-medica-digital/introduccion/","name":"Introducción - Fundació TIC Salut i Social","isPartOf":{"@id":"https://ticsalutsocial.atoom.space/es/#website"},"datePublished":"2025-02-25T10:30:33+00:00","dateModified":"2025-06-06T10:21:53+00:00","breadcrumb":{"@id":"https://ticsalutsocial.atoom.space/es/que-fem/imatge-medica-digital/introduccion/#breadcrumb"},"inLanguage":"es","potentialAction":[{"@type":"ReadAction","target":["https://ticsalutsocial.atoom.space/es/que-fem/imatge-medica-digital/introduccion/"]}]},{"@type":"BreadcrumbList","@id":"https://ticsalutsocial.atoom.space/es/que-fem/imatge-medica-digital/introduccion/#breadcrumb","itemListElement":[{"@type":"ListItem","position":1,"name":"Inici","item":"https://ticsalutsocial.atoom.space/es/"},{"@type":"ListItem","position":2,"name":"Que Fem","item":"https://ticsalutsocial.atoom.space/es/que-fem/"},{"@type":"ListItem","position":3,"name":"Imagen médica digital","item":"https://ticsalutsocial.atoom.space/es/que-fem/imatge-medica-digital/"},{"@type":"ListItem","position":4,"name":"Introducción"}]},{"@type":"WebSite","@id":"https://ticsalutsocial.atoom.space/es/#website","url":"https://ticsalutsocial.atoom.space/es/","name":"Fundació TIC Salut i Social","description":"","potentialAction":[{"@type":"SearchAction","target":{"@type":"EntryPoint","urlTemplate":"https://ticsalutsocial.atoom.space/es/?s={search_term_string}"},"query-input":{"@type":"PropertyValueSpecification","valueRequired":true,"valueName":"search_term_string"}}],"inLanguage":"es"}]}</script>
<!-- / Yoast SEO plugin. -->

Introducción - Fundació TIC Salut i Social

El Departamento de Salud se dotó en el año 2018 del Sistema de Imagen Médica Digital de Cataluña (SIMDCAT) un entorno seguro y tecnológicamente avanzado donde almacenar y compartir servicios de imagen médica digital entre las entidades del sistema sanitario integral de utilización pública de Cataluña (SISCAT). SIMDCAT también permite disponer de servicios y recursos [&hellip;]

Fundació TIC Salut i Social

Imagen médica digital
